NOAA-Style Climate Reports


Report for 2018 April
                   Monthly Climatological Summary for Apr 2018

Name: Willand   City: Willand   State: Devon, UK     (9am GMT end of day)
Elevation: 79 m  Lat: N 50 53 02   Lon: W 003 22 23

                  Temperature (°C), Rain (mm), Wind Speed (km/h)

                                      Heat  Cool        Avg
    Mean                              Deg   Deg         Wind                 Dom
Day Temp  High   Time   Low    Time   Days  Days  Rain  Speed High   Time    Dir
----------------------------------------------------------------------------------
01   7.1   9.6   12:36   3.8   20:12   8.4   0.0  16.8   8.8  32.1   18:07    SE
02  10.4  12.9   16:43   8.8   10:00   5.1   0.0   2.2   6.6  37.2   12:22     S
03  10.1  14.4   12:24   6.9   22:48   5.4   0.0   2.6  12.4  50.7   04:46   SSE
04   6.9  12.7   15:28   1.1   07:14   8.6   0.0   2.0   8.9  40.6   15:36   WNW
05   8.2  11.4   14:26   5.8   20:53   7.3   0.0   0.0  10.6  47.3   06:11    SE
06   9.9  12.8   14:18   7.2   02:02   5.6   0.0  16.0   4.8  43.9   12:12    SE
07   7.6  11.9   15:26   2.3   05:22   7.9   0.0   0.0   1.5  25.3   16:17   WNW
08   9.3  12.8   16:49   6.3   00:59   6.2   0.0   0.0   0.7  18.6   10:50   NNE
09   9.6  10.6   09:52   8.8   19:50   5.9   0.0  17.4   5.5  33.8   04:04     E
10  10.0  12.3   15:09   8.7   08:02   5.5   0.0   8.4   8.4  32.1   18:14   NNE
11   8.9  12.1   15:18   6.9   05:12   6.6   0.0   0.0   9.0  30.4   16:53   NNE
12   9.0  12.5   14:01   7.4   02:06   6.5   0.0   0.0   2.7  25.3   15:48   NNE
13   9.6  12.5   18:01   6.1   02:54   5.9   0.0   0.0   0.1  15.2   13:47     S
14  10.6  16.2   15:37   7.9   21:55   5.0   0.0   2.8   4.2  35.5   08:42    SE
15   9.3  12.3   17:54   5.0   05:28   6.2   0.0   2.2   7.5  42.2   11:36     S
16  11.4  14.6   14:35  10.1   20:24   4.1   0.0   0.0  14.3  54.1   04:26     S
17  12.6  17.1   09:55  11.5   07:02   2.9   0.0   0.2  10.2  43.9   14:30     S
18  14.4  21.4   15:51   6.3   06:18   3.0   1.8   0.0   8.1  47.3   14:43    SE
19  15.7  25.7   14:46   8.7   06:44   2.6   2.7   0.0   2.6  20.3   15:03    NW
20  15.3  23.8   14:59   8.4   05:51   2.5   2.2   0.0   3.0  23.7   17:49   NNE
----------------------------------------------------------------------------------
    10.3  25.7    19     1.1     4   111.2   6.7  70.6   6.5  54.1    16      SE

Max >=  30.0  0
Max <=   0.0  0
Min <=   0.0  0
Min <= -18.0  0
Max Rain: 17.4 on day 9
Days of Rain: 10 (>= 0.2 mm)  9 (>= 1.0 mm)  0 (>= 25.0 mm)
Heat Base: 15.5  Cool Base: 15.5  Method: Integration