NOAA-Style Climate Reports


Report for 2018 June
                   Monthly Climatological Summary for Jun 2018

Name: Willand   City: Willand   State: Devon, UK     (9am GMT end of day)
Elevation: 79 m  Lat: N 50 53 02   Lon: W 003 22 23

                  Temperature (°C), Rain (mm), Wind Speed (km/h)

                                      Heat  Cool        Avg
    Mean                              Deg   Deg         Wind                 Dom
Day Temp  High   Time   Low    Time   Days  Days  Rain  Speed High   Time    Dir
----------------------------------------------------------------------------------
01  16.8  21.8   12:23  14.2   05:55   0.3   1.6   5.8   0.7  18.6   19:13     W
02  16.8  22.3   13:22   9.8   04:34   1.6   3.0   0.0   1.7  27.0   13:46   SSE
03  19.4  27.1   16:57  12.2   04:07   0.8   4.7   0.0   1.6  22.0   15:20    NE
04  18.3  24.4   11:57  12.9   07:13   0.6   3.5   0.0   8.2  32.1   19:43    NE
05  14.2  16.9   09:56  10.6   04:40   1.4   0.1   0.0   4.2  33.8   09:57    NE
06  17.8  24.0   16:59  13.6   01:13   0.4   2.8   0.0   4.3  28.7   10:37    NE
07  16.2  18.8   12:23  14.9   23:17   0.1   0.8   0.0   1.1  18.6   10:21    NE
08  15.9  18.3   15:36  12.8   05:17   0.5   0.9   0.6   0.4  15.2   11:52    NE
09  17.5  23.1   18:27  11.2   05:06   0.9   2.9   0.0   1.5  23.7   16:19    NE
10  19.5  25.0   18:57  14.1   05:51   0.1   4.1   0.0   1.0  18.6   10:07    NE
11  20.0  26.8   17:15  13.9   04:51   0.3   4.7   0.0   5.3  27.0   10:38   NNE
12  17.1  22.7   13:02  10.3   04:02   1.2   2.9   0.0   3.5  28.7   12:25   NNE
13  16.6  20.3   10:41  14.4   01:59   0.3   1.4   1.4   5.6  38.9   09:16   SSW
14  14.5  19.7   16:11   8.9   04:48   2.1   1.2   0.0   7.6  47.3   11:02   WNW
15  14.9  19.7   15:39  11.2   04:47   1.6   0.9   0.0   2.9  25.3   15:02     W
16  14.5  19.0   13:52  12.1   05:05   1.2   0.3   1.0   6.9  43.9   14:44   WSW
17  15.6  19.7   16:57  13.2   05:42   0.7   0.8   0.4   7.8  28.7   14:25   WSW
18  17.9  22.1   16:44  15.7   04:28   0.0   2.4   0.0   8.5  32.1   17:59   WSW
19  18.6  23.7   15:27  13.4   03:17   0.3   3.4   0.0   3.0  27.0   09:54   WSW
20  15.0  21.8   13:42   8.8   05:37   2.2   1.7   0.0   6.6  32.1   08:23   WNW
21  14.1  20.7   16:37   5.8   04:23   2.9   1.5   0.0   5.0  32.1   14:45   NNW
----------------------------------------------------------------------------------
    16.7  27.1     3     5.8    21    19.5  45.6   9.2   4.2  47.3    14     WNW

Max >=  30.0  0
Max <=   0.0  0
Min <=   0.0  0
Min <= -18.0  0
Max Rain: 5.8 on day 1
Days of Rain: 5 (>= 0.2 mm)  3 (>= 1.0 mm)  0 (>= 25.0 mm)
Heat Base: 15.5  Cool Base: 15.5  Method: Integration