NOAA-Style Climate Reports


Report for 2018 October
                   Monthly Climatological Summary for Oct 2018

Name: Willand   City: Willand   State: Devon, UK     (9am GMT end of day)
Elevation: 79 m  Lat: N 50 53 02   Lon: W 003 22 23

                  Temperature (°C), Rain (mm), Wind Speed (km/h)

                                      Heat  Cool        Avg
    Mean                              Deg   Deg         Wind                 Dom
Day Temp  High   Time   Low    Time   Days  Days  Rain  Speed High   Time    Dir
----------------------------------------------------------------------------------
01  11.9  16.3   09:56   6.5   21:55   3.6   0.0   0.0   9.2  43.9   08:45     W
02  15.2  18.0   11:52  12.7   07:32   0.8   0.5   0.0  12.3  47.3   10:14   WNW
03  14.1  20.4   14:49   9.9   07:18   2.6   1.1   0.0   4.8  27.0   12:48     W
04  13.9  16.7   14:43  11.5   10:00   1.7   0.0   0.0   3.9  25.3   13:25    SE
05  14.7  21.1   14:12   9.1   09:57   1.9   1.1   9.6   3.4  33.8   08:10   NNE
06   7.1   9.8   20:51   2.2   06:15   8.4   0.0   0.2   8.6  40.6   13:53     N
07  10.8  14.6   14:37   7.5   10:00   4.7   0.0   0.0   4.0  20.3   14:58    SW
08  12.0  15.6   13:21   7.3   08:00   3.5   0.0   0.0   4.3  23.7   12:27   SSW
09  12.5  19.7   14:18   8.3   04:11   3.7   0.7   0.0   4.6  28.7   11:08   SSE
10  17.1  22.2   14:39  13.4   10:00   0.2   1.8   9.6  10.6  40.6   21:31    SE
11  14.3  16.8   15:16  12.3   23:45   1.3   0.1  14.8  12.2  57.5   07:19   SSE
12  16.9  17.7   23:49  14.9   10:25   0.0   1.4  12.6  17.5  64.2   14:26     S
13  15.1  20.7   12:27  10.3   09:50   1.6   1.3  15.0  10.3  55.8   14:25     S
14  10.1  11.9   14:14   9.2   02:59   5.4   0.0   3.2  11.4  33.8   13:46     N
15  11.6  13.9   09:53   9.9   10:00   3.9   0.0   1.6   6.8  40.6   12:37   NNE
16  12.6  16.1   13:12   9.8   20:50   2.9   0.0   0.6   3.6  23.7   13:25   SSW
17  12.4  14.4   11:21   8.8   07:29   3.1   0.0   0.0   6.1  27.0   23:55   NNE
18   9.7  15.7   14:38   5.0   07:15   5.8   0.0   0.0   5.0  23.7   14:42   NNE
19   9.7  17.4   13:47   5.1   07:49   5.9   0.1   0.0   1.8  13.5   14:06     N
20  10.4  18.3   14:51   4.8   07:40   5.4   0.3   0.0   1.7  11.8   14:02   WSW
21  12.2  17.9   14:28   6.3   07:40   3.6   0.2   0.0   6.3  32.1   23:29    NW
22   7.7  13.6   14:31   3.4   03:00   7.8   0.0   0.0   5.3  32.1   11:22     N
----------------------------------------------------------------------------------
    12.4  22.2    10     2.2     6    77.8   8.6  67.2   7.0  64.2    12     WSW

Max >=  30.0  0
Max <=   0.0  0
Min <=   0.0  0
Min <= -18.0  0
Max Rain: 15.0 on day 13
Days of Rain: 9 (>= 0.2 mm)  7 (>= 1.0 mm)  0 (>= 25.0 mm)
Heat Base: 15.5  Cool Base: 15.5  Method: Integration