NOAA-Style Climate Reports
Select a Year or Month report
2024: Jan Feb Mar Apr May Jun Jul Aug Sep Oct Nov Dec
2023: Jan Feb Mar Apr May Jun Jul Aug Sep Oct Nov Dec
2022: Jan Feb Mar Apr May Jun Jul Aug Sep Oct Nov Dec
2021: Jan Feb Mar Apr May Jun Jul Aug Sep Oct Nov Dec
2020: Jan Feb Mar Apr May Jun Jul Aug Sep Oct Nov Dec
2019: Jan Feb Mar Apr May Jun Jul Aug Sep Oct Nov Dec
2018: Jan Feb Mar Apr May Jun Jul Aug Sep Oct Nov Dec
2017: Jan Feb Mar Apr May Jun Jul Aug Sep Oct Nov Dec
2016: Jan Feb Mar Apr May Jun Jul Aug Sep Oct Nov Dec
2015: Jan Feb Mar Apr May Jun Jul Aug Sep Oct Nov Dec
2014: Jan Feb Mar Apr May Jun Jul Aug Sep Oct Nov Dec
2013: Jan Feb Mar Apr May Jun Jul Aug Sep Oct Nov Dec
2012: Jan Feb Mar Apr May Jun Jul Aug Sep Oct Nov Dec
2011: Jan Feb Mar Apr May Jun Jul Aug Sep Oct Nov Dec
2010: Jan Feb Mar Apr May Jun Jul Aug Sep Oct Nov Dec
2009: Jan Feb Mar Apr May Jun Jul Aug Sep Oct Nov Dec
2008: Jan Feb Mar Apr May Jun Jul Aug Sep Oct Nov Dec
2007: Jan Feb Mar Apr May Jun Jul Aug Sep Oct Nov Dec
2006: Jan Feb Mar Apr May Jun Jul Aug Sep Oct Nov Dec
2005: Jan Feb Mar Apr May Jun Jul Aug Sep Oct Nov Dec
2004: Jan Feb Mar Apr May Jun Jul Aug Sep Oct Nov Dec
2024: Jan Feb Mar Apr May Jun Jul Aug Sep Oct Nov Dec
2023: Jan Feb Mar Apr May Jun Jul Aug Sep Oct Nov Dec
2022: Jan Feb Mar Apr May Jun Jul Aug Sep Oct Nov Dec
2021: Jan Feb Mar Apr May Jun Jul Aug Sep Oct Nov Dec
2020: Jan Feb Mar Apr May Jun Jul Aug Sep Oct Nov Dec
2019: Jan Feb Mar Apr May Jun Jul Aug Sep Oct Nov Dec
2018: Jan Feb Mar Apr May Jun Jul Aug Sep Oct Nov Dec
2017: Jan Feb Mar Apr May Jun Jul Aug Sep Oct Nov Dec
2016: Jan Feb Mar Apr May Jun Jul Aug Sep Oct Nov Dec
2015: Jan Feb Mar Apr May Jun Jul Aug Sep Oct Nov Dec
2014: Jan Feb Mar Apr May Jun Jul Aug Sep Oct Nov Dec
2013: Jan Feb Mar Apr May Jun Jul Aug Sep Oct Nov Dec
2012: Jan Feb Mar Apr May Jun Jul Aug Sep Oct Nov Dec
2011: Jan Feb Mar Apr May Jun Jul Aug Sep Oct Nov Dec
2010: Jan Feb Mar Apr May Jun Jul Aug Sep Oct Nov Dec
2009: Jan Feb Mar Apr May Jun Jul Aug Sep Oct Nov Dec
2008: Jan Feb Mar Apr May Jun Jul Aug Sep Oct Nov Dec
2007: Jan Feb Mar Apr May Jun Jul Aug Sep Oct Nov Dec
2006: Jan Feb Mar Apr May Jun Jul Aug Sep Oct Nov Dec
2005: Jan Feb Mar Apr May Jun Jul Aug Sep Oct Nov Dec
2004: Jan Feb Mar Apr May Jun Jul Aug Sep Oct Nov Dec
Report for 2006 February
Monthly Climatological Summary for Feb 2006 Name: Willand City: Willand State: Devon, UK (9am GMT end of day) Elevation: 79 m Lat: N 50° 53' 03" Lon: W 003° 22' 25" Temperature (°C), Rain (mm), Wind Speed (km/h) Heat Cool Avg Mean Deg Deg Wind Dom Day Temp High Time Low Time Days Days Rain Speed High Time Dir ---------------------------------------------------------------------------------- 1 1.4 2.3 13:50 1.0 09:10 14.1 0.0 0.0 1.3 14.3 09:20 NW 2 -0.7 1.6 11:50 -2.9 08:40 16.2 0.0 0.0 5.3 20.4 06:50 NNE 3 -0.8 1.4 08:30 -2.9 09:00 16.3 0.0 0.0 6.7 22.4 10:30 NE 4 1.9 4.0 14:20 -2.0 08:00 13.6 0.0 0.0 1.2 14.8 10:00 NNE 5 3.7 9.6 14:10 -1.5 09:00 11.8 0.0 0.0 0.2 9.4 15:00 W 6 6.6 7.8 07:50 3.7 09:00 8.9 0.0 0.0 3.1 16.6 15:40 W 7 7.4 9.0 12:20 4.2 04:50 8.1 0.0 3.6 12.8 38.9 21:50 W 8 4.1 9.0 13:00 0.1 07:10 11.4 0.0 0.0 5.4 27.7 13:20 WNW 9 0.0 7.4 12:50 -5.2 07:50 15.5 0.0 0.0 1.3 16.6 12:00 N 10 0.4 6.8 14:20 -3.7 09:00 15.1 0.0 0.0 0.8 13.0 11:50 ENE 11 4.8 8.8 13:40 -0.7 09:00 10.7 0.0 4.5 3.6 16.6 12:00 SSW 12 9.0 11.8 15:10 7.1 06:00 6.5 0.0 0.0 6.7 16.6 10:10 W 13 9.2 10.3 10:40 8.2 21:00 6.3 0.0 0.3 6.5 16.6 10:00 S 14 8.9 10.2 03:50 7.7 21:30 6.6 0.0 12.0 15.5 50.0 01:30 WSW 15 7.0 11.2 12:10 3.6 07:40 8.5 0.0 4.5 9.8 38.9 13:10 WSW 16 6.1 9.7 15:00 2.8 07:20 9.4 0.0 3.0 12.0 50.0 11:00 WSW 17 3.6 10.7 12:10 -0.8 01:50 11.9 0.0 0.3 3.5 27.7 14:00 W 18 4.4 5.9 13:50 1.4 09:00 11.1 0.0 2.1 4.5 16.6 14:00 NNE 19 4.5 5.4 14:50 3.7 22:50 11.0 0.0 21.0 10.5 16.6 09:00 N 20 4.7 7.3 14:30 3.0 04:10 10.8 0.0 0.0 9.2 38.9 11:30 N 21 3.6 6.5 13:00 2.1 08:30 11.9 0.0 1.2 9.6 16.6 09:10 NNE 22 2.4 3.9 10:50 1.0 06:50 13.1 0.0 0.3 12.0 31.3 20:20 NE 23 1.8 3.3 12:10 0.2 04:00 13.7 0.0 3.3 6.3 33.5 23:40 NNE 24 2.1 4.2 12:40 0.7 01:20 13.4 0.0 0.3 13.2 44.3 11:50 NE 25 4.1 7.6 14:20 2.0 09:00 11.4 0.0 0.0 14.3 57.2 16:10 NNE 26 3.0 5.6 14:30 0.2 04:50 12.5 0.0 0.0 6.7 46.4 10:00 NE 27 3.8 6.3 11:30 1.0 22:40 11.7 0.0 0.9 8.0 16.6 10:30 NW 28 1.0 6.4 12:20 -3.8 07:10 14.5 0.0 0.0 7.0 38.9 16:00 NW ---------------------------------------------------------------------------------- 3.9 11.8 12 -5.2 9 326.0 0.0 57.3 6.9 57.2 25 NNW Max >= 30.0: 0 Max <= 0.0: 0 Min <= 0.0: 9 Min <= -18.0: 0 Max Rain: 21.0 on day 19 Days of Rain: 14 (>= 0.2 mm) 9 (>= 1.0 mm) 0 (>= 25.0 mm) Heat Base: 15.5 Cool Base: 15.5 Method: Integration