NOAA-Style Climate Reports
Select a Year or Month report
2024: Jan Feb Mar Apr May Jun Jul Aug Sep Oct Nov Dec
2023: Jan Feb Mar Apr May Jun Jul Aug Sep Oct Nov Dec
2022: Jan Feb Mar Apr May Jun Jul Aug Sep Oct Nov Dec
2021: Jan Feb Mar Apr May Jun Jul Aug Sep Oct Nov Dec
2020: Jan Feb Mar Apr May Jun Jul Aug Sep Oct Nov Dec
2019: Jan Feb Mar Apr May Jun Jul Aug Sep Oct Nov Dec
2018: Jan Feb Mar Apr May Jun Jul Aug Sep Oct Nov Dec
2017: Jan Feb Mar Apr May Jun Jul Aug Sep Oct Nov Dec
2016: Jan Feb Mar Apr May Jun Jul Aug Sep Oct Nov Dec
2015: Jan Feb Mar Apr May Jun Jul Aug Sep Oct Nov Dec
2014: Jan Feb Mar Apr May Jun Jul Aug Sep Oct Nov Dec
2013: Jan Feb Mar Apr May Jun Jul Aug Sep Oct Nov Dec
2012: Jan Feb Mar Apr May Jun Jul Aug Sep Oct Nov Dec
2011: Jan Feb Mar Apr May Jun Jul Aug Sep Oct Nov Dec
2010: Jan Feb Mar Apr May Jun Jul Aug Sep Oct Nov Dec
2009: Jan Feb Mar Apr May Jun Jul Aug Sep Oct Nov Dec
2008: Jan Feb Mar Apr May Jun Jul Aug Sep Oct Nov Dec
2007: Jan Feb Mar Apr May Jun Jul Aug Sep Oct Nov Dec
2006: Jan Feb Mar Apr May Jun Jul Aug Sep Oct Nov Dec
2005: Jan Feb Mar Apr May Jun Jul Aug Sep Oct Nov Dec
2004: Jan Feb Mar Apr May Jun Jul Aug Sep Oct Nov Dec
2024: Jan Feb Mar Apr May Jun Jul Aug Sep Oct Nov Dec
2023: Jan Feb Mar Apr May Jun Jul Aug Sep Oct Nov Dec
2022: Jan Feb Mar Apr May Jun Jul Aug Sep Oct Nov Dec
2021: Jan Feb Mar Apr May Jun Jul Aug Sep Oct Nov Dec
2020: Jan Feb Mar Apr May Jun Jul Aug Sep Oct Nov Dec
2019: Jan Feb Mar Apr May Jun Jul Aug Sep Oct Nov Dec
2018: Jan Feb Mar Apr May Jun Jul Aug Sep Oct Nov Dec
2017: Jan Feb Mar Apr May Jun Jul Aug Sep Oct Nov Dec
2016: Jan Feb Mar Apr May Jun Jul Aug Sep Oct Nov Dec
2015: Jan Feb Mar Apr May Jun Jul Aug Sep Oct Nov Dec
2014: Jan Feb Mar Apr May Jun Jul Aug Sep Oct Nov Dec
2013: Jan Feb Mar Apr May Jun Jul Aug Sep Oct Nov Dec
2012: Jan Feb Mar Apr May Jun Jul Aug Sep Oct Nov Dec
2011: Jan Feb Mar Apr May Jun Jul Aug Sep Oct Nov Dec
2010: Jan Feb Mar Apr May Jun Jul Aug Sep Oct Nov Dec
2009: Jan Feb Mar Apr May Jun Jul Aug Sep Oct Nov Dec
2008: Jan Feb Mar Apr May Jun Jul Aug Sep Oct Nov Dec
2007: Jan Feb Mar Apr May Jun Jul Aug Sep Oct Nov Dec
2006: Jan Feb Mar Apr May Jun Jul Aug Sep Oct Nov Dec
2005: Jan Feb Mar Apr May Jun Jul Aug Sep Oct Nov Dec
2004: Jan Feb Mar Apr May Jun Jul Aug Sep Oct Nov Dec
Report for 2007 May
Monthly Climatological Summary for May 2007 Name: Willand City: Willand State: Devon, UK (9am GMT end of day) Elevation: 79 m Lat: N 50° 53' 03" Lon: W 003° 22' 25" Temperature (°C), Rain (mm), Wind Speed (km/h) Heat Cool Avg Mean Deg Deg Wind Dom Day Temp High Time Low Time Days Days Rain Speed High Time Dir ---------------------------------------------------------------------------------- 1 16.2 24.0 16:20 9.8 06:10 0.0 0.7 0.0 13.3 32.6 13:10 NE 2 14.9 22.4 14:30 7.6 06:20 0.6 0.0 0.0 14.1 42.8 16:10 NNE 3 12.8 20.1 15:40 6.1 03:20 2.7 0.0 0.0 7.5 30.6 10:20 NNE 4 10.1 16.7 16:50 3.0 05:40 5.4 0.0 0.0 7.0 30.6 10:20 NNE 5 14.0 22.0 16:10 9.6 22:40 1.5 0.0 0.0 4.0 16.3 10:40 SSW 6 15.3 19.3 12:50 13.5 20:20 0.2 0.0 3.0 15.2 34.7 13:50 WSW 7 13.3 18.1 16:00 9.3 05:50 2.2 0.0 0.3 14.4 38.7 10:10 W 8 12.4 17.7 13:10 10.1 04:40 3.1 0.0 6.0 7.3 42.8 12:00 W 9 12.6 15.8 14:00 9.3 05:10 2.9 0.0 5.4 13.2 36.6 18:00 WSW 10 11.4 14.5 10:30 8.4 02:40 4.1 0.0 15.0 9.5 38.7 00:30 WSW 11 11.6 14.9 11:20 9.6 00:00 3.9 0.0 13.5 9.4 34.7 09:20 SW 12 12.7 17.7 15:20 9.6 23:30 2.8 0.0 5.1 7.5 34.7 14:40 WSW 13 11.8 16.4 17:10 9.1 00:50 3.7 0.0 21.3 6.2 30.6 08:50 WSW 14 11.9 16.2 15:30 8.8 00:30 3.6 0.0 4.2 9.4 32.6 16:00 WNW 15 13.3 17.7 15:20 9.7 05:40 2.2 0.0 1.2 10.3 26.5 18:40 WNW 16 14.4 15.8 18:00 12.7 10:10 1.1 0.0 1.5 14.9 36.6 05:10 W 17 16.5 22.0 18:30 12.4 01:40 0.0 1.0 0.0 9.1 30.6 12:20 W 18 12.7 18.8 12:50 7.0 05:40 2.8 0.0 0.0 12.8 38.7 17:30 WSW 19 11.6 18.4 14:40 5.7 04:50 3.9 0.0 0.0 7.8 38.7 12:40 W 20 13.6 19.6 15:50 9.8 02:30 1.9 0.0 0.0 5.3 24.4 05:00 N 21 13.4 19.4 14:00 6.1 05:40 2.1 0.0 0.0 5.5 30.6 14:00 NNE 22 15.1 20.6 16:10 10.2 01:10 0.4 0.0 0.0 6.0 20.4 13:20 WNW 23 16.9 24.2 14:10 10.5 04:20 0.0 1.4 0.0 3.3 16.3 12:50 WNW 24 18.0 26.3 15:00 12.7 06:00 0.0 2.5 0.0 4.3 20.4 16:40 NW 25 13.3 20.4 16:10 6.3 05:30 2.2 0.0 0.0 5.9 24.4 18:20 WNW 26 10.8 16.4 12:50 7.6 06:30 4.7 0.0 5.1 7.5 28.5 08:20 NNW 27 8.9 11.8 09:30 7.1 03:20 6.6 0.0 25.8 15.8 44.8 19:10 N 28 9.1 15.8 15:20 1.6 05:20 6.4 0.0 0.0 6.7 34.7 11:20 NW 29 12.0 17.2 16:50 7.7 01:00 3.5 0.0 2.1 6.5 24.4 08:30 WNW 30 13.5 18.3 13:50 10.5 00:40 2.0 0.0 3.9 9.0 30.6 17:00 SSW 31 13.3 17.5 15:20 9.2 06:30 2.2 0.0 4.5 4.1 24.4 10:10 SSE ---------------------------------------------------------------------------------- 13.1 26.3 24 1.6 28 78.7 5.6 117.9 8.8 44.8 27 WNW Max >= 30.0: 0 Max <= 0.0: 0 Min <= 0.0: 0 Min <= -18.0: 0 Max Rain: 25.8 on day 27 Days of Rain: 16 (>= 0.2 mm) 15 (>= 1.0 mm) 1 (>= 25.0 mm) Heat Base: 15.5 Cool Base: 15.5 Method: Integration