NOAA-Style Climate Reports
Select a Year or Month report
2024: Jan Feb Mar Apr May Jun Jul Aug Sep Oct Nov Dec
2023: Jan Feb Mar Apr May Jun Jul Aug Sep Oct Nov Dec
2022: Jan Feb Mar Apr May Jun Jul Aug Sep Oct Nov Dec
2021: Jan Feb Mar Apr May Jun Jul Aug Sep Oct Nov Dec
2020: Jan Feb Mar Apr May Jun Jul Aug Sep Oct Nov Dec
2019: Jan Feb Mar Apr May Jun Jul Aug Sep Oct Nov Dec
2018: Jan Feb Mar Apr May Jun Jul Aug Sep Oct Nov Dec
2017: Jan Feb Mar Apr May Jun Jul Aug Sep Oct Nov Dec
2016: Jan Feb Mar Apr May Jun Jul Aug Sep Oct Nov Dec
2015: Jan Feb Mar Apr May Jun Jul Aug Sep Oct Nov Dec
2014: Jan Feb Mar Apr May Jun Jul Aug Sep Oct Nov Dec
2013: Jan Feb Mar Apr May Jun Jul Aug Sep Oct Nov Dec
2012: Jan Feb Mar Apr May Jun Jul Aug Sep Oct Nov Dec
2011: Jan Feb Mar Apr May Jun Jul Aug Sep Oct Nov Dec
2010: Jan Feb Mar Apr May Jun Jul Aug Sep Oct Nov Dec
2009: Jan Feb Mar Apr May Jun Jul Aug Sep Oct Nov Dec
2008: Jan Feb Mar Apr May Jun Jul Aug Sep Oct Nov Dec
2007: Jan Feb Mar Apr May Jun Jul Aug Sep Oct Nov Dec
2006: Jan Feb Mar Apr May Jun Jul Aug Sep Oct Nov Dec
2005: Jan Feb Mar Apr May Jun Jul Aug Sep Oct Nov Dec
2004: Jan Feb Mar Apr May Jun Jul Aug Sep Oct Nov Dec
2024: Jan Feb Mar Apr May Jun Jul Aug Sep Oct Nov Dec
2023: Jan Feb Mar Apr May Jun Jul Aug Sep Oct Nov Dec
2022: Jan Feb Mar Apr May Jun Jul Aug Sep Oct Nov Dec
2021: Jan Feb Mar Apr May Jun Jul Aug Sep Oct Nov Dec
2020: Jan Feb Mar Apr May Jun Jul Aug Sep Oct Nov Dec
2019: Jan Feb Mar Apr May Jun Jul Aug Sep Oct Nov Dec
2018: Jan Feb Mar Apr May Jun Jul Aug Sep Oct Nov Dec
2017: Jan Feb Mar Apr May Jun Jul Aug Sep Oct Nov Dec
2016: Jan Feb Mar Apr May Jun Jul Aug Sep Oct Nov Dec
2015: Jan Feb Mar Apr May Jun Jul Aug Sep Oct Nov Dec
2014: Jan Feb Mar Apr May Jun Jul Aug Sep Oct Nov Dec
2013: Jan Feb Mar Apr May Jun Jul Aug Sep Oct Nov Dec
2012: Jan Feb Mar Apr May Jun Jul Aug Sep Oct Nov Dec
2011: Jan Feb Mar Apr May Jun Jul Aug Sep Oct Nov Dec
2010: Jan Feb Mar Apr May Jun Jul Aug Sep Oct Nov Dec
2009: Jan Feb Mar Apr May Jun Jul Aug Sep Oct Nov Dec
2008: Jan Feb Mar Apr May Jun Jul Aug Sep Oct Nov Dec
2007: Jan Feb Mar Apr May Jun Jul Aug Sep Oct Nov Dec
2006: Jan Feb Mar Apr May Jun Jul Aug Sep Oct Nov Dec
2005: Jan Feb Mar Apr May Jun Jul Aug Sep Oct Nov Dec
2004: Jan Feb Mar Apr May Jun Jul Aug Sep Oct Nov Dec
Report for 2007 June
Monthly Climatological Summary for Jun 2007 Name: Willand City: Willand State: Devon, UK (9am GMT end of day) Elevation: 79 m Lat: N 50° 53' 03" Lon: W 003° 22' 25" Temperature (°C), Rain (mm), Wind Speed (km/h) Heat Cool Avg Mean Deg Deg Wind Dom Day Temp High Time Low Time Days Days Rain Speed High Time Dir ---------------------------------------------------------------------------------- 1 15.1 22.6 14:50 7.1 04:50 0.4 0.0 0.0 3.1 14.8 14:20 SSE 2 16.4 21.6 13:10 13.4 01:10 0.0 0.9 0.0 4.7 16.6 10:30 SSE 3 16.3 19.8 09:50 11.9 05:20 0.0 0.8 0.0 2.9 16.6 11:30 SSW 4 17.7 21.7 17:20 13.2 05:30 0.0 2.2 0.0 10.2 25.9 12:30 NNE 5 17.1 23.5 13:50 11.1 03:30 0.0 1.6 0.0 9.0 27.7 13:00 NNE 6 16.2 22.4 15:40 10.4 03:10 0.0 0.7 0.0 9.5 33.5 12:00 NE 7 14.7 20.2 17:20 9.3 04:30 0.8 0.0 0.0 5.5 16.6 10:20 NNE 8 18.5 26.8 16:10 10.2 05:20 0.0 3.0 0.0 2.6 14.8 10:00 NNW 9 19.6 27.0 14:20 11.7 05:00 0.0 4.1 0.0 2.4 16.6 14:30 S 10 20.4 26.6 14:00 14.6 05:10 0.0 4.9 0.0 3.3 16.6 13:20 S 11 18.2 22.9 16:30 14.0 05:30 0.0 2.7 0.0 2.7 14.8 16:20 SW 12 16.6 23.3 14:40 9.7 05:40 0.0 1.1 0.0 3.6 16.6 11:00 WNW 13 15.8 19.7 11:30 13.9 01:40 0.0 0.3 3.9 3.4 16.6 11:50 SSE 14 15.3 18.0 18:20 11.7 04:00 0.2 0.0 4.8 3.7 16.6 14:40 SE 15 14.5 18.3 09:10 11.4 04:50 1.0 0.0 4.8 3.4 24.1 14:10 S 16 15.4 21.6 15:40 11.8 04:10 0.1 0.0 11.1 1.4 16.6 12:00 W 17 15.6 21.0 13:50 12.2 00:30 0.0 0.1 6.3 4.0 16.6 15:10 SSE 18 16.9 22.3 17:20 13.9 23:10 0.0 1.4 0.0 6.1 31.3 14:50 SW 19 17.2 22.9 12:10 13.9 01:30 0.0 1.7 1.5 9.2 16.6 10:00 SE 20 15.4 18.0 15:00 13.7 05:30 0.1 0.0 3.9 11.8 35.3 14:10 S 21 14.5 17.9 09:50 12.5 03:30 1.0 0.0 7.8 6.2 40.7 12:50 SSE 22 16.1 22.1 11:10 12.4 05:10 0.0 0.6 3.9 2.7 16.6 18:50 W 23 14.9 20.7 11:50 12.0 01:40 0.6 0.0 2.7 3.9 16.6 16:40 W 24 13.3 17.3 15:20 11.0 03:30 2.2 0.0 21.0 4.8 16.6 00:10 WNW 25 13.3 15.1 09:30 11.7 06:10 2.2 0.0 5.4 12.6 42.5 18:30 NW 26 13.4 16.8 14:20 10.1 04:20 2.1 0.0 1.2 7.9 25.9 15:10 WNW 27 13.1 17.9 12:40 8.3 05:20 2.4 0.0 0.6 6.6 24.1 16:00 W 28 15.5 19.5 13:20 13.4 23:00 0.0 0.0 11.1 9.2 31.3 09:40 WSW 29 16.6 20.3 15:20 13.7 01:00 0.0 1.1 2.7 8.7 38.9 13:00 W 30 15.8 18.9 14:10 11.4 00:00 0.0 0.3 11.1 8.5 16.6 14:30 S ---------------------------------------------------------------------------------- 16.0 27.0 9 7.1 1 13.1 27.5 103.8 5.8 42.5 25 SW Max >= 30.0: 0 Max <= 0.0: 0 Min <= 0.0: 0 Min <= -18.0: 0 Max Rain: 21.0 on day 24 Days of Rain: 17 (>= 0.2 mm) 16 (>= 1.0 mm) 0 (>= 25.0 mm) Heat Base: 15.5 Cool Base: 15.5 Method: Integration