NOAA-Style Climate Reports
Select a Year or Month report
2024: Jan Feb Mar Apr May Jun Jul Aug Sep Oct Nov Dec
2023: Jan Feb Mar Apr May Jun Jul Aug Sep Oct Nov Dec
2022: Jan Feb Mar Apr May Jun Jul Aug Sep Oct Nov Dec
2021: Jan Feb Mar Apr May Jun Jul Aug Sep Oct Nov Dec
2020: Jan Feb Mar Apr May Jun Jul Aug Sep Oct Nov Dec
2019: Jan Feb Mar Apr May Jun Jul Aug Sep Oct Nov Dec
2018: Jan Feb Mar Apr May Jun Jul Aug Sep Oct Nov Dec
2017: Jan Feb Mar Apr May Jun Jul Aug Sep Oct Nov Dec
2016: Jan Feb Mar Apr May Jun Jul Aug Sep Oct Nov Dec
2015: Jan Feb Mar Apr May Jun Jul Aug Sep Oct Nov Dec
2014: Jan Feb Mar Apr May Jun Jul Aug Sep Oct Nov Dec
2013: Jan Feb Mar Apr May Jun Jul Aug Sep Oct Nov Dec
2012: Jan Feb Mar Apr May Jun Jul Aug Sep Oct Nov Dec
2011: Jan Feb Mar Apr May Jun Jul Aug Sep Oct Nov Dec
2010: Jan Feb Mar Apr May Jun Jul Aug Sep Oct Nov Dec
2009: Jan Feb Mar Apr May Jun Jul Aug Sep Oct Nov Dec
2008: Jan Feb Mar Apr May Jun Jul Aug Sep Oct Nov Dec
2007: Jan Feb Mar Apr May Jun Jul Aug Sep Oct Nov Dec
2006: Jan Feb Mar Apr May Jun Jul Aug Sep Oct Nov Dec
2005: Jan Feb Mar Apr May Jun Jul Aug Sep Oct Nov Dec
2004: Jan Feb Mar Apr May Jun Jul Aug Sep Oct Nov Dec
2024: Jan Feb Mar Apr May Jun Jul Aug Sep Oct Nov Dec
2023: Jan Feb Mar Apr May Jun Jul Aug Sep Oct Nov Dec
2022: Jan Feb Mar Apr May Jun Jul Aug Sep Oct Nov Dec
2021: Jan Feb Mar Apr May Jun Jul Aug Sep Oct Nov Dec
2020: Jan Feb Mar Apr May Jun Jul Aug Sep Oct Nov Dec
2019: Jan Feb Mar Apr May Jun Jul Aug Sep Oct Nov Dec
2018: Jan Feb Mar Apr May Jun Jul Aug Sep Oct Nov Dec
2017: Jan Feb Mar Apr May Jun Jul Aug Sep Oct Nov Dec
2016: Jan Feb Mar Apr May Jun Jul Aug Sep Oct Nov Dec
2015: Jan Feb Mar Apr May Jun Jul Aug Sep Oct Nov Dec
2014: Jan Feb Mar Apr May Jun Jul Aug Sep Oct Nov Dec
2013: Jan Feb Mar Apr May Jun Jul Aug Sep Oct Nov Dec
2012: Jan Feb Mar Apr May Jun Jul Aug Sep Oct Nov Dec
2011: Jan Feb Mar Apr May Jun Jul Aug Sep Oct Nov Dec
2010: Jan Feb Mar Apr May Jun Jul Aug Sep Oct Nov Dec
2009: Jan Feb Mar Apr May Jun Jul Aug Sep Oct Nov Dec
2008: Jan Feb Mar Apr May Jun Jul Aug Sep Oct Nov Dec
2007: Jan Feb Mar Apr May Jun Jul Aug Sep Oct Nov Dec
2006: Jan Feb Mar Apr May Jun Jul Aug Sep Oct Nov Dec
2005: Jan Feb Mar Apr May Jun Jul Aug Sep Oct Nov Dec
2004: Jan Feb Mar Apr May Jun Jul Aug Sep Oct Nov Dec
Report for 2012 August
Monthly Climatological Summary for Aug 2012 Name: Willand City: Willand State: Devon, UK (9am GMT end of day) Elevation: 79 m Lat: N 50° 53' 03" Lon: W 003° 22' 25" Temperature (°C), Rain (mm), Wind Speed (km/h) Heat Cool Avg Mean Deg Deg Wind Dom Day Temp High Time Low Time Days Days Rain Speed High Time Dir ---------------------------------------------------------------------------------- 1 15.9 21.9 16:40 11.3 04:30 0.0 0.4 2.6 1.3 19.6 18:30 S 2 14.8 20.2 14:40 10.9 02:20 0.7 0.0 5.6 4.4 32.0 14:40 SW 3 16.4 21.3 13:50 13.1 05:20 0.0 0.9 3.8 6.8 28.3 14:00 S 4 15.9 21.2 16:30 12.0 04:10 0.0 0.4 6.4 4.7 30.1 15:10 S 5 14.1 16.7 15:40 11.1 05:50 1.4 0.0 13.4 2.0 15.8 11:30 S 6 14.3 18.7 17:10 11.4 23:20 1.2 0.0 1.4 6.2 33.7 13:30 WSW 7 16.6 17.5 18:10 15.4 10:00 0.0 1.1 2.4 3.9 21.2 18:30 SSW 8 18.2 21.7 17:00 14.7 06:40 0.0 2.7 0.0 2.1 15.8 14:10 W 9 20.2 26.9 14:30 14.7 03:30 0.0 4.7 0.0 1.5 14.3 16:00 ENE 10 19.6 27.2 15:50 12.4 03:20 0.0 4.1 0.0 4.7 24.9 08:50 ESE 11 18.8 24.6 15:10 14.7 05:30 0.0 3.3 2.6 5.3 42.6 12:40 ESE 12 18.8 24.6 14:30 16.4 04:40 0.0 3.3 3.2 7.2 30.1 17:40 SSE 13 17.3 21.5 16:50 14.7 05:00 0.0 1.8 0.6 5.1 28.3 11:10 SSE 14 19.5 22.5 15:10 17.7 09:40 0.0 4.0 10.2 10.2 37.3 08:40 ESE 15 16.6 19.6 15:40 14.4 00:30 0.0 1.1 14.0 10.3 40.7 16:20 S 16 17.1 20.3 14:40 15.2 20:10 0.0 1.6 7.0 11.8 42.6 15:50 SSE 17 18.2 21.2 15:50 15.7 02:00 0.0 2.7 6.2 5.1 53.1 11:10 S 18 19.9 25.9 16:00 17.3 04:50 0.0 4.4 0.0 3.0 17.7 11:00 SSE 19 19.4 25.3 15:00 15.6 01:10 0.0 3.9 0.6 3.5 23.0 16:10 W 20 18.6 25.3 16:00 14.9 03:40 0.0 3.1 0.0 3.5 19.6 13:30 W 21 15.5 22.1 14:30 11.6 05:30 0.0 0.0 1.2 5.3 21.2 13:50 WSW 22 15.8 21.9 15:10 11.1 06:10 0.0 0.3 0.0 6.4 30.1 14:00 WSW 23 15.7 20.4 13:40 13.1 01:50 0.0 0.2 0.4 3.5 21.2 15:50 SSE 24 15.8 17.6 18:30 14.3 12:40 0.0 0.3 5.2 7.1 44.2 12:10 SSE 25 15.1 18.4 12:50 11.8 06:30 0.4 0.0 2.0 7.9 35.4 19:30 W 26 16.2 20.3 15:10 12.9 23:00 0.0 0.7 2.0 6.5 30.1 08:10 SSW 27 15.1 18.0 12:50 11.1 05:20 0.4 0.0 6.6 7.5 37.3 13:20 S 28 16.7 21.3 14:50 14.4 02:20 0.0 1.2 10.0 7.3 37.3 09:20 S 29 14.4 17.0 14:40 12.1 00:20 1.1 0.0 3.8 9.3 32.0 18:10 SW 30 12.1 17.8 15:50 5.5 06:30 3.4 0.0 0.0 9.7 38.9 17:40 NW 31 15.2 18.7 14:20 13.7 22:40 0.3 0.0 0.0 5.7 26.5 17:40 WNW ---------------------------------------------------------------------------------- 16.7 27.2 10 5.5 30 8.9 46.2 111.2 5.8 53.1 17 SSW Max >= 30.0: 0 Max <= 0.0: 0 Min <= 0.0: 0 Min <= -18.0: 0 Max Rain: 14.0 on day 15 Days of Rain: 23 (>= 0.2 mm) 20 (>= 1.0 mm) 0 (>= 25.0 mm) Heat Base: 15.5 Cool Base: 15.5 Method: Integration