NOAA-Style Climate Reports
Select a Year or Month report
2024: Jan Feb Mar Apr May Jun Jul Aug Sep Oct Nov Dec
2023: Jan Feb Mar Apr May Jun Jul Aug Sep Oct Nov Dec
2022: Jan Feb Mar Apr May Jun Jul Aug Sep Oct Nov Dec
2021: Jan Feb Mar Apr May Jun Jul Aug Sep Oct Nov Dec
2020: Jan Feb Mar Apr May Jun Jul Aug Sep Oct Nov Dec
2019: Jan Feb Mar Apr May Jun Jul Aug Sep Oct Nov Dec
2018: Jan Feb Mar Apr May Jun Jul Aug Sep Oct Nov Dec
2017: Jan Feb Mar Apr May Jun Jul Aug Sep Oct Nov Dec
2016: Jan Feb Mar Apr May Jun Jul Aug Sep Oct Nov Dec
2015: Jan Feb Mar Apr May Jun Jul Aug Sep Oct Nov Dec
2014: Jan Feb Mar Apr May Jun Jul Aug Sep Oct Nov Dec
2013: Jan Feb Mar Apr May Jun Jul Aug Sep Oct Nov Dec
2012: Jan Feb Mar Apr May Jun Jul Aug Sep Oct Nov Dec
2011: Jan Feb Mar Apr May Jun Jul Aug Sep Oct Nov Dec
2010: Jan Feb Mar Apr May Jun Jul Aug Sep Oct Nov Dec
2009: Jan Feb Mar Apr May Jun Jul Aug Sep Oct Nov Dec
2008: Jan Feb Mar Apr May Jun Jul Aug Sep Oct Nov Dec
2007: Jan Feb Mar Apr May Jun Jul Aug Sep Oct Nov Dec
2006: Jan Feb Mar Apr May Jun Jul Aug Sep Oct Nov Dec
2005: Jan Feb Mar Apr May Jun Jul Aug Sep Oct Nov Dec
2004: Jan Feb Mar Apr May Jun Jul Aug Sep Oct Nov Dec
2024: Jan Feb Mar Apr May Jun Jul Aug Sep Oct Nov Dec
2023: Jan Feb Mar Apr May Jun Jul Aug Sep Oct Nov Dec
2022: Jan Feb Mar Apr May Jun Jul Aug Sep Oct Nov Dec
2021: Jan Feb Mar Apr May Jun Jul Aug Sep Oct Nov Dec
2020: Jan Feb Mar Apr May Jun Jul Aug Sep Oct Nov Dec
2019: Jan Feb Mar Apr May Jun Jul Aug Sep Oct Nov Dec
2018: Jan Feb Mar Apr May Jun Jul Aug Sep Oct Nov Dec
2017: Jan Feb Mar Apr May Jun Jul Aug Sep Oct Nov Dec
2016: Jan Feb Mar Apr May Jun Jul Aug Sep Oct Nov Dec
2015: Jan Feb Mar Apr May Jun Jul Aug Sep Oct Nov Dec
2014: Jan Feb Mar Apr May Jun Jul Aug Sep Oct Nov Dec
2013: Jan Feb Mar Apr May Jun Jul Aug Sep Oct Nov Dec
2012: Jan Feb Mar Apr May Jun Jul Aug Sep Oct Nov Dec
2011: Jan Feb Mar Apr May Jun Jul Aug Sep Oct Nov Dec
2010: Jan Feb Mar Apr May Jun Jul Aug Sep Oct Nov Dec
2009: Jan Feb Mar Apr May Jun Jul Aug Sep Oct Nov Dec
2008: Jan Feb Mar Apr May Jun Jul Aug Sep Oct Nov Dec
2007: Jan Feb Mar Apr May Jun Jul Aug Sep Oct Nov Dec
2006: Jan Feb Mar Apr May Jun Jul Aug Sep Oct Nov Dec
2005: Jan Feb Mar Apr May Jun Jul Aug Sep Oct Nov Dec
2004: Jan Feb Mar Apr May Jun Jul Aug Sep Oct Nov Dec
Report for 2005 December
Monthly Climatological Summary for Dec 2005 Name: Willand City: Willand State: Devon, UK (9am GMT end of day) Elevation: 79 m Lat: N 50° 53' 03" Lon: W 003° 22' 25" Temperature (°C), Rain (mm), Wind Speed (km/h) Heat Cool Avg Mean Deg Deg Wind Dom Day Temp High Time Low Time Days Days Rain Speed High Time Dir ---------------------------------------------------------------------------------- 1 8.6 11.0 11:40 5.6 07:00 6.9 0.0 26.4 13.8 48.8 23:00 SSE 2 7.3 9.2 12:50 5.3 04:30 8.2 0.0 12.3 14.1 40.7 12:10 SW 3 5.8 10.1 12:20 0.0 08:50 9.7 0.0 15.6 9.0 30.6 15:10 WSW 4 4.3 9.7 13:40 0.1 09:00 11.2 0.0 0.3 3.3 22.4 13:40 W 5 3.2 9.3 13:30 -0.6 02:40 12.3 0.0 0.6 3.6 22.4 11:30 WNW 6 2.7 8.9 13:00 -2.5 06:10 12.8 0.0 0.3 0.9 14.3 11:20 N 7 6.3 8.6 17:50 -1.8 09:00 9.2 0.0 14.7 13.5 38.7 05:20 WNW 8 5.5 8.8 14:00 3.6 23:20 10.0 0.0 0.0 1.7 18.4 09:10 N 9 8.0 10.6 13:10 3.8 08:50 7.5 0.0 0.0 1.9 18.4 13:00 S 10 3.0 9.5 11:50 -0.6 04:10 12.5 0.0 0.0 1.2 16.3 12:00 SSE 11 1.6 7.6 08:00 -0.9 02:40 13.9 0.0 0.6 0.5 16.6 08:00 NNE 12 5.1 8.4 11:10 2.5 00:00 10.4 0.0 0.0 3.4 16.6 09:20 NNE 13 5.1 8.1 08:50 2.0 18:40 10.4 0.0 0.0 2.9 16.6 02:20 NW 14 7.7 9.9 11:40 5.7 21:30 7.8 0.0 0.0 2.0 16.6 08:50 NW 15 9.6 11.4 13:20 6.3 19:20 5.9 0.0 0.0 11.2 48.2 03:30 WNW 16 8.0 12.8 12:30 4.0 05:30 7.5 0.0 0.0 8.0 16.6 09:00 NW 17 1.2 6.9 12:00 -3.4 04:20 14.3 0.0 0.0 1.6 16.6 09:00 N 18 5.0 9.2 23:20 -0.7 09:00 10.5 0.0 0.6 3.0 16.6 21:20 SW 19 2.3 8.6 14:30 -1.0 00:40 13.2 0.0 0.0 0.3 9.4 11:30 ESE 20 6.0 7.1 13:20 0.9 09:00 9.5 0.0 1.5 0.0 7.6 16:30 E 21 6.4 9.1 14:00 4.0 08:40 9.1 0.0 0.0 0.1 7.6 01:10 SSE 22 7.8 9.0 14:10 4.1 09:00 7.7 0.0 0.0 5.6 16.6 14:50 WSW 23 7.7 9.4 13:20 6.7 07:20 7.8 0.0 0.0 1.1 14.8 20:50 WSW 24 5.2 9.2 12:40 2.6 08:50 10.3 0.0 0.0 1.3 16.6 01:50 NNE 25 2.5 6.8 13:20 -1.9 06:00 13.0 0.0 0.0 2.8 16.6 10:10 NE 26 2.7 5.2 14:10 -0.7 09:00 12.8 0.0 0.0 4.2 16.6 23:50 NNE 27 0.6 2.9 14:00 -4.0 08:30 14.9 0.0 0.0 3.2 16.6 10:00 N 28 -3.3 0.9 14:00 -6.4 05:00 18.8 0.0 0.0 1.1 16.6 10:50 NNE 29 3.3 9.6 08:50 -4.9 09:00 12.2 0.0 15.6 9.3 29.5 23:40 SSE 30 8.8 12.2 14:00 6.0 07:40 6.7 0.0 6.9 15.9 44.3 22:50 W 31 6.6 8.1 05:20 4.5 18:00 8.9 0.0 6.9 7.4 16.6 09:10 W ---------------------------------------------------------------------------------- 5.0 12.8 16 -6.4 28 325.9 0.0 102.3 4.8 48.8 1 W Max >= 30.0: 0 Max <= 0.0: 0 Min <= 0.0: 14 Min <= -18.0: 0 Max Rain: 26.4 on day 1 Days of Rain: 13 (>= 0.2 mm) 8 (>= 1.0 mm) 1 (>= 25.0 mm) Heat Base: 15.5 Cool Base: 15.5 Method: Integration