NOAA-Style Climate Reports
Select a Year or Month report
2024: Jan Feb Mar Apr May Jun Jul Aug Sep Oct Nov Dec
2023: Jan Feb Mar Apr May Jun Jul Aug Sep Oct Nov Dec
2022: Jan Feb Mar Apr May Jun Jul Aug Sep Oct Nov Dec
2021: Jan Feb Mar Apr May Jun Jul Aug Sep Oct Nov Dec
2020: Jan Feb Mar Apr May Jun Jul Aug Sep Oct Nov Dec
2019: Jan Feb Mar Apr May Jun Jul Aug Sep Oct Nov Dec
2018: Jan Feb Mar Apr May Jun Jul Aug Sep Oct Nov Dec
2017: Jan Feb Mar Apr May Jun Jul Aug Sep Oct Nov Dec
2016: Jan Feb Mar Apr May Jun Jul Aug Sep Oct Nov Dec
2015: Jan Feb Mar Apr May Jun Jul Aug Sep Oct Nov Dec
2014: Jan Feb Mar Apr May Jun Jul Aug Sep Oct Nov Dec
2013: Jan Feb Mar Apr May Jun Jul Aug Sep Oct Nov Dec
2012: Jan Feb Mar Apr May Jun Jul Aug Sep Oct Nov Dec
2011: Jan Feb Mar Apr May Jun Jul Aug Sep Oct Nov Dec
2010: Jan Feb Mar Apr May Jun Jul Aug Sep Oct Nov Dec
2009: Jan Feb Mar Apr May Jun Jul Aug Sep Oct Nov Dec
2008: Jan Feb Mar Apr May Jun Jul Aug Sep Oct Nov Dec
2007: Jan Feb Mar Apr May Jun Jul Aug Sep Oct Nov Dec
2006: Jan Feb Mar Apr May Jun Jul Aug Sep Oct Nov Dec
2005: Jan Feb Mar Apr May Jun Jul Aug Sep Oct Nov Dec
2004: Jan Feb Mar Apr May Jun Jul Aug Sep Oct Nov Dec
2024: Jan Feb Mar Apr May Jun Jul Aug Sep Oct Nov Dec
2023: Jan Feb Mar Apr May Jun Jul Aug Sep Oct Nov Dec
2022: Jan Feb Mar Apr May Jun Jul Aug Sep Oct Nov Dec
2021: Jan Feb Mar Apr May Jun Jul Aug Sep Oct Nov Dec
2020: Jan Feb Mar Apr May Jun Jul Aug Sep Oct Nov Dec
2019: Jan Feb Mar Apr May Jun Jul Aug Sep Oct Nov Dec
2018: Jan Feb Mar Apr May Jun Jul Aug Sep Oct Nov Dec
2017: Jan Feb Mar Apr May Jun Jul Aug Sep Oct Nov Dec
2016: Jan Feb Mar Apr May Jun Jul Aug Sep Oct Nov Dec
2015: Jan Feb Mar Apr May Jun Jul Aug Sep Oct Nov Dec
2014: Jan Feb Mar Apr May Jun Jul Aug Sep Oct Nov Dec
2013: Jan Feb Mar Apr May Jun Jul Aug Sep Oct Nov Dec
2012: Jan Feb Mar Apr May Jun Jul Aug Sep Oct Nov Dec
2011: Jan Feb Mar Apr May Jun Jul Aug Sep Oct Nov Dec
2010: Jan Feb Mar Apr May Jun Jul Aug Sep Oct Nov Dec
2009: Jan Feb Mar Apr May Jun Jul Aug Sep Oct Nov Dec
2008: Jan Feb Mar Apr May Jun Jul Aug Sep Oct Nov Dec
2007: Jan Feb Mar Apr May Jun Jul Aug Sep Oct Nov Dec
2006: Jan Feb Mar Apr May Jun Jul Aug Sep Oct Nov Dec
2005: Jan Feb Mar Apr May Jun Jul Aug Sep Oct Nov Dec
2004: Jan Feb Mar Apr May Jun Jul Aug Sep Oct Nov Dec
Report for 2006 November
Monthly Climatological Summary for Nov 2006 Name: Willand City: Willand State: Devon, UK (9am GMT end of day) Elevation: 79 m Lat: N 50° 53' 03" Lon: W 003° 22' 25" Temperature (°C), Rain (mm), Wind Speed (km/h) Heat Cool Avg Mean Deg Deg Wind Dom Day Temp High Time Low Time Days Days Rain Speed High Time Dir ---------------------------------------------------------------------------------- 1 3.2 10.4 12:50 -2.3 07:10 12.3 0.0 0.0 3.4 24.4 10:50 NNE 2 2.2 9.2 13:20 -1.9 05:50 13.3 0.0 0.0 3.1 24.4 14:10 N 3 2.7 10.2 13:10 -2.2 07:20 12.8 0.0 0.0 2.0 14.3 12:40 N 4 3.6 12.3 13:40 -1.6 04:50 11.9 0.0 0.0 0.4 10.2 14:00 N 5 4.8 13.6 14:10 -0.4 04:10 10.7 0.0 0.0 1.2 16.3 14:20 W 6 4.8 12.2 14:20 1.5 09:00 10.7 0.0 0.3 0.5 12.2 08:10 N 7 8.3 13.3 14:40 4.6 09:00 7.2 0.0 0.0 0.4 10.2 08:10 S 8 10.6 15.9 13:20 3.3 07:40 4.9 0.0 0.3 6.2 26.5 12:20 W 9 4.4 11.6 13:10 0.3 01:30 11.1 0.0 0.3 2.1 16.3 13:30 N 10 11.0 13.4 22:20 3.4 09:00 4.5 0.0 3.1 6.6 26.5 03:10 SW 11 10.9 11.9 12:00 8.8 09:00 4.6 0.0 0.0 10.9 32.6 11:00 W 12 12.4 14.5 13:00 10.5 09:00 3.1 0.0 0.6 12.4 40.7 05:30 WSW 13 13.0 15.1 11:50 11.6 05:30 2.5 0.0 0.3 12.8 42.8 11:10 W 14 13.4 14.3 14:40 11.9 09:00 2.1 0.0 0.9 10.3 40.7 14:40 SW 15 12.8 14.9 12:00 8.4 08:50 2.7 0.0 4.8 12.1 44.3 17:10 SSW 16 7.1 10.3 13:50 3.8 21:00 8.4 0.0 6.6 4.2 46.4 03:20 SSW 17 5.4 10.3 11:00 2.1 03:40 10.1 0.0 10.2 7.3 16.6 09:10 WSW 18 3.4 10.8 12:30 -1.5 05:40 12.1 0.0 0.0 3.4 16.6 10:30 WSW 19 9.9 11.8 02:50 0.1 09:00 5.6 0.0 6.6 13.7 48.2 22:40 SW 20 8.0 12.8 13:30 4.3 05:40 7.5 0.0 2.4 8.4 16.6 09:20 WSW 21 5.5 8.9 13:10 2.1 05:10 10.0 0.0 0.6 5.8 42.5 12:40 W 22 10.5 13.0 00:50 5.5 09:00 5.0 0.0 15.3 10.2 46.4 04:20 SW 23 8.7 12.5 13:10 4.8 00:00 6.8 0.0 5.1 11.6 40.7 11:40 SW 24 11.6 13.5 11:50 8.3 08:10 3.9 0.0 14.4 10.2 40.7 11:30 S 25 7.5 11.3 13:40 4.3 20:10 8.0 0.0 0.0 6.8 40.7 14:50 SW 26 12.0 14.2 13:30 7.1 09:00 3.5 0.0 0.0 13.5 48.2 01:20 S 27 12.2 14.0 14:10 7.0 08:50 3.3 0.0 5.1 12.3 38.9 11:40 SSW 28 7.1 12.7 12:30 3.3 03:10 8.4 0.0 0.0 5.3 16.6 11:40 SW 29 10.7 13.7 13:30 7.5 09:00 4.8 0.0 0.3 7.6 33.5 07:40 S 30 11.5 13.6 04:50 10.5 16:30 4.0 0.0 4.5 17.5 42.5 20:10 S ---------------------------------------------------------------------------------- 8.3 15.9 8 -2.3 1 215.8 0.0 81.7 7.4 48.2 19 SW Max >= 30.0: 0 Max <= 0.0: 0 Min <= 0.0: 6 Min <= -18.0: 0 Max Rain: 15.3 on day 22 Days of Rain: 19 (>= 0.2 mm) 11 (>= 1.0 mm) 0 (>= 25.0 mm) Heat Base: 15.5 Cool Base: 15.5 Method: Integration