NOAA-Style Climate Reports
Select a Year or Month report
2024: Jan Feb Mar Apr May Jun Jul Aug Sep Oct Nov Dec
2023: Jan Feb Mar Apr May Jun Jul Aug Sep Oct Nov Dec
2022: Jan Feb Mar Apr May Jun Jul Aug Sep Oct Nov Dec
2021: Jan Feb Mar Apr May Jun Jul Aug Sep Oct Nov Dec
2020: Jan Feb Mar Apr May Jun Jul Aug Sep Oct Nov Dec
2019: Jan Feb Mar Apr May Jun Jul Aug Sep Oct Nov Dec
2018: Jan Feb Mar Apr May Jun Jul Aug Sep Oct Nov Dec
2017: Jan Feb Mar Apr May Jun Jul Aug Sep Oct Nov Dec
2016: Jan Feb Mar Apr May Jun Jul Aug Sep Oct Nov Dec
2015: Jan Feb Mar Apr May Jun Jul Aug Sep Oct Nov Dec
2014: Jan Feb Mar Apr May Jun Jul Aug Sep Oct Nov Dec
2013: Jan Feb Mar Apr May Jun Jul Aug Sep Oct Nov Dec
2012: Jan Feb Mar Apr May Jun Jul Aug Sep Oct Nov Dec
2011: Jan Feb Mar Apr May Jun Jul Aug Sep Oct Nov Dec
2010: Jan Feb Mar Apr May Jun Jul Aug Sep Oct Nov Dec
2009: Jan Feb Mar Apr May Jun Jul Aug Sep Oct Nov Dec
2008: Jan Feb Mar Apr May Jun Jul Aug Sep Oct Nov Dec
2007: Jan Feb Mar Apr May Jun Jul Aug Sep Oct Nov Dec
2006: Jan Feb Mar Apr May Jun Jul Aug Sep Oct Nov Dec
2005: Jan Feb Mar Apr May Jun Jul Aug Sep Oct Nov Dec
2004: Jan Feb Mar Apr May Jun Jul Aug Sep Oct Nov Dec
2024: Jan Feb Mar Apr May Jun Jul Aug Sep Oct Nov Dec
2023: Jan Feb Mar Apr May Jun Jul Aug Sep Oct Nov Dec
2022: Jan Feb Mar Apr May Jun Jul Aug Sep Oct Nov Dec
2021: Jan Feb Mar Apr May Jun Jul Aug Sep Oct Nov Dec
2020: Jan Feb Mar Apr May Jun Jul Aug Sep Oct Nov Dec
2019: Jan Feb Mar Apr May Jun Jul Aug Sep Oct Nov Dec
2018: Jan Feb Mar Apr May Jun Jul Aug Sep Oct Nov Dec
2017: Jan Feb Mar Apr May Jun Jul Aug Sep Oct Nov Dec
2016: Jan Feb Mar Apr May Jun Jul Aug Sep Oct Nov Dec
2015: Jan Feb Mar Apr May Jun Jul Aug Sep Oct Nov Dec
2014: Jan Feb Mar Apr May Jun Jul Aug Sep Oct Nov Dec
2013: Jan Feb Mar Apr May Jun Jul Aug Sep Oct Nov Dec
2012: Jan Feb Mar Apr May Jun Jul Aug Sep Oct Nov Dec
2011: Jan Feb Mar Apr May Jun Jul Aug Sep Oct Nov Dec
2010: Jan Feb Mar Apr May Jun Jul Aug Sep Oct Nov Dec
2009: Jan Feb Mar Apr May Jun Jul Aug Sep Oct Nov Dec
2008: Jan Feb Mar Apr May Jun Jul Aug Sep Oct Nov Dec
2007: Jan Feb Mar Apr May Jun Jul Aug Sep Oct Nov Dec
2006: Jan Feb Mar Apr May Jun Jul Aug Sep Oct Nov Dec
2005: Jan Feb Mar Apr May Jun Jul Aug Sep Oct Nov Dec
2004: Jan Feb Mar Apr May Jun Jul Aug Sep Oct Nov Dec
Report for 2014 December
Monthly Climatological Summary for Dec 2014 Name: Willand City: Willand State: Devon, UK (9am GMT end of day) Elevation: 79 m Lat: N 50° 53' 03" Lon: W 003° 22' 25" Temperature (°C), Rain (mm), Wind Speed (km/h) Heat Cool Avg Mean Deg Deg Wind Dom Day Temp High Time Low Time Days Days Rain Speed High Time Dir ---------------------------------------------------------------------------------- 1 7.8 8.8 03:06 6.8 22:57 7.7 0.0 0.0 6.2 38.8 07:53 N 2 4.9 8.5 12:25 2.2 08:12 10.5 0.0 0.0 9.5 38.8 12:53 NNW 3 4.8 7.3 13:42 2.6 18:01 10.7 0.0 0.0 6.7 30.4 12:29 NNE 4 3.6 5.1 10:34 0.7 05:12 11.8 0.0 0.0 3.8 21.9 11:56 N 5 3.5 8.0 13:36 -0.7 07:31 12.0 0.0 0.0 6.3 38.8 13:02 NW 6 6.3 9.4 08:37 -0.2 09:00 9.1 0.0 1.2 4.6 27.0 04:47 SSW 7 4.6 10.1 11:37 1.4 20:34 10.9 0.0 3.6 7.2 42.2 13:21 W 8 2.8 7.5 14:05 -1.4 05:50 12.7 0.0 0.2 7.6 43.9 13:28 WNW 9 8.5 11.6 19:00 0.7 09:00 7.0 0.0 1.0 12.8 50.7 23:56 WSW 10 6.7 9.1 12:00 5.2 17:31 8.8 0.0 4.6 16.2 50.7 03:09 W 11 8.3 10.3 03:26 6.6 08:33 7.2 0.0 12.6 19.5 59.1 03:31 WSW 12 2.3 7.2 11:30 -2.4 07:34 13.2 0.0 0.0 4.1 38.8 12:21 W 13 1.1 7.0 14:15 -2.3 23:09 14.3 0.0 0.0 2.3 20.3 12:59 SSW 14 7.4 9.3 13:01 4.1 09:00 8.1 0.0 1.0 7.2 35.5 20:29 SW 15 3.8 8.9 12:51 -0.4 08:19 11.7 0.0 0.4 1.3 13.5 13:23 S 16 7.5 11.6 07:26 -0.2 09:00 8.0 0.0 7.6 9.1 49.0 05:03 WSW 17 11.7 12.3 13:22 11.1 08:31 3.8 0.0 2.6 16.4 45.7 07:43 W 18 11.4 12.4 12:24 8.0 07:45 4.1 0.0 4.0 19.6 52.4 09:24 WSW 19 7.1 9.7 12:44 4.4 18:53 8.4 0.0 0.0 9.2 45.7 11:57 W 20 6.8 9.5 13:04 3.9 22:06 8.7 0.0 0.4 8.8 32.1 11:21 WSW 21 10.9 12.3 02:42 7.4 09:00 4.6 0.0 0.0 16.2 59.1 06:04 WSW 22 11.1 12.4 13:08 9.8 07:27 4.4 0.0 0.0 19.0 52.4 12:23 WSW 23 10.5 12.4 11:24 6.8 08:59 5.0 0.0 0.8 13.0 38.8 12:39 WSW 24 4.8 8.6 11:54 2.3 21:19 10.6 0.0 0.6 5.4 40.5 14:27 W 25 2.3 8.5 13:49 -1.5 02:18 13.1 0.0 0.0 2.5 27.0 14:02 WNW 26 5.8 9.9 18:40 0.3 09:00 9.7 0.0 9.2 17.0 77.7 23:57 WNW 27 3.4 7.3 12:49 -0.4 07:49 12.1 0.0 1.0 9.4 40.5 13:01 NNW 28 -1.5 4.6 14:14 -5.8 06:08 17.0 0.0 0.0 3.2 23.6 14:19 NNE 29 -2.1 4.2 14:11 -5.3 04:19 17.5 0.0 0.0 1.1 6.7 16:45 N 30 0.1 6.0 14:21 -2.8 03:25 15.4 0.0 0.0 2.0 10.2 14:07 SW 31 8.8 10.6 08:48 1.3 09:00 6.7 0.0 0.2 8.5 33.8 12:40 S ---------------------------------------------------------------------------------- 5.6 12.4 18 -5.8 28 304.8 0.0 51.0 8.9 77.7 26 W Max >= 30.0: 0 Max <= 0.0: 0 Min <= 0.0: 12 Min <= -18.0: 0 Max Rain: 12.6 on day 11 Days of Rain: 17 (>= 0.2 mm) 11 (>= 1.0 mm) 0 (>= 25.0 mm) Heat Base: 15.5 Cool Base: 15.5 Method: Integration