NOAA-Style Climate Reports


Report for 2020 May
                   Monthly Climatological Summary for May 2020

Name: Willand   City: Willand   State: Devon, UK     (9am GMT end of day)
Elevation: 79 m  Lat: N 50° 53' 02"   Lon: W 003° 22' 23"

                  Temperature (°C), Rain (mm), Wind Speed (km/h)

                                      Heat  Cool        Avg
    Mean                              Deg   Deg         Wind                 Dom
Day Temp  High   Time   Low    Time   Days  Days  Rain  Speed High   Time    Dir
----------------------------------------------------------------------------------
01   9.8  14.6   15:07   4.2   06:08   5.7   0.0   0.2  11.1  50.7   15:06     W
02  11.8  18.5   16:55   7.2   05:45   4.0   0.3   1.6   5.0  23.7   04:17     S
03  11.5  13.5   17:54   9.3   10:00   4.0   0.0   0.2   3.9  27.0   09:30    NE
04  12.4  18.8   17:10   8.2   03:57   3.5   0.4   0.6  12.3  38.9   04:59   ENE
05   9.1  14.1   16:50   3.9   05:33   6.4   0.0   5.0   7.6  30.4   10:01   ENE
06  11.7  19.1   15:40   4.2   05:00   4.7   0.8   0.0   5.4  27.0   13:06    SE
07  14.6  22.8   15:52   7.4   05:07   2.8   1.9   0.0   3.7  23.7   13:50   SSE
08  15.9  24.2   16:53   7.9   05:09   2.3   2.7   0.0   3.5  23.7   14:47   SSE
09  17.2  25.6   15:12   8.8   05:14   1.9   3.5   0.0   5.3  27.0   09:25   ENE
10   9.6  21.3   11:08   3.2   05:29   6.5   0.6   0.0  21.2  62.5   19:25   NNE
11   7.4  13.8   15:53  -0.2   05:22   8.1   0.0   0.0  12.2  49.0   11:50   NNE
12  10.2  16.7   16:36   2.8   05:47   5.4   0.1   0.0   6.3  27.0   07:45   NNE
13   8.3  14.7   10:45   0.7   05:17   7.2   0.0   0.0   9.8  35.5   16:52   NNE
14   9.4  15.9   17:25   1.6   05:49   6.1   0.0   0.0   8.1  35.5   16:48   NNE
15  10.7  19.2   16:01   2.7   04:01   5.3   0.5   0.0   4.9  27.0   19:05   NNW
16  12.2  18.3   15:58   5.2   05:57   3.7   0.4   0.0   5.2  25.3   15:58   WNW
17  12.7  19.6   16:12   6.6   05:20   3.5   0.7   0.0   6.1  27.0   14:54     W
18  15.3  22.7   15:27  11.3   23:46   1.9   1.7   0.0   6.5  30.4   13:07   WSW
19  14.1  23.3   17:19   7.4   03:12   3.0   1.7   0.0   4.6  22.0   17:52   WNW
20  16.5  24.6   15:38   8.9   02:37   2.1   3.0   0.0   5.3  28.7   14:29     S
21  17.8  26.1   15:30  13.7   06:36   0.4   2.7   0.2   8.6  40.6   09:07   SSW
22  14.1  19.9   14:56   8.9   02:17   2.5   1.0   0.6  14.5  52.4   14:43   WSW
23  13.6  17.9   13:56  11.2   22:23   2.2   0.3   0.0  17.9  55.8   11:57     W
24  13.5  20.3   16:20   5.1   05:07   3.4   1.4   0.0   6.9  32.1   13:16   WNW
25  16.5  25.3   15:28   6.9   05:18   2.4   3.4   0.0   4.3  25.3   16:32   SSE
26  18.5  26.5   16:07  10.4   04:23   1.2   4.2   0.0   4.5  22.0   16:23     N
27  19.4  28.3   15:33   9.8   05:02   1.3   5.2   0.0   3.8  20.3   12:25   ENE
28  17.4  24.3   11:58   9.3   05:46   1.7   3.6   0.0   5.9  27.0   19:30    SE
29  17.4  25.7   15:59   7.7   05:20   2.1   4.0   0.0   7.3  32.1   12:07   ESE
30  18.5  26.6   15:01   9.4   02:32   1.5   4.5   0.0   5.9  28.7   13:11     E
31  18.5  26.6   14:49  10.6   03:00   1.4   4.4   0.0   9.3  37.2   16:42     E
----------------------------------------------------------------------------------
    13.7  28.3    27    -0.2    11   108.2  53.0   8.4   7.6  62.5    10     NNE

Max >=  30.0  0
Max <=   0.0  0
Min <=   0.0  1
Min <= -18.0  0
Max Rain: 5.0 on day 5
Days of Rain: 7 (>= 0.2 mm)  2 (>= 1.0 mm)  0 (>= 25.0 mm)
Heat Base: 15.5  Cool Base: 15.5  Method: Integration