NOAA-Style Climate Reports


Report for 2020 September
                   Monthly Climatological Summary for Sep 2020

Name: Willand   City: Willand   State: Devon, UK     (9am GMT end of day)
Elevation: 79 m  Lat: N 50° 53' 02"   Lon: W 003° 22' 23"

                  Temperature (°C), Rain (mm), Wind Speed (km/h)

                                      Heat  Cool        Avg
    Mean                              Deg   Deg         Wind                 Dom
Day Temp  High   Time   Low    Time   Days  Days  Rain  Speed High   Time    Dir
----------------------------------------------------------------------------------
01  14.0  22.2   15:04   6.8   06:29   3.2   0.0   0.0   3.0  22.0   16:52   SSE
02  17.3  20.7   09:35  15.8   20:48   0.0   0.0   0.0   6.1  30.4   08:56     S
03  15.3  20.8   10:51  11.2   03:55   1.5   0.0   0.0   7.1  33.8   10:20   WSW
04  13.2  19.1   14:53   8.3   06:25   2.7   0.0   0.2   4.6  27.0   12:20     W
05  14.1  18.4   14:25  11.4   01:02   1.8   0.0   2.2   7.2  32.1   15:18     W
06  13.4  20.1   15:47   9.0   03:31   2.8   0.0   4.6   3.3  27.0   17:54     W
07  16.3  18.4   12:03  14.6   10:00   0.0   0.0   1.0   7.4  27.0   00:05   WSW
08  17.1  21.4   17:47  14.0   04:29   0.4   0.0   0.0   5.3  22.0   09:58     W
09  13.6  20.8   14:01   7.1   05:45   3.4   0.0   0.0   5.4  28.7   11:30   WNW
10  12.5  19.6   13:44   5.7   05:43   3.8   0.0   0.0   2.1  18.6   17:41     N
11  13.9  17.1   09:52  10.4   00:54   1.8   0.0   0.0   5.1  25.3   14:48    SW
12  14.2  22.1   14:53   7.8   07:03   2.9   0.0   0.0   4.2  27.0   15:07   WSW
13  15.4  23.4   14:36   9.4   07:01   2.2   0.1   0.0   3.6  22.0   13:57   SSE
14  19.2  28.4   14:51  13.0   04:15   0.5   1.2   0.0   3.9  27.0   13:31   ESE
15  18.5  24.8   15:33  14.9   07:39   0.1   0.3   0.0   4.3  22.0   10:17   WNW
16  18.8  25.7   15:13  13.7   07:11   0.2   0.6   0.0   9.7  37.2   06:41    NE
17  15.3  22.3   15:01   9.3   06:14   2.1   0.0   0.0  10.6  37.2   09:18    NE
18  15.8  21.1   15:14  11.2   06:28   1.2   0.0   0.0  14.0  40.6   11:12    NE
19  17.1  22.1   16:35  13.2   07:00   0.5   0.0   0.0  15.1  45.6   16:03   NNE
20  16.3  22.7   14:51  11.3   07:06   1.1   0.0   0.0   6.7  30.4   14:20     N
21  16.0  26.8   15:26   8.6   07:21   2.3   0.6   0.0   2.3  15.2   16:39   SSE
22  15.4  18.3   15:48  13.1   06:21   0.7   0.0   3.0   3.4  23.7   12:16   SSW
23  10.6  15.0   12:17   6.7   00:23   4.9   0.0   5.8   7.0  33.8   16:25   WSW
24   9.8  14.2   14:23   6.8   04:38   5.7   0.0   1.4   8.5  47.3   09:32     W
25  10.0  15.3   14:17   4.3   05:02   5.5   0.0   0.0  11.5  57.5   15:25   WNW
26  10.1  14.8   14:28   6.0   23:52   5.4   0.0   0.0   8.6  33.8   14:59    NW
27   9.7  17.3   14:59   3.1   03:58   5.9   0.0   0.0   6.9  37.2   10:50   WNW
----------------------------------------------------------------------------------
    14.6  28.4    14     3.1    27    62.6   2.8  18.2   6.6  57.5    25      NW

Max >=  30.0  0
Max <=   0.0  0
Min <=   0.0  0
Min <= -18.0  0
Max Rain: 5.8 on day 23
Days of Rain: 7 (>= 0.2 mm)  6 (>= 1.0 mm)  0 (>= 25.0 mm)
Heat Base: 15.5  Cool Base: 22.0  Method: Integration