NOAA-Style Climate Reports
Select a Year or Month report
2024: Jan Feb Mar Apr May Jun Jul Aug Sep Oct Nov Dec
2023: Jan Feb Mar Apr May Jun Jul Aug Sep Oct Nov Dec
2022: Jan Feb Mar Apr May Jun Jul Aug Sep Oct Nov Dec
2021: Jan Feb Mar Apr May Jun Jul Aug Sep Oct Nov Dec
2020: Jan Feb Mar Apr May Jun Jul Aug Sep Oct Nov Dec
2019: Jan Feb Mar Apr May Jun Jul Aug Sep Oct Nov Dec
2018: Jan Feb Mar Apr May Jun Jul Aug Sep Oct Nov Dec
2017: Jan Feb Mar Apr May Jun Jul Aug Sep Oct Nov Dec
2016: Jan Feb Mar Apr May Jun Jul Aug Sep Oct Nov Dec
2015: Jan Feb Mar Apr May Jun Jul Aug Sep Oct Nov Dec
2014: Jan Feb Mar Apr May Jun Jul Aug Sep Oct Nov Dec
2013: Jan Feb Mar Apr May Jun Jul Aug Sep Oct Nov Dec
2012: Jan Feb Mar Apr May Jun Jul Aug Sep Oct Nov Dec
2011: Jan Feb Mar Apr May Jun Jul Aug Sep Oct Nov Dec
2010: Jan Feb Mar Apr May Jun Jul Aug Sep Oct Nov Dec
2009: Jan Feb Mar Apr May Jun Jul Aug Sep Oct Nov Dec
2008: Jan Feb Mar Apr May Jun Jul Aug Sep Oct Nov Dec
2007: Jan Feb Mar Apr May Jun Jul Aug Sep Oct Nov Dec
2006: Jan Feb Mar Apr May Jun Jul Aug Sep Oct Nov Dec
2005: Jan Feb Mar Apr May Jun Jul Aug Sep Oct Nov Dec
2004: Jan Feb Mar Apr May Jun Jul Aug Sep Oct Nov Dec
2024: Jan Feb Mar Apr May Jun Jul Aug Sep Oct Nov Dec
2023: Jan Feb Mar Apr May Jun Jul Aug Sep Oct Nov Dec
2022: Jan Feb Mar Apr May Jun Jul Aug Sep Oct Nov Dec
2021: Jan Feb Mar Apr May Jun Jul Aug Sep Oct Nov Dec
2020: Jan Feb Mar Apr May Jun Jul Aug Sep Oct Nov Dec
2019: Jan Feb Mar Apr May Jun Jul Aug Sep Oct Nov Dec
2018: Jan Feb Mar Apr May Jun Jul Aug Sep Oct Nov Dec
2017: Jan Feb Mar Apr May Jun Jul Aug Sep Oct Nov Dec
2016: Jan Feb Mar Apr May Jun Jul Aug Sep Oct Nov Dec
2015: Jan Feb Mar Apr May Jun Jul Aug Sep Oct Nov Dec
2014: Jan Feb Mar Apr May Jun Jul Aug Sep Oct Nov Dec
2013: Jan Feb Mar Apr May Jun Jul Aug Sep Oct Nov Dec
2012: Jan Feb Mar Apr May Jun Jul Aug Sep Oct Nov Dec
2011: Jan Feb Mar Apr May Jun Jul Aug Sep Oct Nov Dec
2010: Jan Feb Mar Apr May Jun Jul Aug Sep Oct Nov Dec
2009: Jan Feb Mar Apr May Jun Jul Aug Sep Oct Nov Dec
2008: Jan Feb Mar Apr May Jun Jul Aug Sep Oct Nov Dec
2007: Jan Feb Mar Apr May Jun Jul Aug Sep Oct Nov Dec
2006: Jan Feb Mar Apr May Jun Jul Aug Sep Oct Nov Dec
2005: Jan Feb Mar Apr May Jun Jul Aug Sep Oct Nov Dec
2004: Jan Feb Mar Apr May Jun Jul Aug Sep Oct Nov Dec
Report for 2005 September
Monthly Climatological Summary for Sep 2005 Name: Willand City: Willand State: Devon, UK (9am GMT end of day) Elevation: 79 m Lat: N 50° 53' 03" Lon: W 003° 22' 25" Temperature (°C), Rain (mm), Wind Speed (km/h) Heat Cool Avg Mean Deg Deg Wind Dom Day Temp High Time Low Time Days Days Rain Speed High Time Dir ---------------------------------------------------------------------------------- 1 14.2 21.7 11:50 6.1 07:00 1.3 0.0 0.0 3.9 18.4 17:40 WNW 2 16.0 24.5 16:00 9.9 03:20 0.0 0.5 0.0 2.2 14.3 11:00 ENE 3 19.8 26.7 15:30 14.6 05:50 0.0 4.3 0.0 5.4 28.5 17:40 SE 4 18.7 26.5 12:00 14.2 05:20 0.0 3.2 4.2 3.4 18.4 11:10 SSE 5 17.6 22.8 15:30 13.6 04:40 0.0 2.1 0.0 4.0 18.4 14:10 SE 6 17.1 24.7 15:50 11.8 07:10 0.0 1.6 0.0 2.8 16.3 12:50 SSE 7 18.6 26.4 14:00 13.7 00:10 0.0 3.1 0.0 4.9 20.4 17:20 WSW 8 17.8 20.6 11:40 15.1 07:00 0.0 2.3 0.0 3.4 14.3 10:00 SSE 9 17.8 21.9 15:10 15.4 03:40 0.0 2.3 1.5 2.6 14.3 10:20 SSE 10 17.5 20.4 14:50 15.1 09:40 0.0 2.0 18.1 2.7 18.4 03:30 NNE 11 15.4 19.5 14:30 11.9 04:40 0.1 0.0 0.0 2.6 14.3 13:50 N 12 16.3 24.2 15:20 10.8 03:50 0.0 0.8 0.0 1.9 14.3 11:00 NE 13 17.1 21.4 12:10 13.0 02:40 0.0 1.6 0.0 4.0 18.4 15:00 WSW 14 18.6 21.6 13:10 16.4 04:20 0.0 3.1 0.9 6.4 22.4 13:10 W 15 15.8 21.1 13:40 10.9 07:00 0.0 0.3 3.0 8.6 28.5 18:30 WNW 16 9.3 16.2 16:00 2.4 07:10 6.2 0.0 0.0 2.9 26.5 10:40 N 17 10.9 17.9 15:40 6.5 00:30 4.6 0.0 0.0 1.9 16.3 14:10 NNW 18 12.4 16.2 14:50 8.2 06:30 3.1 0.0 0.0 0.5 8.1 14:10 WNW 19 15.1 21.2 15:00 11.7 10:00 0.4 0.0 0.0 2.2 16.3 13:50 SW 20 15.4 23.1 14:30 9.9 07:40 0.1 0.0 0.0 1.9 14.3 17:30 W 21 14.6 21.1 14:20 10.1 06:40 0.9 0.0 0.0 2.4 16.3 14:20 S 22 15.3 21.7 14:30 10.4 03:10 0.2 0.0 3.6 3.8 18.4 13:50 S 23 12.3 18.9 12:40 5.3 07:30 3.2 0.0 0.0 5.0 26.5 12:00 WNW 24 13.7 16.0 12:40 11.3 07:40 1.8 0.0 7.5 3.1 16.3 16:20 S 25 17.6 19.6 14:40 14.0 20:10 0.0 2.1 0.6 11.5 30.6 16:50 W 28 9.8 13.8 21:50 5.9 07:40 5.7 0.0 2.7 3.8 22.4 18:30 WSW 29 14.5 17.3 09:50 12.4 21:30 1.0 0.0 3.3 5.6 22.4 13:30 W 30 14.6 19.9 16:10 8.3 07:50 0.9 0.0 1.8 7.7 20.4 15:50 W ---------------------------------------------------------------------------------- 15.5 26.7 3 2.4 16 29.5 29.3 47.2 3.8 30.6 25 WSW Max >= 30.0: 0 Max <= 0.0: 0 Min <= 0.0: 0 Min <= -18.0: 0 Max Rain: 18.1 on day 10 Days of Rain: 11 (>= 0.2 mm) 9 (>= 1.0 mm) 0 (>= 25.0 mm) Heat Base: 15.5 Cool Base: 15.5 Method: Integration