NOAA-Style Climate Reports
Select a Year or Month report
2024: Jan Feb Mar Apr May Jun Jul Aug Sep Oct Nov Dec
2023: Jan Feb Mar Apr May Jun Jul Aug Sep Oct Nov Dec
2022: Jan Feb Mar Apr May Jun Jul Aug Sep Oct Nov Dec
2021: Jan Feb Mar Apr May Jun Jul Aug Sep Oct Nov Dec
2020: Jan Feb Mar Apr May Jun Jul Aug Sep Oct Nov Dec
2019: Jan Feb Mar Apr May Jun Jul Aug Sep Oct Nov Dec
2018: Jan Feb Mar Apr May Jun Jul Aug Sep Oct Nov Dec
2017: Jan Feb Mar Apr May Jun Jul Aug Sep Oct Nov Dec
2016: Jan Feb Mar Apr May Jun Jul Aug Sep Oct Nov Dec
2015: Jan Feb Mar Apr May Jun Jul Aug Sep Oct Nov Dec
2014: Jan Feb Mar Apr May Jun Jul Aug Sep Oct Nov Dec
2013: Jan Feb Mar Apr May Jun Jul Aug Sep Oct Nov Dec
2012: Jan Feb Mar Apr May Jun Jul Aug Sep Oct Nov Dec
2011: Jan Feb Mar Apr May Jun Jul Aug Sep Oct Nov Dec
2010: Jan Feb Mar Apr May Jun Jul Aug Sep Oct Nov Dec
2009: Jan Feb Mar Apr May Jun Jul Aug Sep Oct Nov Dec
2008: Jan Feb Mar Apr May Jun Jul Aug Sep Oct Nov Dec
2007: Jan Feb Mar Apr May Jun Jul Aug Sep Oct Nov Dec
2006: Jan Feb Mar Apr May Jun Jul Aug Sep Oct Nov Dec
2005: Jan Feb Mar Apr May Jun Jul Aug Sep Oct Nov Dec
2004: Jan Feb Mar Apr May Jun Jul Aug Sep Oct Nov Dec
2024: Jan Feb Mar Apr May Jun Jul Aug Sep Oct Nov Dec
2023: Jan Feb Mar Apr May Jun Jul Aug Sep Oct Nov Dec
2022: Jan Feb Mar Apr May Jun Jul Aug Sep Oct Nov Dec
2021: Jan Feb Mar Apr May Jun Jul Aug Sep Oct Nov Dec
2020: Jan Feb Mar Apr May Jun Jul Aug Sep Oct Nov Dec
2019: Jan Feb Mar Apr May Jun Jul Aug Sep Oct Nov Dec
2018: Jan Feb Mar Apr May Jun Jul Aug Sep Oct Nov Dec
2017: Jan Feb Mar Apr May Jun Jul Aug Sep Oct Nov Dec
2016: Jan Feb Mar Apr May Jun Jul Aug Sep Oct Nov Dec
2015: Jan Feb Mar Apr May Jun Jul Aug Sep Oct Nov Dec
2014: Jan Feb Mar Apr May Jun Jul Aug Sep Oct Nov Dec
2013: Jan Feb Mar Apr May Jun Jul Aug Sep Oct Nov Dec
2012: Jan Feb Mar Apr May Jun Jul Aug Sep Oct Nov Dec
2011: Jan Feb Mar Apr May Jun Jul Aug Sep Oct Nov Dec
2010: Jan Feb Mar Apr May Jun Jul Aug Sep Oct Nov Dec
2009: Jan Feb Mar Apr May Jun Jul Aug Sep Oct Nov Dec
2008: Jan Feb Mar Apr May Jun Jul Aug Sep Oct Nov Dec
2007: Jan Feb Mar Apr May Jun Jul Aug Sep Oct Nov Dec
2006: Jan Feb Mar Apr May Jun Jul Aug Sep Oct Nov Dec
2005: Jan Feb Mar Apr May Jun Jul Aug Sep Oct Nov Dec
2004: Jan Feb Mar Apr May Jun Jul Aug Sep Oct Nov Dec
Report for 2013 December
Monthly Climatological Summary for Dec 2013 Name: Willand City: Willand State: Devon, UK (9am GMT end of day) Elevation: 79 m Lat: N 50° 53' 03" Lon: W 003° 22' 25" Temperature (°C), Rain (mm), Wind Speed (km/h) Heat Cool Avg Mean Deg Deg Wind Dom Day Temp High Time Low Time Days Days Rain Speed High Time Dir ---------------------------------------------------------------------------------- 1 5.3 7.0 08:40 1.7 09:00 10.2 0.0 0.0 2.2 3.6 08:30 NE 2 6.8 10.0 12:50 5.2 06:50 8.7 0.0 0.0 3.0 4.9 11:10 NE 3 5.1 6.9 08:50 3.8 19:30 10.4 0.0 0.0 1.8 3.1 08:00 S 4 1.9 8.8 10:30 -3.2 02:30 13.6 0.0 0.2 3.9 8.9 08:30 NNW 5 6.8 10.7 16:53 1.8 07:26 8.7 0.0 1.4 11.5 15.2 12:15 W 6 6.9 9.4 14:34 3.2 09:00 8.6 0.0 0.4 3.1 4.9 15:17 WSW 7 5.4 9.2 14:31 2.5 04:02 10.1 0.0 0.4 3.4 5.4 10:56 SW 8 5.1 10.5 12:40 1.0 02:40 10.4 0.0 0.2 3.5 7.2 12:40 SW 9 5.8 9.1 14:10 2.0 09:00 9.7 0.0 0.0 2.6 5.4 14:45 S 10 6.4 10.5 14:10 -0.3 06:50 9.1 0.0 0.0 4.1 6.7 11:20 SSE 11 6.5 9.8 13:04 0.7 09:00 8.9 0.0 0.0 3.9 6.3 12:37 SSE 12 10.6 12.8 14:22 8.3 09:00 4.8 0.0 3.4 7.6 8.5 08:32 SSE 13 6.8 11.8 12:40 2.3 03:17 8.7 0.0 1.8 7.4 13.0 21:41 SW 14 9.1 11.8 23:24 4.7 06:12 6.4 0.0 7.0 11.6 14.8 15:50 SSW 15 12.4 12.9 23:31 8.7 09:00 3.1 0.0 4.2 13.2 11.2 23:39 SSW 16 7.5 12.5 10:10 3.3 08:31 8.0 0.0 8.8 3.9 7.6 09:50 W 17 5.2 9.2 08:56 2.3 03:39 10.3 0.0 0.0 3.8 10.7 07:02 SSE 18 7.0 10.4 15:25 1.7 08:40 8.3 0.0 26.0 13.7 20.6 16:40 SSW 19 3.1 6.6 12:33 0.9 00:33 12.4 0.0 3.4 5.8 9.4 14:57 SSW 20 9.5 10.8 02:29 2.3 09:00 6.0 0.0 5.2 13.1 14.3 20:05 SSW 21 8.5 11.6 13:58 5.7 02:12 7.0 0.0 9.4 12.7 16.1 17:55 SW 22 5.8 9.9 08:51 2.0 21:53 9.8 0.0 4.0 10.6 17.0 08:49 SW 23 9.4 12.0 21:49 4.9 08:08 6.0 0.0 35.0 18.0 78.8 21:49 SW 24 3.8 7.1 14:03 1.2 00:13 11.7 0.0 0.4 9.7 45.1 11:11 SW 25 2.4 6.5 12:58 -0.1 04:02 13.1 0.0 8.2 2.9 30.6 14:31 S 26 7.4 11.3 01:14 0.8 09:08 8.1 0.0 8.8 14.4 72.4 06:26 SW 27 5.2 9.1 14:11 1.1 06:32 10.3 0.0 1.8 11.8 57.9 12:58 SW 28 1.4 6.6 13:37 -1.5 01:17 14.1 0.0 0.0 1.8 11.3 11:46 SSE 29 7.6 10.1 03:24 -0.2 09:00 7.8 0.0 15.6 11.3 61.2 07:42 S 30 7.7 10.1 09:15 4.4 18:04 7.8 0.0 8.4 12.7 59.5 09:32 SSW 31 6.3 8.3 06:27 4.2 23:39 9.2 0.0 18.2 8.1 59.5 08:42 S ---------------------------------------------------------------------------------- 6.4 12.9 15 -3.2 4 281.3 0.0 172.2 7.6 78.8 23 SSW Max >= 30.0: 0 Max <= 0.0: 0 Min <= 0.0: 5 Min <= -18.0: 0 Max Rain: 35.0 on day 23 Days of Rain: 23 (>= 0.2 mm) 18 (>= 1.0 mm) 2 (>= 25.0 mm) Heat Base: 15.5 Cool Base: 15.5 Method: Integration