NOAA-Style Climate Reports
Select a Year or Month report
2024: Jan Feb Mar Apr May Jun Jul Aug Sep Oct Nov Dec
2023: Jan Feb Mar Apr May Jun Jul Aug Sep Oct Nov Dec
2022: Jan Feb Mar Apr May Jun Jul Aug Sep Oct Nov Dec
2021: Jan Feb Mar Apr May Jun Jul Aug Sep Oct Nov Dec
2020: Jan Feb Mar Apr May Jun Jul Aug Sep Oct Nov Dec
2019: Jan Feb Mar Apr May Jun Jul Aug Sep Oct Nov Dec
2018: Jan Feb Mar Apr May Jun Jul Aug Sep Oct Nov Dec
2017: Jan Feb Mar Apr May Jun Jul Aug Sep Oct Nov Dec
2016: Jan Feb Mar Apr May Jun Jul Aug Sep Oct Nov Dec
2015: Jan Feb Mar Apr May Jun Jul Aug Sep Oct Nov Dec
2014: Jan Feb Mar Apr May Jun Jul Aug Sep Oct Nov Dec
2013: Jan Feb Mar Apr May Jun Jul Aug Sep Oct Nov Dec
2012: Jan Feb Mar Apr May Jun Jul Aug Sep Oct Nov Dec
2011: Jan Feb Mar Apr May Jun Jul Aug Sep Oct Nov Dec
2010: Jan Feb Mar Apr May Jun Jul Aug Sep Oct Nov Dec
2009: Jan Feb Mar Apr May Jun Jul Aug Sep Oct Nov Dec
2008: Jan Feb Mar Apr May Jun Jul Aug Sep Oct Nov Dec
2007: Jan Feb Mar Apr May Jun Jul Aug Sep Oct Nov Dec
2006: Jan Feb Mar Apr May Jun Jul Aug Sep Oct Nov Dec
2005: Jan Feb Mar Apr May Jun Jul Aug Sep Oct Nov Dec
2004: Jan Feb Mar Apr May Jun Jul Aug Sep Oct Nov Dec
2024: Jan Feb Mar Apr May Jun Jul Aug Sep Oct Nov Dec
2023: Jan Feb Mar Apr May Jun Jul Aug Sep Oct Nov Dec
2022: Jan Feb Mar Apr May Jun Jul Aug Sep Oct Nov Dec
2021: Jan Feb Mar Apr May Jun Jul Aug Sep Oct Nov Dec
2020: Jan Feb Mar Apr May Jun Jul Aug Sep Oct Nov Dec
2019: Jan Feb Mar Apr May Jun Jul Aug Sep Oct Nov Dec
2018: Jan Feb Mar Apr May Jun Jul Aug Sep Oct Nov Dec
2017: Jan Feb Mar Apr May Jun Jul Aug Sep Oct Nov Dec
2016: Jan Feb Mar Apr May Jun Jul Aug Sep Oct Nov Dec
2015: Jan Feb Mar Apr May Jun Jul Aug Sep Oct Nov Dec
2014: Jan Feb Mar Apr May Jun Jul Aug Sep Oct Nov Dec
2013: Jan Feb Mar Apr May Jun Jul Aug Sep Oct Nov Dec
2012: Jan Feb Mar Apr May Jun Jul Aug Sep Oct Nov Dec
2011: Jan Feb Mar Apr May Jun Jul Aug Sep Oct Nov Dec
2010: Jan Feb Mar Apr May Jun Jul Aug Sep Oct Nov Dec
2009: Jan Feb Mar Apr May Jun Jul Aug Sep Oct Nov Dec
2008: Jan Feb Mar Apr May Jun Jul Aug Sep Oct Nov Dec
2007: Jan Feb Mar Apr May Jun Jul Aug Sep Oct Nov Dec
2006: Jan Feb Mar Apr May Jun Jul Aug Sep Oct Nov Dec
2005: Jan Feb Mar Apr May Jun Jul Aug Sep Oct Nov Dec
2004: Jan Feb Mar Apr May Jun Jul Aug Sep Oct Nov Dec
Report for 2015 February
Monthly Climatological Summary for Feb 2015 Name: Willand City: Willand State: Devon, UK (9am GMT end of day) Elevation: 79 m Lat: N 50 53 03 Lon: W 003 22 25 Temperature (°C), Rain (mm), Wind Speed (km/h) Heat Cool Avg Mean Deg Deg Wind Dom Day Temp High Time Low Time Days Days Rain Speed High Time Dir ---------------------------------------------------------------------------------- 01 0.7 6.2 13:26 -3.6 06:51 14.8 0.0 0.2 8.3 59.1 11:42 NW 02 0.2 4.7 13:40 -2.5 09:00 15.3 0.0 0.6 3.8 27.0 14:38 NW 03 1.5 4.8 14:09 -2.1 03:16 13.9 0.0 0.0 8.2 33.8 15:06 N 04 1.5 5.7 14:19 -1.6 04:40 14.1 0.0 0.0 6.7 33.8 13:39 N 05 1.7 5.8 12:49 -1.8 05:10 13.8 0.0 0.4 9.2 30.4 15:02 NNE 06 1.5 4.0 14:24 -1.1 06:51 14.0 0.0 0.0 16.0 43.9 13:14 NNE 07 2.1 4.8 12:26 -1.8 07:24 13.4 0.0 0.0 8.6 33.8 12:43 NNE 08 2.8 9.1 14:04 -2.4 07:52 12.6 0.0 0.0 4.1 25.3 11:57 NNW 09 1.8 7.7 15:18 -2.1 01:43 13.7 0.0 0.2 3.0 13.5 17:53 NNE 10 4.6 6.2 14:00 1.3 09:00 10.9 0.0 0.0 6.7 25.3 22:00 E 11 4.4 6.3 13:12 2.7 07:31 11.0 0.0 0.0 2.2 13.5 10:07 E 12 6.2 7.4 00:55 3.3 09:00 9.3 0.0 2.8 10.5 52.4 08:49 SSE 13 5.4 9.0 12:24 2.8 01:40 10.1 0.0 12.8 6.9 57.5 09:17 SSW 14 5.6 7.7 14:19 3.1 01:20 9.9 0.0 0.0 6.1 28.7 04:00 NNE 15 6.5 8.4 13:53 3.3 22:00 9.0 0.0 4.0 5.3 30.4 08:29 SSE 16 3.8 8.8 13:42 -0.3 06:23 11.7 0.0 1.4 6.5 42.2 15:29 NW 17 4.0 8.4 13:48 0.4 07:33 11.4 0.0 0.0 4.1 22.0 14:21 WSW 18 7.8 11.6 13:31 3.4 09:00 7.7 0.0 0.8 8.5 27.0 13:52 S 19 6.5 9.3 14:55 2.6 07:32 9.0 0.0 11.2 4.4 33.8 10:17 SSW 20 4.0 7.6 13:56 1.2 04:23 11.5 0.0 0.8 5.7 28.7 15:31 WNW 21 1.9 7.7 13:01 -2.8 06:34 13.6 0.0 0.0 6.8 45.6 14:46 WNW 22 6.0 9.8 19:59 0.7 09:00 9.5 0.0 16.8 14.4 55.8 20:06 SW 23 4.9 6.9 13:24 2.3 09:44 10.6 0.0 8.8 22.2 67.6 13:30 W 24 6.9 8.9 08:56 4.8 09:00 8.5 0.0 7.2 13.9 55.8 14:30 W 25 10.3 12.6 13:39 8.9 09:00 5.2 0.0 2.4 8.5 30.4 04:14 WSW 26 3.8 10.9 09:53 -1.5 05:56 11.7 0.0 1.8 9.2 54.1 14:49 WNW 27 7.3 9.7 13:14 2.8 09:00 8.2 0.0 0.4 9.2 32.1 00:57 SW 28 9.1 11.9 13:23 5.5 06:45 6.4 0.0 3.6 15.9 67.6 01:08 WSW ---------------------------------------------------------------------------------- 4.4 12.6 25 -3.6 1 310.8 0.0 76.2 8.4 67.6 23 W Max >= 30.0 0 Max <= 0.0 0 Min <= 0.0 12 Min <= -18.0 0 Max Rain: 16.8 on day 22 Days of Rain: 18 (>= 0.2 mm) 11 (>= 1.0 mm) 0 (>= 25.0 mm) Heat Base: 15.5 Cool Base: 15.5 Method: Integration