NOAA-Style Climate Reports


Report for 2024 February
                   Monthly Climatological Summary for Feb 2024

Name: Willand   City: Willand   State: Devon, UK     (9am GMT end of day)
Elevation: 79 m  Lat: N 50° 53' 02"   Lon: W 003° 22' 23"

                  Temperature (°C), Rain (mm), Wind Speed (km/h)

                                      Heat  Cool        Avg
    Mean                              Deg   Deg         Wind                 Dom
Day Temp  High   Time   Low    Time   Days  Days  Rain  Speed High   Time    Dir
----------------------------------------------------------------------------------
01   5.9   8.6   08:59   2.6   20:45   9.6   0.0   0.0   3.6  16.0   15:46   SSW
02  10.4  11.7   15:01   8.5   09:00   5.0   0.0   0.2   9.5  41.0   13:20   WSW
03  10.9  12.5   13:41  10.2   05:05   4.5   0.0   0.2  12.0  44.0   14:06   WSW
04  10.1  12.4   13:04   8.2   06:30   5.4   0.0   0.2  12.4  39.0   12:03   WSW
05  10.7  11.8   02:39   9.0   09:01   4.8   0.0   0.0  15.4  57.0   04:08   WSW
06  10.4  13.8   12:23   5.1   08:03   5.1   0.0  17.2  16.1  55.0   17:55   WSW
07   6.3  10.8   08:56   4.9   22:57   9.2   0.0   8.0   5.6  39.0   07:21   ENE
08  10.6  12.6   11:49   9.3   18:46   4.9   0.0  16.2  10.7  41.0   17:54     S
09   7.8  12.0   12:14   3.3   06:55   7.7   0.0   7.8   4.4  30.0   11:26   SSW
10   8.0   9.7   12:54   5.1   09:00   7.5   0.0   9.6  11.4  51.0   12:38    SE
11   4.9   9.3   14:32   0.4   07:37  10.5   0.0   0.0   6.3  42.0   12:18     W
12   5.3   9.9   14:07   1.8   09:00  10.2   0.0   1.6   6.1  34.0   14:47   WSW
13  11.0  12.8   15:14   6.9   09:00   4.5   0.0   3.8   8.4  39.0   15:38   SSW
14  12.2  14.3   12:00  10.8   07:04   3.2   0.0   3.6   8.4  32.0   14:44     S
15  10.8  14.2   11:29   8.7   06:47   4.7   0.0  17.8   7.0  32.0   08:23   SSW
16   9.9  12.2   14:57   6.9   20:08   5.6   0.0   0.4   5.6  37.0   12:38   WSW
17  11.5  12.3   12:40  10.8   05:34   4.0   0.0  23.0   6.8  32.0   12:48     S
18  10.3  12.2   12:00   8.8   04:17   5.1   0.0   0.4   9.8  35.0   06:44     W
19   8.7  12.6   14:12   6.1   00:48   6.7   0.0   0.2   6.8  34.0   11:42     W
20   9.8  12.8   14:03   8.1   04:50   5.7   0.0  15.8   9.3  46.0   07:36   SSW
----------------------------------------------------------------------------------
     9.3  14.3    14     0.4    11   123.9   0.0 126.0   8.8  57.0     5      SW

Max >=  30.0  0
Max <=   0.0  0
Min <=   0.0  0
Min <= -18.0  0
Max Rain: 23.0 on day 17
Days of Rain: 17 (>= 0.2 mm)  11 (>= 1.0 mm)  0 (>= 25.0 mm)
Heat Base: 15.5  Cool Base: 22.0  Method: Integration