NOAA-Style Climate Reports


Report for 2020 July
                   Monthly Climatological Summary for Jul 2020

Name: Willand   City: Willand   State: Devon, UK     (9am GMT end of day)
Elevation: 79 m  Lat: N 50° 53' 02"   Lon: W 003° 22' 23"

                  Temperature (°C), Rain (mm), Wind Speed (km/h)

                                      Heat  Cool        Avg
    Mean                              Deg   Deg         Wind                 Dom
Day Temp  High   Time   Low    Time   Days  Days  Rain  Speed High   Time    Dir
----------------------------------------------------------------------------------
01  15.4  19.8   17:32  12.1   00:38   1.1   1.1   1.8   8.8  32.1   11:13   WSW
02  14.4  19.5   15:15   9.2   03:35   2.0   1.0   0.0   8.4  33.8   10:39   WSW
03  16.1  19.5   11:58  14.6   18:31   0.2   0.7   1.6   9.6  42.2   15:01    SW
04  17.1  21.2   15:39  14.3   06:59   0.1   1.7   0.6  13.7  52.4   09:20   WSW
05  14.6  18.3   16:35  11.9   01:02   1.5   0.5   0.0  16.9  52.4   15:26     W
06  13.8  19.0   17:49   8.4   04:50   2.4   0.7   0.0   7.4  32.1   11:05   WNW
07  16.4  19.8   15:03  14.4   22:40   0.2   1.1   0.2  11.1  35.5   15:42   WSW
08  17.1  19.4   12:06  14.7   05:30   0.1   1.6   0.0   9.5  33.8   15:16   WSW
09  15.2  21.1   14:04   9.5   05:15   1.5   1.2   0.0   8.4  28.7   13:08     W
10  13.3  19.6   09:59   6.6   05:03   2.9   0.8   0.0   6.7  33.8   17:48    NW
11  15.7  23.3   18:49   7.2   05:03   2.5   2.6   0.0   3.6  20.3   13:30    NW
12  16.7  24.9   13:33   8.5   05:20   2.0   3.1   0.0   2.9  16.9   12:02   SSE
13  17.3  22.7   14:02  15.1   03:58   0.1   1.9   0.6   6.3  33.8   14:53   WSW
14  15.5  19.9   12:34  13.2   01:23   0.9   0.9   0.0   8.4  33.8   17:00   WNW
----------------------------------------------------------------------------------
    15.6  24.9    12     6.6    10    17.5  18.9   4.8   8.7  52.4     4       W

Max >=  30.0  0
Max <=   0.0  0
Min <=   0.0  0
Min <= -18.0  0
Max Rain: 1.8 on day 1
Days of Rain: 5 (>= 0.2 mm)  2 (>= 1.0 mm)  0 (>= 25.0 mm)
Heat Base: 15.5  Cool Base: 15.5  Method: Integration