NOAA-Style Climate Reports


Report for 2021 April
                   Monthly Climatological Summary for Apr 2021

Name: Willand   City: Willand   State: Devon, UK     (9am GMT end of day)
Elevation: 79 m  Lat: N 50° 53' 02"   Lon: W 003° 22' 23"

                  Temperature (°C), Rain (mm), Wind Speed (km/h)

                                      Heat  Cool        Avg
    Mean                              Deg   Deg         Wind                 Dom
Day Temp  High   Time   Low    Time   Days  Days  Rain  Speed High   Time    Dir
----------------------------------------------------------------------------------
01   8.6  14.3   15:12   3.8   06:05   6.9   0.0   0.0  15.0  38.9   22:33   NNE
02   6.8  12.6   15:40   1.9   02:53   8.7   0.0   0.0  10.8  38.9   13:53   NNE
03   5.0  11.6   15:17  -1.0   06:54  10.5   0.0   0.0   7.4  32.1   10:25   NNE
04   9.4  15.6   15:20   6.1   22:12   6.0   0.0   0.0   9.9  43.9   09:25   WNW
05   3.8   9.3   15:37  -1.2   04:05  11.7   0.0   0.2   9.9  43.9   14:04    NW
06   3.1   7.8   13:49  -1.2   04:16  12.4   0.0   0.2  10.4  50.7   17:47    NW
07   4.1   8.6   09:55   0.3   22:29  11.4   0.0   0.0   4.9  25.3   16:26   WNW
08   6.9  11.4   14:44   0.9   06:44   8.6   0.0   0.0   5.2  27.0   17:02    SW
09   7.5  12.2   11:34   3.5   06:22   8.0   0.0   0.0   7.2  27.0   08:42   NNW
10   5.1  11.7   15:33  -0.8   06:21  10.4   0.0   0.0   7.6  33.8   19:36     N
11   4.3  10.9   15:06  -0.6   01:50  11.1   0.0   1.2   6.8  32.1   17:14    NW
12   5.4  11.3   15:06  -1.1   06:11  10.0   0.0   0.0   5.7  33.8   11:13    NW
13   5.8  12.9   13:18  -0.3   05:07   9.7   0.0   0.0   3.2  18.6   13:18    SE
14   7.6  14.8   14:12   0.1   04:57   7.9   0.0   0.0   5.1  22.0   12:49    NE
----------------------------------------------------------------------------------
     6.0  15.6     4    -1.2     5   133.3   0.0   1.6   7.8  50.7     6     NNW

Max >=  30.0  0
Max <=   0.0  0
Min <=   0.0  7
Min <= -18.0  0
Max Rain: 1.2 on day 11
Days of Rain: 3 (>= 0.2 mm)  1 (>= 1.0 mm)  0 (>= 25.0 mm)
Heat Base: 15.5  Cool Base: 22.0  Method: Integration