NOAA-Style Climate Reports


Report for 2020 November
                   Monthly Climatological Summary for Nov 2020

Name: Willand   City: Willand   State: Devon, UK     (9am GMT end of day)
Elevation: 79 m  Lat: N 50° 53' 02"   Lon: W 003° 22' 23"

                  Temperature (°C), Rain (mm), Wind Speed (km/h)

                                      Heat  Cool        Avg
    Mean                              Deg   Deg         Wind                 Dom
Day Temp  High   Time   Low    Time   Days  Days  Rain  Speed High   Time    Dir
----------------------------------------------------------------------------------
01  15.3  16.9   20:37  10.1   08:12   0.7   0.0   1.4  15.9  54.1   06:02    SW
02   7.9  13.3   13:39   4.0   06:48   7.6   0.0   7.0  12.1  59.1   14:06   WSW
03   3.9   9.7   13:12  -0.6   06:38  11.5   0.0   1.8   4.7  45.6   11:35   WSW
04   3.6  10.9   13:53  -0.7   06:08  11.9   0.0   0.2   2.4  20.3   14:40     N
05   5.1  11.3   13:53   1.5   01:00  10.4   0.0   0.0   4.6  20.3   07:01   NNE
06   8.6  12.4   13:55   4.1   09:00   6.9   0.0   0.0   6.7  28.7   13:19    NE
07  12.1  14.6   14:32   8.3   09:00   3.3   0.0   0.4   4.6  27.0   20:22   ENE
08  13.4  14.3   12:49  12.7   20:23   2.1   0.0   0.2   5.1  22.0   02:13    SE
09  12.3  15.1   12:38   9.0   06:46   3.2   0.0   5.4   5.5  30.4   10:48    SE
10  10.7  13.4   12:57   8.7   19:14   4.8   0.0   0.0   3.5  33.8   08:47     S
11  10.5  13.3   13:50   5.5   07:35   5.0   0.0  10.6  15.2  65.9   19:12   SSW
12  10.8  12.7   11:46   6.6   08:08   4.7   0.0   3.8   8.5  43.9   05:02   SSW
13  10.4  13.3   05:16   7.7   09:00   5.0   0.0   3.0   6.3  43.9   08:02   SSW
14  11.7  13.7   13:32   7.4   07:33   3.8   0.0  17.0  12.1  72.7   06:54   SSW
15   8.7  10.6   23:40   4.8   18:20   6.8   0.0   1.8  12.9  50.7   00:28   WSW
16  11.7  12.7   20:48   9.2   09:00   3.8   0.0   0.2  10.0  42.2   19:11    SW
17  12.6  13.7   12:33  12.0   17:08   2.9   0.0   0.0  10.5  40.6   08:01     S
18   9.8  14.9   12:51   6.9   22:08   5.7   0.0   1.0  16.0  62.5   13:03   WSW
19   6.0  10.5   14:00   2.1   00:28   9.5   0.0   1.6   5.6  37.2   09:13     W
20   9.6  10.6   06:51   6.4   09:00   5.8   0.0   1.4   7.6  28.7   02:31    SW
21  10.6  11.9   13:44   8.5   07:16   4.8   0.0   0.0   6.8  33.8   11:05    SW
22   7.8  11.6   13:40   4.3   07:38   7.7   0.0   0.0   0.5   8.4   16:16   SSE
23   9.8  11.6   15:01   5.1   09:06   5.7   0.0   0.4   5.1  27.0   00:26     S
24  11.2  12.9   12:21   8.3   08:44   4.2   0.0   1.6   9.2  43.9   13:17     S
----------------------------------------------------------------------------------
     9.8  16.9     1    -0.7     4   137.8   0.0  58.8   8.0  72.7    14     SSW

Max >=  30.0  0
Max <=   0.0  0
Min <=   0.0  2
Min <= -18.0  0
Max Rain: 17.0 on day 14
Days of Rain: 18 (>= 0.2 mm)  13 (>= 1.0 mm)  0 (>= 25.0 mm)
Heat Base: 15.5  Cool Base: 22.0  Method: Integration