NOAA-Style Climate Reports
Select a Year or Month report
2024: Jan Feb Mar Apr May Jun Jul Aug Sep Oct Nov Dec
2023: Jan Feb Mar Apr May Jun Jul Aug Sep Oct Nov Dec
2022: Jan Feb Mar Apr May Jun Jul Aug Sep Oct Nov Dec
2021: Jan Feb Mar Apr May Jun Jul Aug Sep Oct Nov Dec
2020: Jan Feb Mar Apr May Jun Jul Aug Sep Oct Nov Dec
2019: Jan Feb Mar Apr May Jun Jul Aug Sep Oct Nov Dec
2018: Jan Feb Mar Apr May Jun Jul Aug Sep Oct Nov Dec
2017: Jan Feb Mar Apr May Jun Jul Aug Sep Oct Nov Dec
2016: Jan Feb Mar Apr May Jun Jul Aug Sep Oct Nov Dec
2015: Jan Feb Mar Apr May Jun Jul Aug Sep Oct Nov Dec
2014: Jan Feb Mar Apr May Jun Jul Aug Sep Oct Nov Dec
2013: Jan Feb Mar Apr May Jun Jul Aug Sep Oct Nov Dec
2012: Jan Feb Mar Apr May Jun Jul Aug Sep Oct Nov Dec
2011: Jan Feb Mar Apr May Jun Jul Aug Sep Oct Nov Dec
2010: Jan Feb Mar Apr May Jun Jul Aug Sep Oct Nov Dec
2009: Jan Feb Mar Apr May Jun Jul Aug Sep Oct Nov Dec
2008: Jan Feb Mar Apr May Jun Jul Aug Sep Oct Nov Dec
2007: Jan Feb Mar Apr May Jun Jul Aug Sep Oct Nov Dec
2006: Jan Feb Mar Apr May Jun Jul Aug Sep Oct Nov Dec
2005: Jan Feb Mar Apr May Jun Jul Aug Sep Oct Nov Dec
2004: Jan Feb Mar Apr May Jun Jul Aug Sep Oct Nov Dec
2024: Jan Feb Mar Apr May Jun Jul Aug Sep Oct Nov Dec
2023: Jan Feb Mar Apr May Jun Jul Aug Sep Oct Nov Dec
2022: Jan Feb Mar Apr May Jun Jul Aug Sep Oct Nov Dec
2021: Jan Feb Mar Apr May Jun Jul Aug Sep Oct Nov Dec
2020: Jan Feb Mar Apr May Jun Jul Aug Sep Oct Nov Dec
2019: Jan Feb Mar Apr May Jun Jul Aug Sep Oct Nov Dec
2018: Jan Feb Mar Apr May Jun Jul Aug Sep Oct Nov Dec
2017: Jan Feb Mar Apr May Jun Jul Aug Sep Oct Nov Dec
2016: Jan Feb Mar Apr May Jun Jul Aug Sep Oct Nov Dec
2015: Jan Feb Mar Apr May Jun Jul Aug Sep Oct Nov Dec
2014: Jan Feb Mar Apr May Jun Jul Aug Sep Oct Nov Dec
2013: Jan Feb Mar Apr May Jun Jul Aug Sep Oct Nov Dec
2012: Jan Feb Mar Apr May Jun Jul Aug Sep Oct Nov Dec
2011: Jan Feb Mar Apr May Jun Jul Aug Sep Oct Nov Dec
2010: Jan Feb Mar Apr May Jun Jul Aug Sep Oct Nov Dec
2009: Jan Feb Mar Apr May Jun Jul Aug Sep Oct Nov Dec
2008: Jan Feb Mar Apr May Jun Jul Aug Sep Oct Nov Dec
2007: Jan Feb Mar Apr May Jun Jul Aug Sep Oct Nov Dec
2006: Jan Feb Mar Apr May Jun Jul Aug Sep Oct Nov Dec
2005: Jan Feb Mar Apr May Jun Jul Aug Sep Oct Nov Dec
2004: Jan Feb Mar Apr May Jun Jul Aug Sep Oct Nov Dec
Report for 2024 March
Monthly Climatological Summary for Mar 2024 Name: Willand City: Willand State: Devon, UK (9am GMT end of day) Elevation: 79 m Lat: N 50° 53' 02" Lon: W 003° 22' 23" Temperature (°C), Rain (mm), Wind Speed (km/h) Heat Cool Avg Mean Deg Deg Wind Dom Day Temp High Time Low Time Days Days Rain Speed High Time Dir ---------------------------------------------------------------------------------- 01 3.5 8.7 14:03 0.4 23:01 12.0 0.0 8.2 8.0 44.0 12:10 SW 02 2.1 7.7 12:59 -2.2 06:15 13.4 0.0 0.8 5.3 34.0 15:53 W 03 4.1 9.7 14:46 -0.3 03:32 11.3 0.0 0.2 1.8 39.0 08:51 S 04 4.9 8.5 11:44 1.4 00:13 10.6 0.0 11.0 10.9 69.0 15:43 SE 05 4.0 11.7 13:47 -1.6 06:56 11.5 0.0 0.0 2.7 28.0 13:59 NW 06 6.8 12.0 13:29 1.7 09:00 8.6 0.0 0.0 8.3 35.0 16:55 ESE 07 6.5 10.3 14:32 2.9 05:13 9.0 0.0 0.0 14.3 46.0 14:47 ENE 08 7.1 11.1 13:47 4.7 09:00 8.4 0.0 1.6 14.9 42.0 14:14 NE 09 7.4 9.4 14:44 5.6 04:10 8.1 0.0 9.0 8.6 37.0 09:00 ENE 10 7.4 12.6 14:06 4.2 03:26 8.1 0.0 3.8 3.1 19.0 14:02 WSW 11 8.9 11.8 15:40 5.6 22:22 6.6 0.0 9.0 6.5 39.0 08:51 SW 12 11.6 13.6 14:52 10.2 07:03 3.9 0.0 0.0 12.5 42.0 09:40 SW 13 11.2 13.0 16:01 10.0 05:20 4.3 0.0 0.0 9.8 37.0 15:12 SSW 14 11.1 12.6 16:37 9.3 05:27 4.4 0.0 4.4 9.8 39.0 17:18 SSW 15 7.9 13.9 11:36 2.6 05:37 7.5 0.0 3.8 7.2 44.0 11:46 WSW 16 10.5 11.8 08:59 5.6 09:00 5.0 0.0 22.0 8.8 35.0 10:52 SSE 17 10.1 15.8 13:42 4.7 01:30 5.4 0.0 0.0 6.1 39.0 12:16 WSW 18 12.0 16.6 13:33 10.3 21:08 3.5 0.0 0.4 10.1 35.4 12:08 SSW ---------------------------------------------------------------------------------- 7.6 16.6 18 -2.2 2 141.6 0.0 74.2 8.3 69.0 4 S Max >= 30.0 0 Max <= 0.0 0 Min <= 0.0 3 Min <= -18.0 0 Max Rain: 22.0 on day 16 Days of Rain: 12 (>= 0.2 mm) 9 (>= 1.0 mm) 0 (>= 25.0 mm) Heat Base: 15.5 Cool Base: 22.0 Method: Integration