NOAA-Style Climate Reports


Report for 2021 June
                   Monthly Climatological Summary for Jun 2021

Name: Willand   City: Willand   State: Devon, UK     (9am GMT end of day)
Elevation: 79 m  Lat: N 50° 53' 02"   Lon: W 003° 22' 23"

                  Temperature (°C), Rain (mm), Wind Speed (km/h)

                                      Heat  Cool        Avg
    Mean                              Deg   Deg         Wind                 Dom
Day Temp  High   Time   Low    Time   Days  Days  Rain  Speed High   Time    Dir
----------------------------------------------------------------------------------
01  19.1  26.1   14:44  12.2   01:06   0.9   1.2   0.0   8.1  37.2   12:06   ESE
02  16.1  22.4   14:42  12.6   03:38   0.8   0.0   1.0   5.0  23.7   10:50     S
03  12.3  19.3   14:06   4.4   05:45   4.0   0.0   0.0   4.1  25.3   15:37     W
04  14.5  23.2   15:15   6.1   05:27   2.9   0.0   0.0   3.3  28.7   14:27    SW
05  16.2  21.1   12:01  13.6   05:36   0.7   0.0   0.0   5.5  27.0   13:39     S
06  15.4  23.4   16:32   8.8   03:58   2.2   0.0   0.0   3.6  25.3   16:34   SSE
07  14.6  21.3   15:49   6.7   05:04   2.5   0.0   0.0   3.0  16.9   14:18    SW
08  16.2  23.7   14:44   7.6   04:56   2.3   0.1   0.0   4.6  27.0   15:22   SSE
09  18.2  23.3   15:34  15.1   05:24   0.0   0.0   0.0   5.6  25.3   11:13   SSW
10  18.8  23.9   17:29  15.3   02:45   0.0   0.0   0.6   6.4  29.0   08:18   SSW
11  16.5  22.2   13:02  11.1   05:05   0.8   0.0   0.0   7.4  29.0   16:08     W
12  17.5  23.9   16:52  10.6   05:25   1.3   0.3   0.0   6.0  29.0   16:00     W
13  19.9  27.5   17:07  11.6   04:57   0.8   1.7   0.0   4.5  25.0   12:17     S
14  17.5  25.9   15:34   9.6   04:56   1.6   0.7   0.0   7.9  30.0   18:34   WNW
15  17.8  26.6   15:53   9.7   05:26   1.4   0.9   0.0   4.1  27.0   18:40   SSE
16  18.0  26.3   16:33  12.8   03:15   0.9   0.6   1.2   5.2  20.0   18:23   WSW
17  17.3  23.2   15:30  14.3   05:30   0.3   0.1   0.0   9.2  39.0   04:19     N
----------------------------------------------------------------------------------
    16.8  27.5    13     4.4     3    23.4   5.6   2.8   5.5  39.0    17      SW

Max >=  30.0  0
Max <=   0.0  0
Min <=   0.0  0
Min <= -18.0  0
Max Rain: 1.2 on day 16
Days of Rain: 3 (>= 0.2 mm)  2 (>= 1.0 mm)  0 (>= 25.0 mm)
Heat Base: 15.5  Cool Base: 22.0  Method: Integration