NOAA-Style Climate Reports


Report for 2021 November
                   Monthly Climatological Summary for Nov 2021

Name: Willand   City: Willand   State: Devon, UK     (9am GMT end of day)
Elevation: 79 m  Lat: N 50° 53' 02"   Lon: W 003° 22' 23"

                  Temperature (°C), Rain (mm), Wind Speed (km/h)

                                      Heat  Cool        Avg
    Mean                              Deg   Deg         Wind                 Dom
Day Temp  High   Time   Low    Time   Days  Days  Rain  Speed High   Time    Dir
----------------------------------------------------------------------------------
01   5.6  11.2   10:19   1.9   07:29   9.9   0.0   4.2   3.3  35.0   10:16   WSW
02   4.5  11.9   14:53  -0.4   06:31  11.0   0.0   0.0   1.1  19.0   15:37    NW
03   6.5  11.2   12:18   2.9   06:55   9.0   0.0   0.4   3.7  24.0   17:05   NNW
04   4.9  10.3   13:51   0.5   04:50  10.5   0.0   0.0   4.4  37.0   10:27   NNW
05   9.2  12.3   13:22   5.3   09:00   6.3   0.0   0.0   3.0  19.0   23:59    SW
06  10.4  12.7   13:38   6.1   07:53   5.1   0.0   2.2   8.9  35.0   13:21   WSW
07   7.4  12.2   13:22   4.4   20:51   8.1   0.0   0.0   3.3  32.0   12:37   WNW
08  11.5  14.6   14:11   7.6   09:00   4.0   0.0   0.0   2.8  17.0   20:38   SSW
09  12.2  14.4   11:44  10.9   03:37   3.3   0.0   1.0   3.5  17.0   11:50     S
10  12.1  14.4   13:59  10.8   07:11   3.3   0.0   1.0   2.5  14.0   09:17   SSE
11  10.4  12.4   10:39   6.9   20:51   5.1   0.0   1.2   5.3  35.0   05:12     S
12  11.4  13.0   10:13   9.1   06:01   4.1   0.0   1.2  10.5  39.0   13:05     W
13  10.4  13.7   13:03   5.9   05:35   5.1   0.0   0.0   2.6  22.0   11:29    NW
14   8.5  12.8   14:03   5.2   03:35   7.0   0.0   0.0   3.1  19.0   13:46     N
15  10.0  12.2   13:33   8.4   09:00   5.5   0.0   0.0   0.4   8.0   08:55   NNE
16  10.0  13.5   13:36   6.9   08:33   5.4   0.0   0.0   3.0  19.0   13:21   WSW
17   9.3  12.6   13:22   7.4   01:31   6.2   0.0   0.0   2.7  24.0   11:39     W
18  11.2  13.9   12:58   9.6   09:00   4.3   0.0   0.0   5.2  25.0   14:07   WSW
19  10.3  12.2   14:53   8.7   06:40   5.2   0.0   0.2   1.1  15.0   12:59     W
20   8.5  11.2   13:04   3.6   07:57   7.0   0.0   0.0   2.5  25.0   08:43    NW
21   4.9   8.7   11:30   2.0   07:01  10.6   0.0   0.0   9.3  39.0   14:33     N
22   3.4   7.8   14:03  -0.6   07:33  12.1   0.0   0.0   6.5  37.0   11:34   NNE
23   6.8   8.0   14:43   0.8   09:00   8.7   0.0   0.0   2.6  24.0   11:16   NNE
24   6.0   8.5   14:23   3.5   08:24   9.5   0.0   0.0   2.7  25.0   06:04   NNW
25   4.5   8.4   08:58   0.5   22:53  11.0   0.0   4.0   5.9  41.0   08:52    NW
26   5.4   9.7   11:45   2.2   19:16  10.1   0.0   5.2  23.8  81.0   04:52    NW
27   2.8   6.1   11:50  -0.6   05:28  12.7   0.0   0.0  13.2  63.0   09:46   NNW
----------------------------------------------------------------------------------
     8.1  14.6     8    -0.6    22   200.1   0.0  20.6   5.1  81.0    26     WNW

Max >=  30.0  0
Max <=   0.0  0
Min <=   0.0  3
Min <= -18.0  0
Max Rain: 5.2 on day 26
Days of Rain: 10 (>= 0.2 mm)  8 (>= 1.0 mm)  0 (>= 25.0 mm)
Heat Base: 15.5  Cool Base: 22.0  Method: Integration