NOAA-Style Climate Reports
Select a Year or Month report
2024: Jan Feb Mar Apr May Jun Jul Aug Sep Oct Nov Dec
2023: Jan Feb Mar Apr May Jun Jul Aug Sep Oct Nov Dec
2022: Jan Feb Mar Apr May Jun Jul Aug Sep Oct Nov Dec
2021: Jan Feb Mar Apr May Jun Jul Aug Sep Oct Nov Dec
2020: Jan Feb Mar Apr May Jun Jul Aug Sep Oct Nov Dec
2019: Jan Feb Mar Apr May Jun Jul Aug Sep Oct Nov Dec
2018: Jan Feb Mar Apr May Jun Jul Aug Sep Oct Nov Dec
2017: Jan Feb Mar Apr May Jun Jul Aug Sep Oct Nov Dec
2016: Jan Feb Mar Apr May Jun Jul Aug Sep Oct Nov Dec
2015: Jan Feb Mar Apr May Jun Jul Aug Sep Oct Nov Dec
2014: Jan Feb Mar Apr May Jun Jul Aug Sep Oct Nov Dec
2013: Jan Feb Mar Apr May Jun Jul Aug Sep Oct Nov Dec
2012: Jan Feb Mar Apr May Jun Jul Aug Sep Oct Nov Dec
2011: Jan Feb Mar Apr May Jun Jul Aug Sep Oct Nov Dec
2010: Jan Feb Mar Apr May Jun Jul Aug Sep Oct Nov Dec
2009: Jan Feb Mar Apr May Jun Jul Aug Sep Oct Nov Dec
2008: Jan Feb Mar Apr May Jun Jul Aug Sep Oct Nov Dec
2007: Jan Feb Mar Apr May Jun Jul Aug Sep Oct Nov Dec
2006: Jan Feb Mar Apr May Jun Jul Aug Sep Oct Nov Dec
2005: Jan Feb Mar Apr May Jun Jul Aug Sep Oct Nov Dec
2004: Jan Feb Mar Apr May Jun Jul Aug Sep Oct Nov Dec
2024: Jan Feb Mar Apr May Jun Jul Aug Sep Oct Nov Dec
2023: Jan Feb Mar Apr May Jun Jul Aug Sep Oct Nov Dec
2022: Jan Feb Mar Apr May Jun Jul Aug Sep Oct Nov Dec
2021: Jan Feb Mar Apr May Jun Jul Aug Sep Oct Nov Dec
2020: Jan Feb Mar Apr May Jun Jul Aug Sep Oct Nov Dec
2019: Jan Feb Mar Apr May Jun Jul Aug Sep Oct Nov Dec
2018: Jan Feb Mar Apr May Jun Jul Aug Sep Oct Nov Dec
2017: Jan Feb Mar Apr May Jun Jul Aug Sep Oct Nov Dec
2016: Jan Feb Mar Apr May Jun Jul Aug Sep Oct Nov Dec
2015: Jan Feb Mar Apr May Jun Jul Aug Sep Oct Nov Dec
2014: Jan Feb Mar Apr May Jun Jul Aug Sep Oct Nov Dec
2013: Jan Feb Mar Apr May Jun Jul Aug Sep Oct Nov Dec
2012: Jan Feb Mar Apr May Jun Jul Aug Sep Oct Nov Dec
2011: Jan Feb Mar Apr May Jun Jul Aug Sep Oct Nov Dec
2010: Jan Feb Mar Apr May Jun Jul Aug Sep Oct Nov Dec
2009: Jan Feb Mar Apr May Jun Jul Aug Sep Oct Nov Dec
2008: Jan Feb Mar Apr May Jun Jul Aug Sep Oct Nov Dec
2007: Jan Feb Mar Apr May Jun Jul Aug Sep Oct Nov Dec
2006: Jan Feb Mar Apr May Jun Jul Aug Sep Oct Nov Dec
2005: Jan Feb Mar Apr May Jun Jul Aug Sep Oct Nov Dec
2004: Jan Feb Mar Apr May Jun Jul Aug Sep Oct Nov Dec
Report for 2014
Annual Climatological Summary for 2014 Name: Willand City: Willand State: Devon, UK (9am GMT end of day) Elevation: 79 m Lat: N 50° 53' 03" Lon: W 003° 22' 25" Temperature (°C), Heat Base: 15.5 Cool Base: 15.5 Dep. Heat Cool Max Max Min Min Mean Mean From Deg Deg >= <= <= <= YR MO Max Min Mean Norm Days Days Hi Date Low Date 30.0 0.0 0.0 -18.0 ------------------------------------------------------------------------------------ 14 1 9.2 2.1 5.9 0.4 296 0 12.7 5 -2.2 13 0 0 8 0 14 2 9.6 2.8 6.2 0.5 260 0 12.2 24 -1.6 15 0 0 2 0 14 3 12.3 3.6 7.6 -0.3 245 0 18.4 30 -1.8 23 0 0 2 0 14 4 15.4 6.3 10.2 0.3 159 1 18.4 1 1.5 18 0 0 0 0 14 5 17.7 8.4 12.5 -0.8 106 14 24.3 16 3.5 3 0 0 0 0 14 6 22.4 11.2 16.4 0.2 39 67 26.5 22 8.2 11 0 0 0 0 14 7 24.2 12.9 18.2 0.2 20 104 30.1 26 8.3 1 1 0 0 0 14 8 20.1 10.4 14.8 -2.8 55 33 23.8 6 4.0 19 0 0 0 0 14 9 21.2 10.4 15.1 -0.1 54 42 23.8 6 4.2 22 0 0 0 0 14 10 16.1 9.3 12.5 1.1 100 6 21.3 2 2.3 4 0 0 0 0 14 11 11.8 5.1 8.5 0.4 209 0 16.4 1 -1.4 23 0 0 3 0 14 12 9.0 2.0 5.6 -0.1 304 0 12.4 18 -5.8 28 0 0 12 0 ------------------------------------------------------------------------------------ 15.7 7.0 11.1 -0.1 1852 270 30.1 Jul -5.8 Dec 1 0 27 0 Precipitation (mm) Dep. Max Days of Rain From Obs. >= YR MO Total Norm Day Date 0.2 1.0 25.0 --------------------------------------------- 14 1 197.7 101.4 19.2 1 26 22 0 14 2 211.2 138.9 38.0 4 28 24 1 14 3 41.2 -29.8 11.2 2 14 9 0 14 4 78.6 12.1 20.6 20 16 13 0 14 5 82.4 23.2 13.8 21 21 15 0 14 6 69.8 12.7 20.8 26 13 9 0 14 7 31.6 -26.6 11.0 7 9 4 0 14 8 141.6 82.5 35.8 25 23 13 2 14 9 11.8 -53.4 8.0 18 7 3 0 14 10 85.2 -12.9 18.0 5 23 13 0 14 11 146.8 51.1 23.0 11 25 18 0 14 12 51.0 -52.1 12.6 11 17 11 0 --------------------------------------------- 1148.9 247.1 38.0 Feb 222 154 3 Wind Speed (km/h) Dom YR MO Avg. Hi Date Dir ------------------------------ 14 1 8.1 70.8 3 SSW 14 2 13.8 93.8 14 SW 14 3 8.7 65.5 21 WSW 14 4 7.8 63.7 25 S 14 5 7.7 81.4 10 WSW 14 6 5.8 54.9 4 E 14 7 6.7 40.7 4 WNW 14 8 7.8 56.3 10 WSW 14 9 4.9 38.8 24 NE 14 10 7.2 64.3 5 SSW 14 11 7.4 79.4 13 SE 14 12 8.9 77.7 26 W ------------------------------ 7.9 93.8 Feb SW