NOAA-Style Climate Reports


Report for 2022
                   Annual Climatological Summary for 2022

Name: Willand   City: Willand   State: Devon, UK     (9am GMT end of day)
Elevation: 79 m  Lat: N 50° 53' 02"   Lon: W 003° 22' 23"

                  Temperature (°C), Heat Base: 15.5  Cool Base: 22.0
                          Dep.  Heat  Cool                       Max  Max  Min  Min
        Mean  Mean        From  Deg   Deg                        >=   <=   <=   <=
 YR MO  Max   Min   Mean  Norm  Days  Days  Hi  Date  Low  Date 30.0  0.0  0.0 -18.0
------------------------------------------------------------------------------------
 22  1   8.7   1.3   5.1  -0.4   321     0  14.6   1  -4.6   20    0    0   12    0
 22  2  10.6   3.3   7.4   1.7   227     0  13.6  16  -2.3   10    0    0    4    0
 22  3  13.1   3.7   7.9   0.0   237     0  19.2  27  -0.3   13    0    0    2    0
 22  4  15.4   4.7   9.6  -0.3   182     0  20.3  16  -2.7    2    0    0    4    0
 22  5  18.7   8.2  13.1   5.2    95     0  22.3  22   4.1   31    0    0    0    0
 22  6  21.8   9.5  15.4  -0.8    60     9  33.1  17   5.2    1    1    0    0    0
 22  7  18.9   9.5  14.2  -3.8     6     0  19.5   3   7.9    3    0    0    0    0
 22  8
 22  9
 22 10
 22 11
 22 12
------------------------------------------------------------------------------------
        14.8   5.2   9.8  -0.3  1128     9  33.1 Jun  -4.6  Jan    1    0   22    0

                                Precipitation (mm)

              Dep.   Max        Days of Rain
              From   Obs.           >=
 YR MO Total  Norm   Day Date  0.2  1.0 25.0
---------------------------------------------
 22  1  47.6 -48.7  11.4   2    14    7    0
 22  2  75.6   3.3  14.0  13    23   14    0
 22  3  73.8   2.8  11.8  12    13   11    0
 22  4  27.2 -39.3  10.2   6    14    6    0
 22  5  43.2 -27.8   5.2  14    17   13    0
 22  6  68.8  11.7  18.6  25    15   11    0
 22  7   1.6 -56.6   1.2   2     2    1    0
---------------------------------------------
       337.8-154.6  18.6  Jun   98   63    0

                                Wind Speed (km/h)
                          Dom
 YR MO   Avg.  Hi   Date  Dir
------------------------------
 22  1   5.3  56.0   28     W
 22  2  12.2 101.0   18   WSW
 22  3   8.6  74.0   12     E
 22  4   8.2  69.0    6     N
 22  5   6.0  47.0   17   WSW
 22  6   6.7  51.0   27    SW
 22  7   7.0  35.0    3   WSW
 22  8
 22  9
 22 10
 22 11
 22 12
------------------------------
         7.8 101.0  Feb   WSW