NOAA-Style Climate Reports


Report for 2020
                   Annual Climatological Summary for 2020

Name: Willand   City: Willand   State: Devon, UK     (9am GMT end of day)
Elevation: 79 m  Lat: N 50° 53' 02"   Lon: W 003° 22' 23"

                  Temperature (°C), Heat Base: 15.5  Cool Base: 22.0
                          Dep.  Heat  Cool                       Max  Max  Min  Min
        Mean  Mean        From  Deg   Deg                        >=   <=   <=   <=
 YR MO  Max   Min   Mean  Norm  Days  Days  Hi  Date  Low  Date 30.0  0.0  0.0 -18.0
------------------------------------------------------------------------------------
 20  1   9.2   3.7   6.4   0.9   280     0  13.2  14  -3.3   19    0    0    5    0
 20  2  10.4   4.1   7.3   1.6   237     0  13.5   9   0.4   27    0    0    0    0
 20  3  11.4   3.0   6.9  -1.0   264     0  16.4  25  -1.6   31    0    0    5    0
 20  4  18.0   6.1  11.6   1.7   141    23  26.7  11   0.1   13    0    0    0    0
 20  5  20.9   6.9  13.7   5.8   108    53  28.3  27  -0.2   11    0    0    1    0
 20  6  21.0  11.0  15.5  -0.7    52    53  31.2  25   5.4    5    2    0    0    0
 20  7  22.0  11.6  16.4  -1.6    35    60  30.8  31   6.6   10    1    0    0    0
 20  8  22.9  13.5  17.5  -0.1    25    14  33.7  12   7.1   31    3    0    0    0
 20  9  20.4   9.9  14.6  -0.6    64     3  28.4  14   3.1   27    0    0    0    0
 20 10
 20 11
 20 12
------------------------------------------------------------------------------------
        17.4   7.8  12.2   0.7  1207   205  33.7 Aug  -3.3  Jan    6    0   11    0

                                Precipitation (mm)

              Dep.   Max        Days of Rain
              From   Obs.           >=
 YR MO Total  Norm   Day Date  0.2  1.0 25.0
---------------------------------------------
 20  1  78.0 -18.3  13.2  16    22   14    0
 20  2 181.2 108.9  24.0  12    26   23    0
 20  3  65.2  -5.8  11.2   4    16   13    0
 20  4  32.8 -33.7   7.6  29     7    7    0
 20  5   8.4 -62.6   5.0   5     7    2    0
 20  6 125.4  68.3  40.0  18    20   12    1
 20  7  42.6 -15.6  23.0  25    11    7    0
 20  8 105.0  45.9  25.6  27    16   14    1
 20  9  18.2 -47.0   5.8  23     7    6    0
---------------------------------------------
       656.8  40.1  40.0  Jun  132   98    2

                                Wind Speed (km/h)
                          Dom
 YR MO   Avg.  Hi   Date  Dir
------------------------------
 20  1   7.3  62.5   14    SW
 20  2  14.5  84.5   10   WSW
 20  3  11.4  67.6   12   NNW
 20  4   7.7  57.5   12    NE
 20  5   7.6  62.5   10     N
 20  6   7.9  52.4   29   WSW
 20  7   7.4  52.4    4     W
 20  8   7.1  65.9   25   WSW
 20  9   6.4  57.5   25    NW
 20 10
 20 11
 20 12
------------------------------
         8.6  84.5  Feb     W