NOAA-Style Climate Reports
Select a Year or Month report
2024: Jan Feb Mar Apr May Jun Jul Aug Sep Oct Nov Dec
2023: Jan Feb Mar Apr May Jun Jul Aug Sep Oct Nov Dec
2022: Jan Feb Mar Apr May Jun Jul Aug Sep Oct Nov Dec
2021: Jan Feb Mar Apr May Jun Jul Aug Sep Oct Nov Dec
2020: Jan Feb Mar Apr May Jun Jul Aug Sep Oct Nov Dec
2019: Jan Feb Mar Apr May Jun Jul Aug Sep Oct Nov Dec
2018: Jan Feb Mar Apr May Jun Jul Aug Sep Oct Nov Dec
2017: Jan Feb Mar Apr May Jun Jul Aug Sep Oct Nov Dec
2016: Jan Feb Mar Apr May Jun Jul Aug Sep Oct Nov Dec
2015: Jan Feb Mar Apr May Jun Jul Aug Sep Oct Nov Dec
2014: Jan Feb Mar Apr May Jun Jul Aug Sep Oct Nov Dec
2013: Jan Feb Mar Apr May Jun Jul Aug Sep Oct Nov Dec
2012: Jan Feb Mar Apr May Jun Jul Aug Sep Oct Nov Dec
2011: Jan Feb Mar Apr May Jun Jul Aug Sep Oct Nov Dec
2010: Jan Feb Mar Apr May Jun Jul Aug Sep Oct Nov Dec
2009: Jan Feb Mar Apr May Jun Jul Aug Sep Oct Nov Dec
2008: Jan Feb Mar Apr May Jun Jul Aug Sep Oct Nov Dec
2007: Jan Feb Mar Apr May Jun Jul Aug Sep Oct Nov Dec
2006: Jan Feb Mar Apr May Jun Jul Aug Sep Oct Nov Dec
2005: Jan Feb Mar Apr May Jun Jul Aug Sep Oct Nov Dec
2004: Jan Feb Mar Apr May Jun Jul Aug Sep Oct Nov Dec
2024: Jan Feb Mar Apr May Jun Jul Aug Sep Oct Nov Dec
2023: Jan Feb Mar Apr May Jun Jul Aug Sep Oct Nov Dec
2022: Jan Feb Mar Apr May Jun Jul Aug Sep Oct Nov Dec
2021: Jan Feb Mar Apr May Jun Jul Aug Sep Oct Nov Dec
2020: Jan Feb Mar Apr May Jun Jul Aug Sep Oct Nov Dec
2019: Jan Feb Mar Apr May Jun Jul Aug Sep Oct Nov Dec
2018: Jan Feb Mar Apr May Jun Jul Aug Sep Oct Nov Dec
2017: Jan Feb Mar Apr May Jun Jul Aug Sep Oct Nov Dec
2016: Jan Feb Mar Apr May Jun Jul Aug Sep Oct Nov Dec
2015: Jan Feb Mar Apr May Jun Jul Aug Sep Oct Nov Dec
2014: Jan Feb Mar Apr May Jun Jul Aug Sep Oct Nov Dec
2013: Jan Feb Mar Apr May Jun Jul Aug Sep Oct Nov Dec
2012: Jan Feb Mar Apr May Jun Jul Aug Sep Oct Nov Dec
2011: Jan Feb Mar Apr May Jun Jul Aug Sep Oct Nov Dec
2010: Jan Feb Mar Apr May Jun Jul Aug Sep Oct Nov Dec
2009: Jan Feb Mar Apr May Jun Jul Aug Sep Oct Nov Dec
2008: Jan Feb Mar Apr May Jun Jul Aug Sep Oct Nov Dec
2007: Jan Feb Mar Apr May Jun Jul Aug Sep Oct Nov Dec
2006: Jan Feb Mar Apr May Jun Jul Aug Sep Oct Nov Dec
2005: Jan Feb Mar Apr May Jun Jul Aug Sep Oct Nov Dec
2004: Jan Feb Mar Apr May Jun Jul Aug Sep Oct Nov Dec
Report for 2004 December
Monthly Climatological Summary for Dec 2004 Name: Willand City: Willand State: Devon, UK (9am GMT end of day) Elevation: 79 m Lat: N 50° 53' 03" Lon: W 003° 22' 25" Temperature (°C), Rain (mm), Wind Speed (km/h) Heat Cool Avg Mean Deg Deg Wind Dom Day Temp High Time Low Time Days Days Rain Speed High Time Dir ---------------------------------------------------------------------------------- 1 3.5 7.0 13:40 0.6 02:20 12.0 0.0 0.0 2.6 16.3 12:00 NE 2 2.0 9.0 13:00 -3.1 06:40 13.5 0.0 0.0 0.9 10.2 13:50 N 3 4.0 7.1 14:10 -2.3 09:00 11.5 0.0 0.0 0.0 6.2 13:20 SSE 4 6.0 10.5 14:10 2.4 03:00 9.5 0.0 0.0 0.1 6.2 15:10 SSE 5 9.2 11.3 13:50 6.8 09:00 6.3 0.0 0.3 1.8 14.3 14:10 W 6 6.0 11.3 13:20 2.6 22:30 9.5 0.0 0.0 1.1 14.3 12:50 W 7 6.9 9.3 14:10 4.0 03:10 8.6 0.0 0.0 0.0 6.2 01:40 NW 8 8.3 9.6 13:30 7.2 09:00 7.2 0.0 0.0 4.2 14.3 06:50 E 9 7.1 9.2 11:20 6.1 21:10 8.4 0.0 0.0 3.1 18.4 13:20 ESE 10 7.9 8.8 13:40 6.5 09:10 7.6 0.0 0.0 0.3 6.2 11:00 SSW 11 7.3 10.9 13:10 3.7 20:10 8.2 0.0 0.0 4.0 20.4 05:10 ENE 12 5.4 6.8 13:20 4.4 00:30 10.1 0.0 0.0 6.4 24.4 09:00 ENE 13 6.9 8.5 08:50 5.1 09:00 8.6 0.0 0.0 0.5 10.2 10:50 NE 14 9.8 11.3 13:20 8.6 09:00 5.7 0.0 0.0 3.4 16.3 13:10 SSW 15 11.1 12.7 13:00 8.3 08:50 4.4 0.0 2.7 6.3 26.5 06:40 SW 16 8.9 11.8 08:50 7.4 01:40 6.6 0.0 3.3 14.5 46.9 08:40 WNW 17 5.7 11.9 09:00 1.8 03:10 9.8 0.0 0.3 10.4 48.8 14:20 NW 18 5.2 9.2 13:00 0.7 04:40 10.3 0.0 36.9 8.0 30.6 23:10 NE 19 0.4 4.9 12:40 -3.4 05:10 15.1 0.0 0.6 3.9 26.5 09:50 NNE 20 2.4 6.2 13:30 -2.0 09:00 13.1 0.0 2.1 1.7 18.4 11:40 WSW 21 4.2 9.1 08:50 0.1 19:50 11.3 0.0 1.8 4.6 34.7 07:40 WSW 22 11.4 12.3 16:40 9.2 09:00 4.1 0.0 1.5 14.5 34.7 12:20 WNW 23 10.7 12.6 13:20 8.3 08:50 4.8 0.0 0.0 15.6 42.8 14:10 W 24 5.4 11.5 13:50 0.0 07:10 10.1 0.0 4.2 9.1 40.7 14:10 W 25 1.2 4.5 12:00 -0.8 19:50 14.3 0.0 0.9 1.5 14.3 09:00 WNW 26 0.8 5.2 12:40 -3.3 07:10 14.7 0.0 3.9 0.8 14.3 12:10 NNW 27 4.4 9.3 00:10 -3.1 09:00 11.1 0.0 7.5 6.5 32.6 01:20 W 28 3.8 7.9 14:20 0.0 08:50 11.7 0.0 0.6 5.1 30.6 12:30 WNW 29 8.8 11.7 04:30 0.3 09:00 6.7 0.0 0.6 4.4 22.4 01:30 W 30 11.2 13.5 14:10 9.5 01:40 4.3 0.0 0.3 12.5 34.7 08:20 W 31 7.7 11.3 12:30 4.0 02:40 7.8 0.0 0.0 3.3 22.4 11:40 W ---------------------------------------------------------------------------------- 6.2 13.5 30 -3.4 19 286.9 0.0 67.5 4.8 48.8 17 WNW Max >= 30.0: 0 Max <= 0.0: 0 Min <= 0.0: 9 Min <= -18.0: 0 Max Rain: 36.9 on day 18 Days of Rain: 16 (>= 0.2 mm) 9 (>= 1.0 mm) 1 (>= 25.0 mm) Heat Base: 15.5 Cool Base: 15.5 Method: Integration