NOAA-Style Climate Reports
Select a Year or Month report
2024: Jan Feb Mar Apr May Jun Jul Aug Sep Oct Nov Dec
2023: Jan Feb Mar Apr May Jun Jul Aug Sep Oct Nov Dec
2022: Jan Feb Mar Apr May Jun Jul Aug Sep Oct Nov Dec
2021: Jan Feb Mar Apr May Jun Jul Aug Sep Oct Nov Dec
2020: Jan Feb Mar Apr May Jun Jul Aug Sep Oct Nov Dec
2019: Jan Feb Mar Apr May Jun Jul Aug Sep Oct Nov Dec
2018: Jan Feb Mar Apr May Jun Jul Aug Sep Oct Nov Dec
2017: Jan Feb Mar Apr May Jun Jul Aug Sep Oct Nov Dec
2016: Jan Feb Mar Apr May Jun Jul Aug Sep Oct Nov Dec
2015: Jan Feb Mar Apr May Jun Jul Aug Sep Oct Nov Dec
2014: Jan Feb Mar Apr May Jun Jul Aug Sep Oct Nov Dec
2013: Jan Feb Mar Apr May Jun Jul Aug Sep Oct Nov Dec
2012: Jan Feb Mar Apr May Jun Jul Aug Sep Oct Nov Dec
2011: Jan Feb Mar Apr May Jun Jul Aug Sep Oct Nov Dec
2010: Jan Feb Mar Apr May Jun Jul Aug Sep Oct Nov Dec
2009: Jan Feb Mar Apr May Jun Jul Aug Sep Oct Nov Dec
2008: Jan Feb Mar Apr May Jun Jul Aug Sep Oct Nov Dec
2007: Jan Feb Mar Apr May Jun Jul Aug Sep Oct Nov Dec
2006: Jan Feb Mar Apr May Jun Jul Aug Sep Oct Nov Dec
2005: Jan Feb Mar Apr May Jun Jul Aug Sep Oct Nov Dec
2004: Jan Feb Mar Apr May Jun Jul Aug Sep Oct Nov Dec
2024: Jan Feb Mar Apr May Jun Jul Aug Sep Oct Nov Dec
2023: Jan Feb Mar Apr May Jun Jul Aug Sep Oct Nov Dec
2022: Jan Feb Mar Apr May Jun Jul Aug Sep Oct Nov Dec
2021: Jan Feb Mar Apr May Jun Jul Aug Sep Oct Nov Dec
2020: Jan Feb Mar Apr May Jun Jul Aug Sep Oct Nov Dec
2019: Jan Feb Mar Apr May Jun Jul Aug Sep Oct Nov Dec
2018: Jan Feb Mar Apr May Jun Jul Aug Sep Oct Nov Dec
2017: Jan Feb Mar Apr May Jun Jul Aug Sep Oct Nov Dec
2016: Jan Feb Mar Apr May Jun Jul Aug Sep Oct Nov Dec
2015: Jan Feb Mar Apr May Jun Jul Aug Sep Oct Nov Dec
2014: Jan Feb Mar Apr May Jun Jul Aug Sep Oct Nov Dec
2013: Jan Feb Mar Apr May Jun Jul Aug Sep Oct Nov Dec
2012: Jan Feb Mar Apr May Jun Jul Aug Sep Oct Nov Dec
2011: Jan Feb Mar Apr May Jun Jul Aug Sep Oct Nov Dec
2010: Jan Feb Mar Apr May Jun Jul Aug Sep Oct Nov Dec
2009: Jan Feb Mar Apr May Jun Jul Aug Sep Oct Nov Dec
2008: Jan Feb Mar Apr May Jun Jul Aug Sep Oct Nov Dec
2007: Jan Feb Mar Apr May Jun Jul Aug Sep Oct Nov Dec
2006: Jan Feb Mar Apr May Jun Jul Aug Sep Oct Nov Dec
2005: Jan Feb Mar Apr May Jun Jul Aug Sep Oct Nov Dec
2004: Jan Feb Mar Apr May Jun Jul Aug Sep Oct Nov Dec
Report for 2005 May
Monthly Climatological Summary for May 2005 Name: Willand City: Willand State: Devon, UK (9am GMT end of day) Elevation: 79 m Lat: N 50° 53' 03" Lon: W 003° 22' 25" Temperature (°C), Rain (mm), Wind Speed (km/h) Heat Cool Avg Mean Deg Deg Wind Dom Day Temp High Time Low Time Days Days Rain Speed High Time Dir ---------------------------------------------------------------------------------- 1 13.5 18.4 15:00 9.3 06:20 2.0 0.0 0.0 4.1 22.4 13:50 S 2 13.8 18.5 14:40 10.1 06:50 1.7 0.0 10.2 8.4 26.5 19:30 S 3 12.0 14.7 17:10 8.9 05:40 3.5 0.0 0.6 9.0 26.5 14:20 WNW 4 11.5 17.2 16:40 6.6 02:30 4.0 0.0 0.0 2.9 18.4 14:50 NNW 5 12.6 18.2 13:10 9.4 00:20 2.9 0.0 0.0 9.6 28.5 14:50 WNW 6 13.1 16.6 14:10 10.5 06:40 2.4 0.0 0.0 12.6 26.5 14:30 WNW 7 9.8 14.7 13:10 4.7 05:40 5.7 0.0 0.0 7.7 26.5 13:50 WNW 8 8.5 15.0 16:00 1.7 05:20 7.0 0.0 0.0 6.9 26.5 16:10 NW 9 9.4 16.4 13:40 3.0 03:00 6.1 0.0 0.0 4.1 18.4 09:00 N 10 9.8 16.8 13:20 3.2 02:30 5.7 0.0 0.0 5.4 22.4 12:40 NE 11 9.8 17.8 14:50 3.1 06:00 5.7 0.0 0.0 6.3 22.4 10:10 ENE 12 11.2 18.0 14:20 5.6 04:50 4.3 0.0 0.0 13.7 42.8 08:50 NE 13 11.0 16.9 16:20 6.4 08:10 4.5 0.0 0.3 13.9 34.7 14:20 NE 14 9.1 11.0 19:50 5.7 06:10 6.4 0.0 3.0 4.8 18.4 12:30 NE 15 10.2 15.5 15:00 4.3 05:40 5.3 0.0 0.0 1.8 14.3 11:40 SE 16 12.4 20.9 12:40 5.0 04:50 3.1 0.0 2.4 5.7 22.4 22:30 NNE 17 8.9 16.5 15:10 1.4 05:30 6.6 0.0 0.0 2.9 24.4 11:30 ENE 18 12.0 14.8 12:00 10.0 21:40 3.5 0.0 1.2 9.0 26.5 16:20 S 19 14.8 20.0 12:50 12.2 05:20 0.7 0.0 10.2 9.6 24.4 09:30 SW 20 11.0 16.8 11:40 4.9 03:50 4.5 0.0 11.1 5.0 26.5 12:20 W 21 11.2 15.6 13:10 6.7 05:20 4.3 0.0 10.8 10.3 34.7 01:50 SW 22 10.3 15.9 16:00 4.4 05:40 5.2 0.0 4.8 7.2 16.6 12:30 WSW 23 12.3 16.2 14:00 9.6 00:40 3.2 0.0 2.7 10.8 29.5 15:30 SW 24 15.4 19.5 14:10 11.4 01:40 0.1 0.0 0.0 10.2 38.9 14:40 W 25 14.0 19.6 12:10 8.9 04:30 1.5 0.0 0.0 3.6 16.6 10:40 SSE 26 16.7 20.9 17:10 13.1 05:00 0.0 1.2 0.0 2.4 14.8 09:20 SW 27 18.5 26.5 14:20 13.8 04:20 0.0 3.0 0.0 9.7 37.1 08:30 SSW 28 12.3 19.1 16:40 5.6 05:20 3.2 0.0 0.0 7.5 40.7 15:00 W 29 13.9 21.1 14:30 9.3 05:30 1.6 0.0 0.0 3.3 16.6 08:00 WNW 30 13.3 20.4 16:20 6.6 02:20 2.2 0.0 0.0 3.4 16.6 10:00 WNW 31 14.2 18.1 16:10 10.1 00:10 1.3 0.0 0.3 2.5 14.8 14:20 S ---------------------------------------------------------------------------------- 12.1 26.5 27 1.4 17 108.2 4.2 57.6 6.9 42.8 12 W Max >= 30.0: 0 Max <= 0.0: 0 Min <= 0.0: 0 Min <= -18.0: 0 Max Rain: 11.1 on day 20 Days of Rain: 12 (>= 0.2 mm) 9 (>= 1.0 mm) 0 (>= 25.0 mm) Heat Base: 15.5 Cool Base: 15.5 Method: Integration