NOAA-Style Climate Reports
Select a Year or Month report
2024: Jan Feb Mar Apr May Jun Jul Aug Sep Oct Nov Dec
2023: Jan Feb Mar Apr May Jun Jul Aug Sep Oct Nov Dec
2022: Jan Feb Mar Apr May Jun Jul Aug Sep Oct Nov Dec
2021: Jan Feb Mar Apr May Jun Jul Aug Sep Oct Nov Dec
2020: Jan Feb Mar Apr May Jun Jul Aug Sep Oct Nov Dec
2019: Jan Feb Mar Apr May Jun Jul Aug Sep Oct Nov Dec
2018: Jan Feb Mar Apr May Jun Jul Aug Sep Oct Nov Dec
2017: Jan Feb Mar Apr May Jun Jul Aug Sep Oct Nov Dec
2016: Jan Feb Mar Apr May Jun Jul Aug Sep Oct Nov Dec
2015: Jan Feb Mar Apr May Jun Jul Aug Sep Oct Nov Dec
2014: Jan Feb Mar Apr May Jun Jul Aug Sep Oct Nov Dec
2013: Jan Feb Mar Apr May Jun Jul Aug Sep Oct Nov Dec
2012: Jan Feb Mar Apr May Jun Jul Aug Sep Oct Nov Dec
2011: Jan Feb Mar Apr May Jun Jul Aug Sep Oct Nov Dec
2010: Jan Feb Mar Apr May Jun Jul Aug Sep Oct Nov Dec
2009: Jan Feb Mar Apr May Jun Jul Aug Sep Oct Nov Dec
2008: Jan Feb Mar Apr May Jun Jul Aug Sep Oct Nov Dec
2007: Jan Feb Mar Apr May Jun Jul Aug Sep Oct Nov Dec
2006: Jan Feb Mar Apr May Jun Jul Aug Sep Oct Nov Dec
2005: Jan Feb Mar Apr May Jun Jul Aug Sep Oct Nov Dec
2004: Jan Feb Mar Apr May Jun Jul Aug Sep Oct Nov Dec
2024: Jan Feb Mar Apr May Jun Jul Aug Sep Oct Nov Dec
2023: Jan Feb Mar Apr May Jun Jul Aug Sep Oct Nov Dec
2022: Jan Feb Mar Apr May Jun Jul Aug Sep Oct Nov Dec
2021: Jan Feb Mar Apr May Jun Jul Aug Sep Oct Nov Dec
2020: Jan Feb Mar Apr May Jun Jul Aug Sep Oct Nov Dec
2019: Jan Feb Mar Apr May Jun Jul Aug Sep Oct Nov Dec
2018: Jan Feb Mar Apr May Jun Jul Aug Sep Oct Nov Dec
2017: Jan Feb Mar Apr May Jun Jul Aug Sep Oct Nov Dec
2016: Jan Feb Mar Apr May Jun Jul Aug Sep Oct Nov Dec
2015: Jan Feb Mar Apr May Jun Jul Aug Sep Oct Nov Dec
2014: Jan Feb Mar Apr May Jun Jul Aug Sep Oct Nov Dec
2013: Jan Feb Mar Apr May Jun Jul Aug Sep Oct Nov Dec
2012: Jan Feb Mar Apr May Jun Jul Aug Sep Oct Nov Dec
2011: Jan Feb Mar Apr May Jun Jul Aug Sep Oct Nov Dec
2010: Jan Feb Mar Apr May Jun Jul Aug Sep Oct Nov Dec
2009: Jan Feb Mar Apr May Jun Jul Aug Sep Oct Nov Dec
2008: Jan Feb Mar Apr May Jun Jul Aug Sep Oct Nov Dec
2007: Jan Feb Mar Apr May Jun Jul Aug Sep Oct Nov Dec
2006: Jan Feb Mar Apr May Jun Jul Aug Sep Oct Nov Dec
2005: Jan Feb Mar Apr May Jun Jul Aug Sep Oct Nov Dec
2004: Jan Feb Mar Apr May Jun Jul Aug Sep Oct Nov Dec
Report for 2005 June
Monthly Climatological Summary for Jun 2005 Name: Willand City: Willand State: Devon, UK (9am GMT end of day) Elevation: 79 m Lat: N 50° 53' 03" Lon: W 003° 22' 25" Temperature (°C), Rain (mm), Wind Speed (km/h) Heat Cool Avg Mean Deg Deg Wind Dom Day Temp High Time Low Time Days Days Rain Speed High Time Dir ---------------------------------------------------------------------------------- 1 15.9 18.6 14:40 13.7 04:50 0.0 0.4 3.6 6.1 20.4 15:40 WSW 2 14.2 18.8 12:20 10.3 01:30 1.3 0.0 0.3 5.2 20.4 16:20 SSW 3 14.2 19.4 12:50 11.3 06:00 1.3 0.0 7.2 10.5 26.5 17:40 W 4 13.7 17.5 15:30 11.7 05:50 1.8 0.0 1.2 11.3 28.5 17:40 W 5 14.6 16.5 14:10 12.6 10:00 0.9 0.0 14.1 2.6 18.4 09:50 SSW 6 13.1 17.8 11:20 6.9 05:20 2.4 0.0 0.0 4.6 22.4 16:30 ENE 7 12.6 20.6 14:10 4.6 04:50 2.9 0.0 0.0 3.3 18.4 14:40 SE 8 14.6 22.0 15:50 6.1 05:00 0.9 0.0 0.0 2.7 14.3 14:40 SSW 9 18.2 25.3 14:20 10.6 02:50 0.0 2.7 0.0 2.6 14.3 16:20 NNE 10 18.8 25.5 15:40 13.6 05:30 0.0 3.3 0.0 3.3 16.3 11:40 NNE 11 15.7 23.4 15:30 8.6 04:50 0.0 0.2 0.0 4.3 16.3 07:30 WSW 12 12.7 19.4 13:30 4.7 05:10 2.8 0.0 0.0 6.1 28.5 16:10 WNW 13 12.5 18.0 16:00 6.5 05:30 3.0 0.0 0.0 6.4 22.4 14:10 WNW 14 15.4 18.6 13:20 11.8 01:30 0.1 0.0 8.4 9.4 26.5 11:40 SW 15 15.0 19.8 13:30 11.8 03:40 0.5 0.0 2.1 8.4 28.5 17:40 WSW 16 18.9 21.6 14:00 16.5 10:00 0.0 3.4 0.0 7.6 22.4 13:50 WSW 17 20.0 23.8 16:50 17.6 04:00 0.0 4.5 0.0 4.0 16.3 09:40 NNW 18 21.4 26.7 13:50 15.4 04:10 0.0 5.9 0.0 4.3 18.4 12:10 SE 19 19.8 30.9 16:00 13.4 05:40 0.0 4.3 0.0 3.4 16.3 18:50 WNW 20 16.3 23.3 14:30 9.5 04:10 0.0 0.8 0.0 4.3 20.4 17:00 WNW 21 17.4 24.2 14:40 10.7 06:00 0.0 1.9 0.0 2.9 14.3 18:20 WNW 22 19.4 27.5 15:50 10.4 05:20 0.0 3.9 0.0 2.0 10.2 18:40 W 23 21.8 31.1 15:50 14.7 07:00 0.0 6.3 19.8 2.2 42.8 05:20 N 24 17.6 22.2 18:10 14.7 01:20 0.0 2.1 0.0 2.7 14.3 19:00 NW 25 16.8 19.7 15:20 13.3 05:40 0.0 1.3 0.0 8.1 22.4 14:40 NE 26 18.3 23.3 15:40 12.8 05:00 0.0 2.8 0.0 5.8 22.4 13:10 NE 27 20.7 26.3 15:50 15.8 06:00 0.0 5.2 0.0 5.6 18.4 10:40 NNE 28 19.4 28.0 13:40 15.1 05:50 0.0 3.9 4.8 3.6 22.4 13:00 ENE 29 17.7 22.0 16:50 14.9 05:40 0.0 2.2 0.6 6.4 22.4 05:10 S 30 16.9 19.4 17:10 14.5 21:50 0.0 1.4 3.0 7.7 22.4 15:40 W ---------------------------------------------------------------------------------- 16.8 31.1 23 4.6 7 17.9 56.5 65.1 5.2 42.8 23 W Max >= 30.0: 2 Max <= 0.0: 0 Min <= 0.0: 0 Min <= -18.0: 0 Max Rain: 19.8 on day 23 Days of Rain: 11 (>= 0.2 mm) 9 (>= 1.0 mm) 0 (>= 25.0 mm) Heat Base: 15.5 Cool Base: 15.5 Method: Integration