NOAA-Style Climate Reports
Select a Year or Month report
2024: Jan Feb Mar Apr May Jun Jul Aug Sep Oct Nov Dec
2023: Jan Feb Mar Apr May Jun Jul Aug Sep Oct Nov Dec
2022: Jan Feb Mar Apr May Jun Jul Aug Sep Oct Nov Dec
2021: Jan Feb Mar Apr May Jun Jul Aug Sep Oct Nov Dec
2020: Jan Feb Mar Apr May Jun Jul Aug Sep Oct Nov Dec
2019: Jan Feb Mar Apr May Jun Jul Aug Sep Oct Nov Dec
2018: Jan Feb Mar Apr May Jun Jul Aug Sep Oct Nov Dec
2017: Jan Feb Mar Apr May Jun Jul Aug Sep Oct Nov Dec
2016: Jan Feb Mar Apr May Jun Jul Aug Sep Oct Nov Dec
2015: Jan Feb Mar Apr May Jun Jul Aug Sep Oct Nov Dec
2014: Jan Feb Mar Apr May Jun Jul Aug Sep Oct Nov Dec
2013: Jan Feb Mar Apr May Jun Jul Aug Sep Oct Nov Dec
2012: Jan Feb Mar Apr May Jun Jul Aug Sep Oct Nov Dec
2011: Jan Feb Mar Apr May Jun Jul Aug Sep Oct Nov Dec
2010: Jan Feb Mar Apr May Jun Jul Aug Sep Oct Nov Dec
2009: Jan Feb Mar Apr May Jun Jul Aug Sep Oct Nov Dec
2008: Jan Feb Mar Apr May Jun Jul Aug Sep Oct Nov Dec
2007: Jan Feb Mar Apr May Jun Jul Aug Sep Oct Nov Dec
2006: Jan Feb Mar Apr May Jun Jul Aug Sep Oct Nov Dec
2005: Jan Feb Mar Apr May Jun Jul Aug Sep Oct Nov Dec
2004: Jan Feb Mar Apr May Jun Jul Aug Sep Oct Nov Dec
2024: Jan Feb Mar Apr May Jun Jul Aug Sep Oct Nov Dec
2023: Jan Feb Mar Apr May Jun Jul Aug Sep Oct Nov Dec
2022: Jan Feb Mar Apr May Jun Jul Aug Sep Oct Nov Dec
2021: Jan Feb Mar Apr May Jun Jul Aug Sep Oct Nov Dec
2020: Jan Feb Mar Apr May Jun Jul Aug Sep Oct Nov Dec
2019: Jan Feb Mar Apr May Jun Jul Aug Sep Oct Nov Dec
2018: Jan Feb Mar Apr May Jun Jul Aug Sep Oct Nov Dec
2017: Jan Feb Mar Apr May Jun Jul Aug Sep Oct Nov Dec
2016: Jan Feb Mar Apr May Jun Jul Aug Sep Oct Nov Dec
2015: Jan Feb Mar Apr May Jun Jul Aug Sep Oct Nov Dec
2014: Jan Feb Mar Apr May Jun Jul Aug Sep Oct Nov Dec
2013: Jan Feb Mar Apr May Jun Jul Aug Sep Oct Nov Dec
2012: Jan Feb Mar Apr May Jun Jul Aug Sep Oct Nov Dec
2011: Jan Feb Mar Apr May Jun Jul Aug Sep Oct Nov Dec
2010: Jan Feb Mar Apr May Jun Jul Aug Sep Oct Nov Dec
2009: Jan Feb Mar Apr May Jun Jul Aug Sep Oct Nov Dec
2008: Jan Feb Mar Apr May Jun Jul Aug Sep Oct Nov Dec
2007: Jan Feb Mar Apr May Jun Jul Aug Sep Oct Nov Dec
2006: Jan Feb Mar Apr May Jun Jul Aug Sep Oct Nov Dec
2005: Jan Feb Mar Apr May Jun Jul Aug Sep Oct Nov Dec
2004: Jan Feb Mar Apr May Jun Jul Aug Sep Oct Nov Dec
Report for 2005 July
Monthly Climatological Summary for Jul 2005 Name: Willand City: Willand State: Devon, UK (9am GMT end of day) Elevation: 79 m Lat: N 50° 53' 03" Lon: W 003° 22' 25" Temperature (°C), Rain (mm), Wind Speed (km/h) Heat Cool Avg Mean Deg Deg Wind Dom Day Temp High Time Low Time Days Days Rain Speed High Time Dir ---------------------------------------------------------------------------------- 2 17.4 22.3 16:20 13.4 05:30 0.0 1.9 0.6 6.8 26.5 18:40 SW 3 16.4 23.0 16:00 11.0 06:40 0.0 0.9 1.5 5.3 16.3 09:30 WNW 4 13.6 18.0 14:40 9.2 01:50 1.9 0.0 0.6 7.9 34.7 12:00 WNW 5 15.2 19.3 17:00 12.2 02:20 0.3 0.0 6.9 8.1 30.6 17:50 W 6 14.4 18.1 15:30 11.2 04:10 1.1 0.0 0.3 10.3 32.6 12:20 WNW 7 16.5 21.9 15:40 11.9 05:10 0.0 1.0 0.0 4.8 22.4 14:10 NW 8 18.6 25.9 15:40 12.0 04:20 0.0 3.1 0.0 3.5 14.3 16:10 NNW 9 20.2 27.1 16:30 13.3 05:20 0.0 4.7 0.0 3.0 18.4 15:30 NNE 10 22.8 30.1 16:00 14.7 05:30 0.0 7.3 0.0 2.8 10.2 10:00 NNE 11 23.9 31.6 15:50 16.1 05:40 0.0 8.4 0.0 0.4 10.2 20:50 NE 12 21.1 29.7 17:50 13.0 05:50 0.0 5.6 0.0 1.0 10.2 18:40 SSE 13 22.6 32.7 15:10 14.9 05:30 0.0 7.1 0.0 0.5 10.2 19:20 SSE 14 22.1 30.0 14:40 15.6 04:40 0.0 6.6 0.0 3.2 14.3 06:00 SSW 15 17.0 23.7 13:40 10.2 06:00 0.0 1.5 0.0 3.4 16.3 17:20 NW 16 18.2 25.6 15:40 10.0 05:50 0.0 2.7 0.0 2.0 14.3 18:50 WNW 17 20.4 28.9 14:20 12.3 05:40 0.0 4.9 0.0 2.0 16.3 08:40 WSW 18 16.8 22.1 13:40 13.1 00:00 0.0 1.3 3.0 7.6 22.4 16:50 W 19 18.1 20.4 14:40 16.8 02:10 0.0 2.6 0.3 11.3 28.5 15:00 W 20 18.5 22.6 13:40 15.9 02:20 0.0 3.0 0.0 7.5 26.5 17:20 WNW 21 17.5 23.8 14:30 10.8 05:30 0.0 2.0 0.0 5.5 22.4 16:10 NW 22 17.0 20.8 14:00 14.2 03:40 0.0 1.5 0.3 2.9 14.3 14:00 WNW 23 17.4 21.3 14:10 15.9 06:10 0.0 1.9 19.8 7.3 22.4 05:10 SE 24 16.7 21.9 14:10 13.4 00:50 0.0 1.2 5.1 4.4 24.4 13:30 S 25 16.1 19.6 15:50 13.8 04:40 0.0 0.6 0.0 2.3 16.3 11:00 NNE 26 16.6 21.6 12:40 13.8 06:40 0.0 1.1 0.3 6.8 22.4 15:50 ENE 27 15.7 18.9 09:50 14.5 10:00 0.0 0.2 14.1 6.2 24.4 05:10 ENE 28 16.9 21.7 17:20 14.4 05:10 0.0 1.4 0.0 10.0 30.6 13:00 SSW 29 16.2 20.9 17:20 13.4 04:20 0.0 0.7 0.0 4.9 18.4 10:00 W 30 15.6 18.8 13:20 14.1 05:50 0.0 0.1 3.3 6.2 18.4 13:30 WNW 31 15.8 21.5 15:20 11.2 06:30 0.0 0.3 0.0 5.4 16.3 05:50 NW ---------------------------------------------------------------------------------- 17.8 32.7 13 9.2 4 3.3 73.6 56.1 5.1 34.7 4 WNW Max >= 30.0: 4 Max <= 0.0: 0 Min <= 0.0: 0 Min <= -18.0: 0 Max Rain: 19.8 on day 23 Days of Rain: 13 (>= 0.2 mm) 7 (>= 1.0 mm) 0 (>= 25.0 mm) Heat Base: 15.5 Cool Base: 15.5 Method: Integration