NOAA-Style Climate Reports
Select a Year or Month report
2024: Jan Feb Mar Apr May Jun Jul Aug Sep Oct Nov Dec
2023: Jan Feb Mar Apr May Jun Jul Aug Sep Oct Nov Dec
2022: Jan Feb Mar Apr May Jun Jul Aug Sep Oct Nov Dec
2021: Jan Feb Mar Apr May Jun Jul Aug Sep Oct Nov Dec
2020: Jan Feb Mar Apr May Jun Jul Aug Sep Oct Nov Dec
2019: Jan Feb Mar Apr May Jun Jul Aug Sep Oct Nov Dec
2018: Jan Feb Mar Apr May Jun Jul Aug Sep Oct Nov Dec
2017: Jan Feb Mar Apr May Jun Jul Aug Sep Oct Nov Dec
2016: Jan Feb Mar Apr May Jun Jul Aug Sep Oct Nov Dec
2015: Jan Feb Mar Apr May Jun Jul Aug Sep Oct Nov Dec
2014: Jan Feb Mar Apr May Jun Jul Aug Sep Oct Nov Dec
2013: Jan Feb Mar Apr May Jun Jul Aug Sep Oct Nov Dec
2012: Jan Feb Mar Apr May Jun Jul Aug Sep Oct Nov Dec
2011: Jan Feb Mar Apr May Jun Jul Aug Sep Oct Nov Dec
2010: Jan Feb Mar Apr May Jun Jul Aug Sep Oct Nov Dec
2009: Jan Feb Mar Apr May Jun Jul Aug Sep Oct Nov Dec
2008: Jan Feb Mar Apr May Jun Jul Aug Sep Oct Nov Dec
2007: Jan Feb Mar Apr May Jun Jul Aug Sep Oct Nov Dec
2006: Jan Feb Mar Apr May Jun Jul Aug Sep Oct Nov Dec
2005: Jan Feb Mar Apr May Jun Jul Aug Sep Oct Nov Dec
2004: Jan Feb Mar Apr May Jun Jul Aug Sep Oct Nov Dec
2024: Jan Feb Mar Apr May Jun Jul Aug Sep Oct Nov Dec
2023: Jan Feb Mar Apr May Jun Jul Aug Sep Oct Nov Dec
2022: Jan Feb Mar Apr May Jun Jul Aug Sep Oct Nov Dec
2021: Jan Feb Mar Apr May Jun Jul Aug Sep Oct Nov Dec
2020: Jan Feb Mar Apr May Jun Jul Aug Sep Oct Nov Dec
2019: Jan Feb Mar Apr May Jun Jul Aug Sep Oct Nov Dec
2018: Jan Feb Mar Apr May Jun Jul Aug Sep Oct Nov Dec
2017: Jan Feb Mar Apr May Jun Jul Aug Sep Oct Nov Dec
2016: Jan Feb Mar Apr May Jun Jul Aug Sep Oct Nov Dec
2015: Jan Feb Mar Apr May Jun Jul Aug Sep Oct Nov Dec
2014: Jan Feb Mar Apr May Jun Jul Aug Sep Oct Nov Dec
2013: Jan Feb Mar Apr May Jun Jul Aug Sep Oct Nov Dec
2012: Jan Feb Mar Apr May Jun Jul Aug Sep Oct Nov Dec
2011: Jan Feb Mar Apr May Jun Jul Aug Sep Oct Nov Dec
2010: Jan Feb Mar Apr May Jun Jul Aug Sep Oct Nov Dec
2009: Jan Feb Mar Apr May Jun Jul Aug Sep Oct Nov Dec
2008: Jan Feb Mar Apr May Jun Jul Aug Sep Oct Nov Dec
2007: Jan Feb Mar Apr May Jun Jul Aug Sep Oct Nov Dec
2006: Jan Feb Mar Apr May Jun Jul Aug Sep Oct Nov Dec
2005: Jan Feb Mar Apr May Jun Jul Aug Sep Oct Nov Dec
2004: Jan Feb Mar Apr May Jun Jul Aug Sep Oct Nov Dec
Report for 2006 January
Monthly Climatological Summary for Jan 2006 Name: Willand City: Willand State: Devon, UK (9am GMT end of day) Elevation: 79 m Lat: N 50° 53' 03" Lon: W 003° 22' 25" Temperature (°C), Rain (mm), Wind Speed (km/h) Heat Cool Avg Mean Deg Deg Wind Dom Day Temp High Time Low Time Days Days Rain Speed High Time Dir ---------------------------------------------------------------------------------- 1 7.4 8.7 12:10 5.1 07:50 8.1 0.0 0.0 7.6 36.6 10:30 NW 2 5.8 9.6 14:10 4.3 18:30 9.7 0.0 0.0 0.3 12.2 14:20 WNW 3 8.5 11.3 13:50 5.0 09:10 7.0 0.0 0.3 2.9 20.4 08:50 N 4 4.5 8.0 11:30 1.2 01:50 11.0 0.0 0.0 10.1 24.4 11:30 NE 5 2.0 3.2 11:20 0.7 00:50 13.5 0.0 0.0 10.9 36.6 11:30 ENE 6 2.2 3.6 13:50 1.2 17:40 13.3 0.0 0.0 5.4 24.4 14:40 NNE 7 0.9 5.3 12:40 -1.7 23:20 14.6 0.0 0.0 4.0 16.3 08:20 NNE 8 2.9 3.9 08:40 0.5 09:00 12.6 0.0 0.9 5.1 20.4 19:00 NNE 9 5.2 8.2 08:40 3.0 23:10 10.3 0.0 0.0 3.1 22.4 08:00 S 10 9.6 10.8 02:30 8.4 09:00 5.9 0.0 3.0 15.7 40.7 02:30 SW 11 3.1 10.3 13:50 -1.7 03:10 12.4 0.0 0.0 3.0 18.4 12:40 WNW 12 8.1 9.1 08:20 2.2 09:00 7.4 0.0 0.3 12.6 28.5 22:10 SSE 13 8.6 9.7 14:00 6.0 08:10 6.9 0.0 5.1 12.0 32.6 11:30 S 14 4.9 10.1 14:00 0.6 01:10 10.6 0.0 0.0 3.7 30.6 08:40 SSW 15 8.8 9.5 13:00 7.9 09:00 6.7 0.0 3.9 15.3 38.7 21:50 SSE 16 7.9 9.2 10:50 6.4 18:40 7.6 0.0 1.5 8.1 22.4 11:30 WSW 17 9.3 11.0 08:40 6.5 19:00 6.2 0.0 0.3 10.8 30.6 05:30 WNW 18 10.4 11.9 14:40 9.6 04:20 5.1 0.0 0.0 6.8 30.6 09:30 W 19 9.9 11.0 11:40 5.5 08:50 5.6 0.0 2.1 13.2 36.6 04:20 WSW 20 5.9 10.0 11:50 1.9 08:30 9.6 0.0 0.0 8.8 32.6 11:40 WNW 21 2.9 9.9 14:20 -1.4 06:40 12.6 0.0 0.0 0.7 16.3 11:40 NW 22 3.4 9.1 13:20 -0.8 09:00 12.1 0.0 0.0 2.0 16.3 07:50 NE 23 3.1 4.4 14:10 1.1 08:50 12.4 0.0 0.0 7.7 18.4 00:50 ENE 24 0.0 4.7 13:10 -3.5 05:50 15.5 0.0 0.0 2.1 14.3 14:20 NNE 25 2.4 4.5 21:50 -2.6 09:00 13.1 0.0 0.3 4.4 22.4 08:50 NE 26 2.9 5.8 14:00 0.9 09:00 12.6 0.0 0.0 9.2 28.5 12:10 NNE 27 2.6 4.4 15:00 -0.4 08:40 12.9 0.0 0.3 7.4 30.6 06:00 NNE 28 2.0 4.6 14:30 -0.2 09:00 13.5 0.0 0.0 13.5 36.6 21:20 NNE 29 2.0 6.4 14:40 -1.3 05:10 13.5 0.0 0.0 8.9 32.6 11:50 NNE 30 1.8 6.4 13:20 -1.9 02:30 13.7 0.0 0.0 4.6 26.5 14:20 NE 31 1.7 2.5 23:40 0.9 06:10 13.8 0.0 0.0 2.7 18.4 14:20 NE ---------------------------------------------------------------------------------- 4.9 11.9 18 -3.5 24 329.8 0.0 18.0 7.1 40.7 10 N Max >= 30.0: 0 Max <= 0.0: 0 Min <= 0.0: 10 Min <= -18.0: 0 Max Rain: 5.1 on day 13 Days of Rain: 11 (>= 0.2 mm) 5 (>= 1.0 mm) 0 (>= 25.0 mm) Heat Base: 15.5 Cool Base: 15.5 Method: Integration