NOAA-Style Climate Reports
Select a Year or Month report
2024: Jan Feb Mar Apr May Jun Jul Aug Sep Oct Nov Dec
2023: Jan Feb Mar Apr May Jun Jul Aug Sep Oct Nov Dec
2022: Jan Feb Mar Apr May Jun Jul Aug Sep Oct Nov Dec
2021: Jan Feb Mar Apr May Jun Jul Aug Sep Oct Nov Dec
2020: Jan Feb Mar Apr May Jun Jul Aug Sep Oct Nov Dec
2019: Jan Feb Mar Apr May Jun Jul Aug Sep Oct Nov Dec
2018: Jan Feb Mar Apr May Jun Jul Aug Sep Oct Nov Dec
2017: Jan Feb Mar Apr May Jun Jul Aug Sep Oct Nov Dec
2016: Jan Feb Mar Apr May Jun Jul Aug Sep Oct Nov Dec
2015: Jan Feb Mar Apr May Jun Jul Aug Sep Oct Nov Dec
2014: Jan Feb Mar Apr May Jun Jul Aug Sep Oct Nov Dec
2013: Jan Feb Mar Apr May Jun Jul Aug Sep Oct Nov Dec
2012: Jan Feb Mar Apr May Jun Jul Aug Sep Oct Nov Dec
2011: Jan Feb Mar Apr May Jun Jul Aug Sep Oct Nov Dec
2010: Jan Feb Mar Apr May Jun Jul Aug Sep Oct Nov Dec
2009: Jan Feb Mar Apr May Jun Jul Aug Sep Oct Nov Dec
2008: Jan Feb Mar Apr May Jun Jul Aug Sep Oct Nov Dec
2007: Jan Feb Mar Apr May Jun Jul Aug Sep Oct Nov Dec
2006: Jan Feb Mar Apr May Jun Jul Aug Sep Oct Nov Dec
2005: Jan Feb Mar Apr May Jun Jul Aug Sep Oct Nov Dec
2004: Jan Feb Mar Apr May Jun Jul Aug Sep Oct Nov Dec
2024: Jan Feb Mar Apr May Jun Jul Aug Sep Oct Nov Dec
2023: Jan Feb Mar Apr May Jun Jul Aug Sep Oct Nov Dec
2022: Jan Feb Mar Apr May Jun Jul Aug Sep Oct Nov Dec
2021: Jan Feb Mar Apr May Jun Jul Aug Sep Oct Nov Dec
2020: Jan Feb Mar Apr May Jun Jul Aug Sep Oct Nov Dec
2019: Jan Feb Mar Apr May Jun Jul Aug Sep Oct Nov Dec
2018: Jan Feb Mar Apr May Jun Jul Aug Sep Oct Nov Dec
2017: Jan Feb Mar Apr May Jun Jul Aug Sep Oct Nov Dec
2016: Jan Feb Mar Apr May Jun Jul Aug Sep Oct Nov Dec
2015: Jan Feb Mar Apr May Jun Jul Aug Sep Oct Nov Dec
2014: Jan Feb Mar Apr May Jun Jul Aug Sep Oct Nov Dec
2013: Jan Feb Mar Apr May Jun Jul Aug Sep Oct Nov Dec
2012: Jan Feb Mar Apr May Jun Jul Aug Sep Oct Nov Dec
2011: Jan Feb Mar Apr May Jun Jul Aug Sep Oct Nov Dec
2010: Jan Feb Mar Apr May Jun Jul Aug Sep Oct Nov Dec
2009: Jan Feb Mar Apr May Jun Jul Aug Sep Oct Nov Dec
2008: Jan Feb Mar Apr May Jun Jul Aug Sep Oct Nov Dec
2007: Jan Feb Mar Apr May Jun Jul Aug Sep Oct Nov Dec
2006: Jan Feb Mar Apr May Jun Jul Aug Sep Oct Nov Dec
2005: Jan Feb Mar Apr May Jun Jul Aug Sep Oct Nov Dec
2004: Jan Feb Mar Apr May Jun Jul Aug Sep Oct Nov Dec
Report for 2006 March
Monthly Climatological Summary for Mar 2006 Name: Willand City: Willand State: Devon, UK (9am GMT end of day) Elevation: 79 m Lat: N 50° 53' 03" Lon: W 003° 22' 25" Temperature (°C), Rain (mm), Wind Speed (km/h) Heat Cool Avg Mean Deg Deg Wind Dom Day Temp High Time Low Time Days Days Rain Speed High Time Dir ---------------------------------------------------------------------------------- 1 -0.1 5.7 14:00 -4.4 04:50 15.6 0.0 0.3 4.4 22.4 12:40 NW 2 2.3 6.8 13:00 -1.1 09:00 13.2 0.0 0.3 3.3 18.4 13:30 NW 3 0.5 7.3 14:10 -4.7 07:00 15.0 0.0 0.0 1.7 14.3 09:50 NNE 4 1.5 6.7 14:30 -2.8 02:40 14.0 0.0 0.0 4.4 18.4 12:20 NNW 5 3.2 8.7 14:10 -2.1 06:10 12.3 0.0 0.0 5.6 27.7 14:10 WNW 6 5.2 10.0 13:50 1.2 23:50 10.3 0.0 8.1 6.3 16.6 10:30 W 7 10.0 11.1 17:20 6.4 09:00 5.5 0.0 8.1 10.6 33.5 09:30 WSW 8 9.8 13.5 13:00 6.6 07:00 5.7 0.0 5.7 10.9 31.3 13:10 W 9 6.8 12.3 12:00 4.1 00:40 8.7 0.0 6.0 16.2 53.6 14:30 W 10 5.9 9.5 13:10 2.6 22:10 9.6 0.0 0.0 12.5 50.0 11:10 WNW 11 5.5 10.2 13:30 2.1 05:20 10.0 0.0 4.5 7.7 16.6 09:00 ESE 12 3.5 4.0 08:50 2.8 12:30 12.0 0.0 1.2 14.0 31.3 14:00 SE 13 4.8 6.1 08:40 3.5 17:30 10.7 0.0 0.0 12.1 37.1 12:30 SSE 14 6.8 8.9 12:30 5.4 02:10 8.7 0.0 2.4 2.7 16.6 09:20 S 15 4.8 10.8 14:20 0.5 06:00 10.7 0.0 0.0 6.7 16.6 13:00 NNE 16 2.5 4.6 14:30 1.4 05:00 13.0 0.0 0.0 10.9 29.5 23:40 NE 17 2.7 4.2 14:40 1.2 06:10 12.8 0.0 0.0 14.9 42.5 06:20 NE 18 2.4 5.6 16:20 -0.3 05:10 13.1 0.0 0.0 13.2 42.5 12:50 NE 19 5.8 10.7 14:10 3.0 09:00 9.7 0.0 0.0 11.6 35.3 11:20 NE 20 5.0 9.2 14:20 2.8 06:40 10.5 0.0 0.0 11.6 27.7 13:00 NE 21 3.8 8.5 13:00 0.5 06:20 11.7 0.0 0.0 10.9 42.5 10:20 NE 22 3.7 7.8 14:10 -0.4 04:00 11.8 0.0 0.0 7.2 31.3 11:30 ENE 23 6.9 10.0 08:50 4.3 09:30 8.6 0.0 6.6 14.1 46.4 01:20 ESE 24 10.6 13.7 14:50 6.5 06:30 4.9 0.0 5.7 9.8 33.5 15:20 SW 25 12.0 13.3 16:40 10.1 12:20 3.5 0.0 4.8 13.3 44.3 17:10 SW 26 12.1 14.0 10:50 10.9 02:50 3.4 0.0 9.6 15.3 50.0 05:30 SW 27 10.0 13.5 16:30 7.5 05:10 5.5 0.0 4.8 18.4 50.0 15:50 WSW 28 9.0 13.8 13:40 4.7 04:40 6.5 0.0 1.2 11.7 48.2 13:00 W 29 11.6 13.7 12:30 9.2 19:50 3.9 0.0 3.9 13.4 42.5 05:40 SW 30 11.8 15.3 14:10 9.3 06:20 3.7 0.0 4.8 14.0 44.3 16:00 WSW 31 10.9 15.4 12:50 6.3 07:20 4.6 0.0 3.6 13.7 42.5 12:50 WSW ---------------------------------------------------------------------------------- 6.2 15.4 31 -4.7 3 289.2 0.0 81.6 10.4 53.6 9 WSW Max >= 30.0: 0 Max <= 0.0: 0 Min <= 0.0: 7 Min <= -18.0: 0 Max Rain: 9.6 on day 26 Days of Rain: 18 (>= 0.2 mm) 16 (>= 1.0 mm) 0 (>= 25.0 mm) Heat Base: 15.5 Cool Base: 15.5 Method: Integration