NOAA-Style Climate Reports
Select a Year or Month report
2024: Jan Feb Mar Apr May Jun Jul Aug Sep Oct Nov Dec
2023: Jan Feb Mar Apr May Jun Jul Aug Sep Oct Nov Dec
2022: Jan Feb Mar Apr May Jun Jul Aug Sep Oct Nov Dec
2021: Jan Feb Mar Apr May Jun Jul Aug Sep Oct Nov Dec
2020: Jan Feb Mar Apr May Jun Jul Aug Sep Oct Nov Dec
2019: Jan Feb Mar Apr May Jun Jul Aug Sep Oct Nov Dec
2018: Jan Feb Mar Apr May Jun Jul Aug Sep Oct Nov Dec
2017: Jan Feb Mar Apr May Jun Jul Aug Sep Oct Nov Dec
2016: Jan Feb Mar Apr May Jun Jul Aug Sep Oct Nov Dec
2015: Jan Feb Mar Apr May Jun Jul Aug Sep Oct Nov Dec
2014: Jan Feb Mar Apr May Jun Jul Aug Sep Oct Nov Dec
2013: Jan Feb Mar Apr May Jun Jul Aug Sep Oct Nov Dec
2012: Jan Feb Mar Apr May Jun Jul Aug Sep Oct Nov Dec
2011: Jan Feb Mar Apr May Jun Jul Aug Sep Oct Nov Dec
2010: Jan Feb Mar Apr May Jun Jul Aug Sep Oct Nov Dec
2009: Jan Feb Mar Apr May Jun Jul Aug Sep Oct Nov Dec
2008: Jan Feb Mar Apr May Jun Jul Aug Sep Oct Nov Dec
2007: Jan Feb Mar Apr May Jun Jul Aug Sep Oct Nov Dec
2006: Jan Feb Mar Apr May Jun Jul Aug Sep Oct Nov Dec
2005: Jan Feb Mar Apr May Jun Jul Aug Sep Oct Nov Dec
2004: Jan Feb Mar Apr May Jun Jul Aug Sep Oct Nov Dec
2024: Jan Feb Mar Apr May Jun Jul Aug Sep Oct Nov Dec
2023: Jan Feb Mar Apr May Jun Jul Aug Sep Oct Nov Dec
2022: Jan Feb Mar Apr May Jun Jul Aug Sep Oct Nov Dec
2021: Jan Feb Mar Apr May Jun Jul Aug Sep Oct Nov Dec
2020: Jan Feb Mar Apr May Jun Jul Aug Sep Oct Nov Dec
2019: Jan Feb Mar Apr May Jun Jul Aug Sep Oct Nov Dec
2018: Jan Feb Mar Apr May Jun Jul Aug Sep Oct Nov Dec
2017: Jan Feb Mar Apr May Jun Jul Aug Sep Oct Nov Dec
2016: Jan Feb Mar Apr May Jun Jul Aug Sep Oct Nov Dec
2015: Jan Feb Mar Apr May Jun Jul Aug Sep Oct Nov Dec
2014: Jan Feb Mar Apr May Jun Jul Aug Sep Oct Nov Dec
2013: Jan Feb Mar Apr May Jun Jul Aug Sep Oct Nov Dec
2012: Jan Feb Mar Apr May Jun Jul Aug Sep Oct Nov Dec
2011: Jan Feb Mar Apr May Jun Jul Aug Sep Oct Nov Dec
2010: Jan Feb Mar Apr May Jun Jul Aug Sep Oct Nov Dec
2009: Jan Feb Mar Apr May Jun Jul Aug Sep Oct Nov Dec
2008: Jan Feb Mar Apr May Jun Jul Aug Sep Oct Nov Dec
2007: Jan Feb Mar Apr May Jun Jul Aug Sep Oct Nov Dec
2006: Jan Feb Mar Apr May Jun Jul Aug Sep Oct Nov Dec
2005: Jan Feb Mar Apr May Jun Jul Aug Sep Oct Nov Dec
2004: Jan Feb Mar Apr May Jun Jul Aug Sep Oct Nov Dec
Report for 2007 August
Monthly Climatological Summary for Aug 2007 Name: Willand City: Willand State: Devon, UK (9am GMT end of day) Elevation: 79 m Lat: N 50° 53' 03" Lon: W 003° 22' 25" Temperature (°C), Rain (mm), Wind Speed (km/h) Heat Cool Avg Mean Deg Deg Wind Dom Day Temp High Time Low Time Days Days Rain Speed High Time Dir ---------------------------------------------------------------------------------- 1 17.0 26.3 14:10 10.5 02:20 0.0 1.5 1.8 2.1 14.3 14:00 NW 2 15.1 20.9 17:50 10.1 03:30 0.4 0.0 2.1 3.5 20.4 17:00 NW 3 19.4 25.4 15:50 16.5 06:10 0.0 3.9 0.0 8.7 24.4 16:20 SW 4 17.2 24.5 15:20 11.0 04:40 0.0 1.7 0.0 5.2 22.4 16:20 SSE 5 19.6 28.5 14:30 12.3 04:40 0.0 4.1 2.1 6.8 24.4 15:40 WSW 6 14.6 21.6 15:40 8.5 05:00 0.9 0.0 2.1 4.3 24.4 12:30 W 7 14.3 19.6 16:00 7.6 06:20 1.2 0.0 1.5 4.4 16.6 15:50 N 8 15.1 23.3 16:00 6.9 06:10 0.4 0.0 0.0 4.6 16.6 10:40 NNW 9 15.3 23.4 15:10 6.3 05:50 0.2 0.0 0.0 3.7 16.6 12:20 NW 10 17.0 24.9 16:30 9.2 06:10 0.0 1.5 0.0 2.2 14.8 12:40 SW 11 18.7 25.6 14:10 14.7 00:30 0.0 3.2 0.0 4.5 16.6 14:40 SSW 12 15.7 20.7 14:30 10.4 04:00 0.0 0.2 0.0 7.6 31.3 14:00 W 13 17.3 21.1 16:00 15.3 23:00 0.0 1.8 14.1 10.5 33.5 08:20 SSW 14 17.7 20.5 18:00 15.5 04:20 0.0 2.2 4.2 9.7 31.3 18:10 SW 15 14.8 20.6 11:00 9.8 06:10 0.7 0.0 11.7 7.5 25.9 17:10 W 16 13.6 18.5 13:00 10.1 02:10 1.9 0.0 3.0 5.7 25.9 12:50 W 17 16.6 21.2 14:50 14.5 00:40 0.0 1.1 0.9 8.3 16.6 11:00 SW 18 15.7 17.6 14:50 13.9 06:30 0.0 0.2 8.4 6.3 16.6 10:20 W 19 11.7 14.9 16:00 6.4 05:40 3.8 0.0 2.7 5.9 16.6 10:40 WNW 20 13.6 18.7 09:50 10.9 12:40 1.9 0.0 15.3 8.4 27.7 16:00 N 21 17.9 21.8 15:20 15.0 06:20 0.0 2.4 0.0 9.3 35.3 09:30 N 22 19.5 24.7 14:30 15.4 07:00 0.0 4.0 0.0 11.2 42.5 16:10 N 23 18.9 26.0 14:50 13.3 06:30 0.0 3.4 0.0 6.5 29.5 10:50 NNW 24 17.5 25.2 15:20 10.2 06:20 0.0 2.0 0.0 3.0 16.6 10:10 N 25 19.6 27.3 15:20 13.4 06:30 0.0 4.1 0.0 4.5 16.6 23:20 WNW 26 15.8 22.9 14:50 9.4 06:40 0.0 0.3 0.0 5.1 16.6 10:10 NNE 27 14.3 21.4 15:50 10.0 03:30 1.2 0.0 0.0 4.7 16.6 10:40 NNE 28 15.6 20.8 13:50 10.8 07:00 0.0 0.1 0.0 3.9 16.6 10:00 NNE 29 15.7 20.6 13:30 10.2 01:50 0.0 0.2 0.0 6.0 16.6 10:10 NNW 30 14.4 21.3 16:00 10.0 02:10 1.1 0.0 0.0 4.3 20.5 17:00 NW 31 15.6 18.7 13:10 11.5 04:50 0.0 0.1 0.0 6.3 16.6 10:30 WNW ---------------------------------------------------------------------------------- 16.3 28.5 5 6.3 9 13.7 38.0 69.9 6.0 42.5 22 WNW Max >= 30.0: 0 Max <= 0.0: 0 Min <= 0.0: 0 Min <= -18.0: 0 Max Rain: 15.3 on day 20 Days of Rain: 13 (>= 0.2 mm) 12 (>= 1.0 mm) 0 (>= 25.0 mm) Heat Base: 15.5 Cool Base: 15.5 Method: Integration