NOAA-Style Climate Reports
Select a Year or Month report
2024: Jan Feb Mar Apr May Jun Jul Aug Sep Oct Nov Dec
2023: Jan Feb Mar Apr May Jun Jul Aug Sep Oct Nov Dec
2022: Jan Feb Mar Apr May Jun Jul Aug Sep Oct Nov Dec
2021: Jan Feb Mar Apr May Jun Jul Aug Sep Oct Nov Dec
2020: Jan Feb Mar Apr May Jun Jul Aug Sep Oct Nov Dec
2019: Jan Feb Mar Apr May Jun Jul Aug Sep Oct Nov Dec
2018: Jan Feb Mar Apr May Jun Jul Aug Sep Oct Nov Dec
2017: Jan Feb Mar Apr May Jun Jul Aug Sep Oct Nov Dec
2016: Jan Feb Mar Apr May Jun Jul Aug Sep Oct Nov Dec
2015: Jan Feb Mar Apr May Jun Jul Aug Sep Oct Nov Dec
2014: Jan Feb Mar Apr May Jun Jul Aug Sep Oct Nov Dec
2013: Jan Feb Mar Apr May Jun Jul Aug Sep Oct Nov Dec
2012: Jan Feb Mar Apr May Jun Jul Aug Sep Oct Nov Dec
2011: Jan Feb Mar Apr May Jun Jul Aug Sep Oct Nov Dec
2010: Jan Feb Mar Apr May Jun Jul Aug Sep Oct Nov Dec
2009: Jan Feb Mar Apr May Jun Jul Aug Sep Oct Nov Dec
2008: Jan Feb Mar Apr May Jun Jul Aug Sep Oct Nov Dec
2007: Jan Feb Mar Apr May Jun Jul Aug Sep Oct Nov Dec
2006: Jan Feb Mar Apr May Jun Jul Aug Sep Oct Nov Dec
2005: Jan Feb Mar Apr May Jun Jul Aug Sep Oct Nov Dec
2004: Jan Feb Mar Apr May Jun Jul Aug Sep Oct Nov Dec
2024: Jan Feb Mar Apr May Jun Jul Aug Sep Oct Nov Dec
2023: Jan Feb Mar Apr May Jun Jul Aug Sep Oct Nov Dec
2022: Jan Feb Mar Apr May Jun Jul Aug Sep Oct Nov Dec
2021: Jan Feb Mar Apr May Jun Jul Aug Sep Oct Nov Dec
2020: Jan Feb Mar Apr May Jun Jul Aug Sep Oct Nov Dec
2019: Jan Feb Mar Apr May Jun Jul Aug Sep Oct Nov Dec
2018: Jan Feb Mar Apr May Jun Jul Aug Sep Oct Nov Dec
2017: Jan Feb Mar Apr May Jun Jul Aug Sep Oct Nov Dec
2016: Jan Feb Mar Apr May Jun Jul Aug Sep Oct Nov Dec
2015: Jan Feb Mar Apr May Jun Jul Aug Sep Oct Nov Dec
2014: Jan Feb Mar Apr May Jun Jul Aug Sep Oct Nov Dec
2013: Jan Feb Mar Apr May Jun Jul Aug Sep Oct Nov Dec
2012: Jan Feb Mar Apr May Jun Jul Aug Sep Oct Nov Dec
2011: Jan Feb Mar Apr May Jun Jul Aug Sep Oct Nov Dec
2010: Jan Feb Mar Apr May Jun Jul Aug Sep Oct Nov Dec
2009: Jan Feb Mar Apr May Jun Jul Aug Sep Oct Nov Dec
2008: Jan Feb Mar Apr May Jun Jul Aug Sep Oct Nov Dec
2007: Jan Feb Mar Apr May Jun Jul Aug Sep Oct Nov Dec
2006: Jan Feb Mar Apr May Jun Jul Aug Sep Oct Nov Dec
2005: Jan Feb Mar Apr May Jun Jul Aug Sep Oct Nov Dec
2004: Jan Feb Mar Apr May Jun Jul Aug Sep Oct Nov Dec
Report for 2008 October
Monthly Climatological Summary for Oct 2008 Name: Willand City: Willand State: Devon, UK (9am GMT end of day) Elevation: 79 m Lat: N 50° 53' 03" Lon: W 003° 22' 25" Temperature (°C), Rain (mm), Wind Speed (km/h) Heat Cool Avg Mean Deg Deg Wind Dom Day Temp High Time Low Time Days Days Rain Speed High Time Dir ---------------------------------------------------------------------------------- 1 9.6 15.2 11:30 5.7 05:40 5.9 0.0 5.7 9.6 34.7 15:40 W 2 9.5 14.2 13:30 7.0 08:00 6.0 0.0 6.6 11.8 38.7 02:30 NW 3 6.4 12.2 14:50 1.9 02:40 9.1 0.0 0.6 5.5 30.6 13:10 NW 4 13.9 15.2 09:20 10.0 10:00 1.6 0.0 11.4 10.5 30.6 16:10 SW 5 11.2 17.9 12:40 8.6 04:10 4.3 0.0 1.5 3.7 22.4 14:40 N 6 14.9 15.8 14:40 11.9 10:00 0.6 0.0 11.1 9.3 34.7 07:20 S 7 10.9 16.7 14:10 5.3 08:10 4.6 0.0 0.6 5.6 30.6 16:20 WSW 8 8.9 17.8 13:30 3.1 06:40 6.6 0.0 0.0 2.4 16.3 14:00 WNW 9 12.1 17.4 13:40 7.5 10:00 3.4 0.0 0.0 4.1 18.4 12:10 SSW 10 11.7 19.3 14:20 5.4 07:30 3.8 0.0 0.3 4.0 22.4 13:30 SSW 11 12.2 19.5 14:30 8.2 06:30 3.3 0.0 0.0 2.3 14.3 11:20 SSE 12 13.9 20.9 13:40 10.0 02:50 1.6 0.0 0.0 2.4 18.4 08:30 SSW 13 13.5 17.0 15:30 11.0 08:00 2.0 0.0 0.0 3.6 20.4 15:50 W 14 14.1 16.5 14:00 13.2 10:00 1.4 0.0 0.0 4.5 20.4 09:40 SSW 15 10.7 14.1 10:20 6.9 04:50 4.8 0.0 0.9 6.5 22.4 11:00 W 16 10.5 14.4 13:20 5.0 23:00 5.0 0.0 0.0 7.9 22.4 12:00 WNW 19 14.0 15.2 09:50 12.2 23:20 1.5 0.0 0.0 11.9 30.6 05:50 SW 20 9.0 15.9 11:00 4.4 07:20 6.5 0.0 9.3 4.3 26.5 11:00 WSW 21 6.0 13.6 14:20 1.2 07:40 9.5 0.0 2.7 3.5 28.5 16:00 W 22 9.4 14.4 14:50 5.4 10:00 6.1 0.0 0.3 4.1 20.4 14:40 WSW 23 12.1 14.3 13:40 8.4 08:10 3.4 0.0 3.9 9.0 30.6 14:40 SW 24 5.8 14.2 13:40 0.1 06:20 9.7 0.0 0.0 2.4 20.4 14:20 WNW 25 13.1 14.6 01:30 6.0 10:00 2.4 0.0 2.7 9.8 28.5 14:00 SW 26 8.3 13.3 12:30 3.5 07:10 7.2 0.0 3.3 4.6 30.6 14:30 W 27 4.4 9.1 11:20 0.4 07:10 11.1 0.0 2.4 1.9 16.3 03:00 WNW 28 3.0 9.2 11:00 -2.0 07:20 12.5 0.0 1.5 4.9 22.4 20:20 NW 29 5.5 7.3 13:40 0.9 09:00 10.0 0.0 30.0 8.4 44.8 03:30 ESE 30 4.7 6.6 13:50 3.0 06:20 10.8 0.0 0.3 14.9 36.6 13:10 NNE 31 4.1 8.7 13:00 1.2 06:20 11.4 0.0 0.0 6.0 32.6 12:00 N ---------------------------------------------------------------------------------- 9.8 20.9 12 -2.0 28 166.1 0.0 95.1 6.2 44.8 29 W Max >= 30.0: 0 Max <= 0.0: 0 Min <= 0.0: 1 Min <= -18.0: 0 Max Rain: 30.0 on day 29 Days of Rain: 19 (>= 0.2 mm) 13 (>= 1.0 mm) 1 (>= 25.0 mm) Heat Base: 15.5 Cool Base: 15.5 Method: Integration