NOAA-Style Climate Reports
Select a Year or Month report
2024: Jan Feb Mar Apr May Jun Jul Aug Sep Oct Nov Dec
2023: Jan Feb Mar Apr May Jun Jul Aug Sep Oct Nov Dec
2022: Jan Feb Mar Apr May Jun Jul Aug Sep Oct Nov Dec
2021: Jan Feb Mar Apr May Jun Jul Aug Sep Oct Nov Dec
2020: Jan Feb Mar Apr May Jun Jul Aug Sep Oct Nov Dec
2019: Jan Feb Mar Apr May Jun Jul Aug Sep Oct Nov Dec
2018: Jan Feb Mar Apr May Jun Jul Aug Sep Oct Nov Dec
2017: Jan Feb Mar Apr May Jun Jul Aug Sep Oct Nov Dec
2016: Jan Feb Mar Apr May Jun Jul Aug Sep Oct Nov Dec
2015: Jan Feb Mar Apr May Jun Jul Aug Sep Oct Nov Dec
2014: Jan Feb Mar Apr May Jun Jul Aug Sep Oct Nov Dec
2013: Jan Feb Mar Apr May Jun Jul Aug Sep Oct Nov Dec
2012: Jan Feb Mar Apr May Jun Jul Aug Sep Oct Nov Dec
2011: Jan Feb Mar Apr May Jun Jul Aug Sep Oct Nov Dec
2010: Jan Feb Mar Apr May Jun Jul Aug Sep Oct Nov Dec
2009: Jan Feb Mar Apr May Jun Jul Aug Sep Oct Nov Dec
2008: Jan Feb Mar Apr May Jun Jul Aug Sep Oct Nov Dec
2007: Jan Feb Mar Apr May Jun Jul Aug Sep Oct Nov Dec
2006: Jan Feb Mar Apr May Jun Jul Aug Sep Oct Nov Dec
2005: Jan Feb Mar Apr May Jun Jul Aug Sep Oct Nov Dec
2004: Jan Feb Mar Apr May Jun Jul Aug Sep Oct Nov Dec
2024: Jan Feb Mar Apr May Jun Jul Aug Sep Oct Nov Dec
2023: Jan Feb Mar Apr May Jun Jul Aug Sep Oct Nov Dec
2022: Jan Feb Mar Apr May Jun Jul Aug Sep Oct Nov Dec
2021: Jan Feb Mar Apr May Jun Jul Aug Sep Oct Nov Dec
2020: Jan Feb Mar Apr May Jun Jul Aug Sep Oct Nov Dec
2019: Jan Feb Mar Apr May Jun Jul Aug Sep Oct Nov Dec
2018: Jan Feb Mar Apr May Jun Jul Aug Sep Oct Nov Dec
2017: Jan Feb Mar Apr May Jun Jul Aug Sep Oct Nov Dec
2016: Jan Feb Mar Apr May Jun Jul Aug Sep Oct Nov Dec
2015: Jan Feb Mar Apr May Jun Jul Aug Sep Oct Nov Dec
2014: Jan Feb Mar Apr May Jun Jul Aug Sep Oct Nov Dec
2013: Jan Feb Mar Apr May Jun Jul Aug Sep Oct Nov Dec
2012: Jan Feb Mar Apr May Jun Jul Aug Sep Oct Nov Dec
2011: Jan Feb Mar Apr May Jun Jul Aug Sep Oct Nov Dec
2010: Jan Feb Mar Apr May Jun Jul Aug Sep Oct Nov Dec
2009: Jan Feb Mar Apr May Jun Jul Aug Sep Oct Nov Dec
2008: Jan Feb Mar Apr May Jun Jul Aug Sep Oct Nov Dec
2007: Jan Feb Mar Apr May Jun Jul Aug Sep Oct Nov Dec
2006: Jan Feb Mar Apr May Jun Jul Aug Sep Oct Nov Dec
2005: Jan Feb Mar Apr May Jun Jul Aug Sep Oct Nov Dec
2004: Jan Feb Mar Apr May Jun Jul Aug Sep Oct Nov Dec
Report for 2009 January
Monthly Climatological Summary for Jan 2009 Name: Willand City: Willand State: Devon, UK (9am GMT end of day) Elevation: 79 m Lat: N 50° 53' 03" Lon: W 003° 22' 25" Temperature (°C), Rain (mm), Wind Speed (km/h) Heat Cool Avg Mean Deg Deg Wind Dom Day Temp High Time Low Time Days Days Rain Speed High Time Dir ---------------------------------------------------------------------------------- 1 0.8 1.6 04:50 0.0 09:00 14.7 0.0 0.0 13.2 26.5 12:00 NNE 2 0.2 3.6 12:50 -3.6 08:20 15.3 0.0 0.0 9.4 22.4 11:50 NNE 3 -2.1 1.2 13:20 -5.3 21:50 17.6 0.0 0.0 3.5 20.4 10:50 NNE 4 0.3 1.5 13:00 -1.4 04:00 15.2 0.0 0.6 0.6 10.2 08:30 W 5 -1.0 3.3 14:00 -5.7 08:40 16.5 0.0 0.0 10.5 30.6 13:10 NNE 6 -4.8 1.1 13:10 -9.0 02:40 20.3 0.0 0.0 2.6 18.4 11:50 NNE 7 -0.4 1.0 15:20 -4.1 09:40 15.9 0.0 0.0 0.1 6.2 10:10 SE 8 -0.3 3.7 14:30 -4.2 05:20 15.8 0.0 0.0 1.9 14.3 04:10 NNE 9 -1.3 0.1 23:50 -4.5 07:40 16.8 0.0 0.0 2.1 10.2 13:50 N 10 2.3 6.7 08:50 -3.6 09:10 13.2 0.0 0.0 4.3 22.4 08:40 S 11 9.5 10.1 22:00 6.9 09:00 6.0 0.0 1.2 18.2 42.8 04:10 SSW 12 7.5 10.6 13:00 3.6 06:10 8.0 0.0 6.3 7.7 26.5 09:00 SSW 13 3.7 8.7 13:40 0.4 04:30 11.8 0.0 0.6 3.5 26.5 14:20 WSW 14 7.1 8.6 21:10 0.4 09:20 8.4 0.0 0.9 11.7 30.6 21:10 SSE 15 7.7 9.4 11:20 6.3 05:00 7.8 0.0 4.5 11.5 36.6 12:00 SSE 16 8.7 10.0 13:40 5.5 08:00 6.8 0.0 6.7 10.9 38.7 05:40 SSW 17 5.9 9.8 17:40 2.5 08:20 9.6 0.0 10.8 12.5 63.1 19:00 SW 18 5.2 8.1 13:30 3.0 09:30 10.3 0.0 7.2 9.4 36.6 01:50 SSW 19 3.0 6.1 11:20 0.3 08:20 12.5 0.0 2.7 8.1 44.8 11:40 SW 20 1.6 7.0 13:30 -1.7 08:40 13.9 0.0 1.8 2.2 16.3 13:10 SW 21 7.2 10.2 06:30 -1.0 09:00 8.3 0.0 12.0 9.9 36.6 19:00 S 22 6.4 10.0 12:40 4.8 19:50 9.1 0.0 13.5 8.3 34.7 08:10 W 23 3.0 8.0 13:50 0.0 06:30 12.5 0.0 0.0 8.2 40.7 11:00 W 24 5.7 8.5 14:20 0.6 09:00 9.8 0.0 16.8 8.9 50.9 00:10 S 25 5.6 8.5 13:20 3.3 01:50 9.9 0.0 0.3 6.1 22.4 17:30 SSE 26 3.0 7.5 15:00 -0.5 04:50 12.5 0.0 0.3 2.8 18.4 11:20 N 27 7.8 9.2 22:40 1.2 09:00 7.7 0.0 9.3 4.5 20.4 15:40 SSE 28 7.2 9.7 14:30 6.0 19:10 8.3 0.0 1.2 5.2 26.5 03:30 ESE 29 6.4 7.1 07:00 5.4 17:00 9.1 0.0 8.4 14.5 34.7 12:30 SE 30 5.6 6.8 09:00 4.8 06:30 9.9 0.0 0.0 13.2 32.6 16:50 ESE 31 3.8 6.9 12:50 -0.5 06:50 11.7 0.0 0.0 10.2 30.6 03:20 ENE ---------------------------------------------------------------------------------- 3.7 10.6 12 -9.0 6 365.2 0.0 105.1 7.6 63.1 17 S Max >= 30.0: 0 Max <= 0.0: 0 Min <= 0.0: 15 Min <= -18.0: 0 Max Rain: 16.8 on day 24 Days of Rain: 19 (>= 0.2 mm) 14 (>= 1.0 mm) 0 (>= 25.0 mm) Heat Base: 15.5 Cool Base: 15.5 Method: Integration