NOAA-Style Climate Reports
Select a Year or Month report
2024: Jan Feb Mar Apr May Jun Jul Aug Sep Oct Nov Dec
2023: Jan Feb Mar Apr May Jun Jul Aug Sep Oct Nov Dec
2022: Jan Feb Mar Apr May Jun Jul Aug Sep Oct Nov Dec
2021: Jan Feb Mar Apr May Jun Jul Aug Sep Oct Nov Dec
2020: Jan Feb Mar Apr May Jun Jul Aug Sep Oct Nov Dec
2019: Jan Feb Mar Apr May Jun Jul Aug Sep Oct Nov Dec
2018: Jan Feb Mar Apr May Jun Jul Aug Sep Oct Nov Dec
2017: Jan Feb Mar Apr May Jun Jul Aug Sep Oct Nov Dec
2016: Jan Feb Mar Apr May Jun Jul Aug Sep Oct Nov Dec
2015: Jan Feb Mar Apr May Jun Jul Aug Sep Oct Nov Dec
2014: Jan Feb Mar Apr May Jun Jul Aug Sep Oct Nov Dec
2013: Jan Feb Mar Apr May Jun Jul Aug Sep Oct Nov Dec
2012: Jan Feb Mar Apr May Jun Jul Aug Sep Oct Nov Dec
2011: Jan Feb Mar Apr May Jun Jul Aug Sep Oct Nov Dec
2010: Jan Feb Mar Apr May Jun Jul Aug Sep Oct Nov Dec
2009: Jan Feb Mar Apr May Jun Jul Aug Sep Oct Nov Dec
2008: Jan Feb Mar Apr May Jun Jul Aug Sep Oct Nov Dec
2007: Jan Feb Mar Apr May Jun Jul Aug Sep Oct Nov Dec
2006: Jan Feb Mar Apr May Jun Jul Aug Sep Oct Nov Dec
2005: Jan Feb Mar Apr May Jun Jul Aug Sep Oct Nov Dec
2004: Jan Feb Mar Apr May Jun Jul Aug Sep Oct Nov Dec
2024: Jan Feb Mar Apr May Jun Jul Aug Sep Oct Nov Dec
2023: Jan Feb Mar Apr May Jun Jul Aug Sep Oct Nov Dec
2022: Jan Feb Mar Apr May Jun Jul Aug Sep Oct Nov Dec
2021: Jan Feb Mar Apr May Jun Jul Aug Sep Oct Nov Dec
2020: Jan Feb Mar Apr May Jun Jul Aug Sep Oct Nov Dec
2019: Jan Feb Mar Apr May Jun Jul Aug Sep Oct Nov Dec
2018: Jan Feb Mar Apr May Jun Jul Aug Sep Oct Nov Dec
2017: Jan Feb Mar Apr May Jun Jul Aug Sep Oct Nov Dec
2016: Jan Feb Mar Apr May Jun Jul Aug Sep Oct Nov Dec
2015: Jan Feb Mar Apr May Jun Jul Aug Sep Oct Nov Dec
2014: Jan Feb Mar Apr May Jun Jul Aug Sep Oct Nov Dec
2013: Jan Feb Mar Apr May Jun Jul Aug Sep Oct Nov Dec
2012: Jan Feb Mar Apr May Jun Jul Aug Sep Oct Nov Dec
2011: Jan Feb Mar Apr May Jun Jul Aug Sep Oct Nov Dec
2010: Jan Feb Mar Apr May Jun Jul Aug Sep Oct Nov Dec
2009: Jan Feb Mar Apr May Jun Jul Aug Sep Oct Nov Dec
2008: Jan Feb Mar Apr May Jun Jul Aug Sep Oct Nov Dec
2007: Jan Feb Mar Apr May Jun Jul Aug Sep Oct Nov Dec
2006: Jan Feb Mar Apr May Jun Jul Aug Sep Oct Nov Dec
2005: Jan Feb Mar Apr May Jun Jul Aug Sep Oct Nov Dec
2004: Jan Feb Mar Apr May Jun Jul Aug Sep Oct Nov Dec
Report for 2010 February
Monthly Climatological Summary for Feb 2010 Name: Willand City: Willand State: Devon, UK (9am GMT end of day) Elevation: 79 m Lat: N 50° 53' 03" Lon: W 003° 22' 25" Temperature (°C), Rain (mm), Wind Speed (km/h) Heat Cool Avg Mean Deg Deg Wind Dom Day Temp High Time Low Time Days Days Rain Speed High Time Dir ---------------------------------------------------------------------------------- 1 3.6 7.0 13:30 0.4 20:30 11.9 0.0 2.1 7.4 30.6 14:50 WSW 2 6.6 8.9 13:30 5.3 01:40 8.9 0.0 6.6 8.1 38.7 14:40 WSW 3 8.5 10.5 13:50 6.4 23:30 7.0 0.0 4.8 7.2 22.4 12:30 S 4 6.6 8.7 11:10 2.7 08:20 8.9 0.0 5.1 10.0 30.6 19:00 SSE 5 7.0 10.6 13:30 4.2 09:00 8.5 0.0 9.6 9.8 30.6 20:00 ESE 6 6.8 8.8 13:40 4.6 18:30 8.7 0.0 0.0 10.0 22.4 12:10 N 8 1.6 3.2 13:50 0.3 04:00 13.9 0.0 0.0 15.2 30.6 19:50 N 9 1.1 4.7 15:10 -2.3 02:40 14.4 0.0 0.0 7.0 22.4 11:30 NNW 10 1.0 5.7 14:00 -1.7 21:20 14.5 0.0 0.0 9.6 30.6 12:10 N 11 0.2 4.6 13:00 -3.9 05:10 15.3 0.0 0.0 8.7 34.7 10:50 N 12 3.3 5.4 14:10 1.0 09:00 12.2 0.0 0.0 8.7 22.4 03:00 N 13 2.9 3.9 15:10 1.8 09:20 12.6 0.0 0.0 6.9 30.6 11:30 N 14 4.2 8.4 13:50 2.1 01:30 11.3 0.0 0.0 3.3 16.3 14:10 NW 15 4.7 7.9 13:10 2.9 01:20 10.8 0.0 3.6 4.1 20.4 16:40 SW 16 2.6 8.7 13:10 0.3 01:00 12.9 0.0 6.3 4.2 14.3 10:00 E 17 3.2 6.3 14:50 1.4 00:20 12.3 0.0 15.3 5.9 22.4 07:40 ENE 18 1.0 4.0 10:40 -2.5 07:10 14.5 0.0 5.4 6.1 18.4 09:40 NW 19 0.5 6.2 12:50 -3.4 06:00 15.0 0.0 0.6 3.8 22.4 16:10 WSW 20 1.2 7.0 14:00 -2.5 22:50 14.3 0.0 0.9 2.4 14.3 13:50 SW 21 5.1 9.1 14:20 1.8 09:00 10.4 0.0 2.7 7.5 34.7 07:40 N 22 2.5 3.9 14:20 1.2 04:40 13.0 0.0 0.3 12.7 34.7 10:40 NNE 23 4.9 7.6 08:50 2.3 09:00 10.6 0.0 5.4 6.1 18.4 13:30 E 24 7.1 10.1 12:40 3.6 07:30 8.4 0.0 1.2 6.5 36.6 12:10 SE 25 5.7 8.5 12:10 3.6 06:20 9.8 0.0 5.1 9.0 26.5 02:00 WNW 26 5.8 9.9 13:40 1.9 20:50 9.7 0.0 9.9 11.3 42.8 09:50 SW 27 6.7 10.6 14:50 4.7 19:50 8.8 0.0 6.6 7.6 22.4 07:20 NW 28 5.5 8.1 13:50 2.3 23:00 10.0 0.0 0.3 11.8 32.6 12:00 WNW ---------------------------------------------------------------------------------- 4.1 10.6 5 -3.9 11 308.6 0.0 91.8 7.7 42.8 26 NNW Max >= 30.0: 0 Max <= 0.0: 0 Min <= 0.0: 6 Min <= -18.0: 0 Max Rain: 15.3 on day 17 Days of Rain: 19 (>= 0.2 mm) 15 (>= 1.0 mm) 0 (>= 25.0 mm) Heat Base: 15.5 Cool Base: 15.5 Method: Integration