NOAA-Style Climate Reports
Select a Year or Month report
2024: Jan Feb Mar Apr May Jun Jul Aug Sep Oct Nov Dec
2023: Jan Feb Mar Apr May Jun Jul Aug Sep Oct Nov Dec
2022: Jan Feb Mar Apr May Jun Jul Aug Sep Oct Nov Dec
2021: Jan Feb Mar Apr May Jun Jul Aug Sep Oct Nov Dec
2020: Jan Feb Mar Apr May Jun Jul Aug Sep Oct Nov Dec
2019: Jan Feb Mar Apr May Jun Jul Aug Sep Oct Nov Dec
2018: Jan Feb Mar Apr May Jun Jul Aug Sep Oct Nov Dec
2017: Jan Feb Mar Apr May Jun Jul Aug Sep Oct Nov Dec
2016: Jan Feb Mar Apr May Jun Jul Aug Sep Oct Nov Dec
2015: Jan Feb Mar Apr May Jun Jul Aug Sep Oct Nov Dec
2014: Jan Feb Mar Apr May Jun Jul Aug Sep Oct Nov Dec
2013: Jan Feb Mar Apr May Jun Jul Aug Sep Oct Nov Dec
2012: Jan Feb Mar Apr May Jun Jul Aug Sep Oct Nov Dec
2011: Jan Feb Mar Apr May Jun Jul Aug Sep Oct Nov Dec
2010: Jan Feb Mar Apr May Jun Jul Aug Sep Oct Nov Dec
2009: Jan Feb Mar Apr May Jun Jul Aug Sep Oct Nov Dec
2008: Jan Feb Mar Apr May Jun Jul Aug Sep Oct Nov Dec
2007: Jan Feb Mar Apr May Jun Jul Aug Sep Oct Nov Dec
2006: Jan Feb Mar Apr May Jun Jul Aug Sep Oct Nov Dec
2005: Jan Feb Mar Apr May Jun Jul Aug Sep Oct Nov Dec
2004: Jan Feb Mar Apr May Jun Jul Aug Sep Oct Nov Dec
2024: Jan Feb Mar Apr May Jun Jul Aug Sep Oct Nov Dec
2023: Jan Feb Mar Apr May Jun Jul Aug Sep Oct Nov Dec
2022: Jan Feb Mar Apr May Jun Jul Aug Sep Oct Nov Dec
2021: Jan Feb Mar Apr May Jun Jul Aug Sep Oct Nov Dec
2020: Jan Feb Mar Apr May Jun Jul Aug Sep Oct Nov Dec
2019: Jan Feb Mar Apr May Jun Jul Aug Sep Oct Nov Dec
2018: Jan Feb Mar Apr May Jun Jul Aug Sep Oct Nov Dec
2017: Jan Feb Mar Apr May Jun Jul Aug Sep Oct Nov Dec
2016: Jan Feb Mar Apr May Jun Jul Aug Sep Oct Nov Dec
2015: Jan Feb Mar Apr May Jun Jul Aug Sep Oct Nov Dec
2014: Jan Feb Mar Apr May Jun Jul Aug Sep Oct Nov Dec
2013: Jan Feb Mar Apr May Jun Jul Aug Sep Oct Nov Dec
2012: Jan Feb Mar Apr May Jun Jul Aug Sep Oct Nov Dec
2011: Jan Feb Mar Apr May Jun Jul Aug Sep Oct Nov Dec
2010: Jan Feb Mar Apr May Jun Jul Aug Sep Oct Nov Dec
2009: Jan Feb Mar Apr May Jun Jul Aug Sep Oct Nov Dec
2008: Jan Feb Mar Apr May Jun Jul Aug Sep Oct Nov Dec
2007: Jan Feb Mar Apr May Jun Jul Aug Sep Oct Nov Dec
2006: Jan Feb Mar Apr May Jun Jul Aug Sep Oct Nov Dec
2005: Jan Feb Mar Apr May Jun Jul Aug Sep Oct Nov Dec
2004: Jan Feb Mar Apr May Jun Jul Aug Sep Oct Nov Dec
Report for 2010 April
Monthly Climatological Summary for Apr 2010 Name: Willand City: Willand State: Devon, UK (9am GMT end of day) Elevation: 79 m Lat: N 50° 53' 03" Lon: W 003° 22' 25" Temperature (°C), Rain (mm), Wind Speed (km/h) Heat Cool Avg Mean Deg Deg Wind Dom Day Temp High Time Low Time Days Days Rain Speed High Time Dir ---------------------------------------------------------------------------------- 1 7.4 11.9 15:10 5.0 09:50 8.1 0.0 5.1 13.3 36.6 15:10 SSW 2 6.6 12.9 15:40 1.2 06:40 8.9 0.0 4.8 9.1 30.6 14:00 S 3 6.8 12.4 14:40 3.7 07:20 8.7 0.0 5.7 10.2 34.7 04:30 WNW 4 7.8 11.1 15:10 5.3 22:30 7.7 0.0 0.0 10.3 32.6 14:50 WSW 5 9.7 14.1 15:20 6.3 06:30 5.8 0.0 0.0 13.4 38.7 17:30 S 6 9.6 14.7 13:00 5.1 06:50 5.9 0.0 3.3 8.1 30.6 11:40 SSE 7 7.1 14.3 14:10 0.0 06:30 8.4 0.0 0.0 7.4 30.6 14:10 WNW 8 8.9 18.9 14:30 3.0 02:50 6.6 0.0 0.0 2.7 16.3 17:40 WNW 9 10.7 19.7 14:40 3.6 05:40 4.8 0.0 0.0 3.8 14.3 13:30 SW 10 11.5 20.3 14:10 5.4 05:10 4.0 0.0 0.0 4.0 18.4 14:10 E 11 9.8 15.9 13:40 4.6 03:00 5.7 0.0 0.0 13.7 30.6 12:40 NNE 12 9.5 15.5 16:00 4.3 06:50 6.0 0.0 0.0 11.9 28.5 09:10 N 13 9.9 16.6 15:50 6.1 06:40 5.6 0.0 0.0 10.1 28.5 10:10 N 14 6.9 11.0 16:00 3.4 06:10 8.6 0.0 0.0 9.6 30.6 09:20 NNE 15 8.2 14.3 14:00 1.2 05:30 7.3 0.0 0.0 11.3 28.5 10:30 N 16 7.6 15.7 15:50 0.4 05:10 7.9 0.0 0.0 6.4 28.5 14:00 NE 17 8.3 18.3 14:40 0.3 06:40 7.2 0.0 0.0 3.2 18.4 15:30 SSE 18 10.2 20.6 15:10 1.6 06:40 5.3 0.0 0.0 2.8 14.3 13:20 NNW 19 9.8 19.5 14:00 1.3 06:20 5.7 0.0 0.0 6.5 22.4 18:30 W 20 7.5 16.0 14:20 -0.6 06:10 8.0 0.0 0.0 7.0 26.5 13:40 WNW 21 7.9 14.7 14:00 2.2 06:30 7.6 0.0 0.0 6.0 20.4 10:50 N 22 7.9 16.3 15:10 0.6 05:50 7.6 0.0 0.0 4.2 22.4 11:40 SSE 23 8.1 17.6 15:30 -0.3 05:50 7.4 0.0 0.0 4.3 18.4 12:10 SSE 24 13.2 18.8 15:00 10.2 22:30 2.3 0.0 0.0 6.0 22.4 13:00 SSE 25 12.8 18.7 16:00 10.0 21:30 2.7 0.0 1.8 8.7 30.6 18:00 WSW 26 11.3 19.1 16:20 3.7 04:30 4.2 0.0 0.0 5.6 22.4 16:50 W 27 11.9 19.4 14:30 5.5 04:10 3.6 0.0 0.0 5.7 22.4 12:50 SSE 28 14.0 20.5 15:50 9.5 01:30 1.5 0.0 0.3 4.7 22.4 17:00 SSE 29 10.4 14.5 13:10 7.6 04:00 5.1 0.0 7.8 6.2 18.4 18:20 WSW 30 11.9 15.4 13:30 8.2 03:20 3.6 0.0 0.0 10.0 34.7 14:40 WSW ---------------------------------------------------------------------------------- 9.4 20.6 18 -0.6 20 181.8 0.0 28.8 7.5 38.7 5 W Max >= 30.0: 0 Max <= 0.0: 0 Min <= 0.0: 3 Min <= -18.0: 0 Max Rain: 7.8 on day 29 Days of Rain: 7 (>= 0.2 mm) 6 (>= 1.0 mm) 0 (>= 25.0 mm) Heat Base: 15.5 Cool Base: 15.5 Method: Integration