NOAA-Style Climate Reports
Select a Year or Month report
2024: Jan Feb Mar Apr May Jun Jul Aug Sep Oct Nov Dec
2023: Jan Feb Mar Apr May Jun Jul Aug Sep Oct Nov Dec
2022: Jan Feb Mar Apr May Jun Jul Aug Sep Oct Nov Dec
2021: Jan Feb Mar Apr May Jun Jul Aug Sep Oct Nov Dec
2020: Jan Feb Mar Apr May Jun Jul Aug Sep Oct Nov Dec
2019: Jan Feb Mar Apr May Jun Jul Aug Sep Oct Nov Dec
2018: Jan Feb Mar Apr May Jun Jul Aug Sep Oct Nov Dec
2017: Jan Feb Mar Apr May Jun Jul Aug Sep Oct Nov Dec
2016: Jan Feb Mar Apr May Jun Jul Aug Sep Oct Nov Dec
2015: Jan Feb Mar Apr May Jun Jul Aug Sep Oct Nov Dec
2014: Jan Feb Mar Apr May Jun Jul Aug Sep Oct Nov Dec
2013: Jan Feb Mar Apr May Jun Jul Aug Sep Oct Nov Dec
2012: Jan Feb Mar Apr May Jun Jul Aug Sep Oct Nov Dec
2011: Jan Feb Mar Apr May Jun Jul Aug Sep Oct Nov Dec
2010: Jan Feb Mar Apr May Jun Jul Aug Sep Oct Nov Dec
2009: Jan Feb Mar Apr May Jun Jul Aug Sep Oct Nov Dec
2008: Jan Feb Mar Apr May Jun Jul Aug Sep Oct Nov Dec
2007: Jan Feb Mar Apr May Jun Jul Aug Sep Oct Nov Dec
2006: Jan Feb Mar Apr May Jun Jul Aug Sep Oct Nov Dec
2005: Jan Feb Mar Apr May Jun Jul Aug Sep Oct Nov Dec
2004: Jan Feb Mar Apr May Jun Jul Aug Sep Oct Nov Dec
2024: Jan Feb Mar Apr May Jun Jul Aug Sep Oct Nov Dec
2023: Jan Feb Mar Apr May Jun Jul Aug Sep Oct Nov Dec
2022: Jan Feb Mar Apr May Jun Jul Aug Sep Oct Nov Dec
2021: Jan Feb Mar Apr May Jun Jul Aug Sep Oct Nov Dec
2020: Jan Feb Mar Apr May Jun Jul Aug Sep Oct Nov Dec
2019: Jan Feb Mar Apr May Jun Jul Aug Sep Oct Nov Dec
2018: Jan Feb Mar Apr May Jun Jul Aug Sep Oct Nov Dec
2017: Jan Feb Mar Apr May Jun Jul Aug Sep Oct Nov Dec
2016: Jan Feb Mar Apr May Jun Jul Aug Sep Oct Nov Dec
2015: Jan Feb Mar Apr May Jun Jul Aug Sep Oct Nov Dec
2014: Jan Feb Mar Apr May Jun Jul Aug Sep Oct Nov Dec
2013: Jan Feb Mar Apr May Jun Jul Aug Sep Oct Nov Dec
2012: Jan Feb Mar Apr May Jun Jul Aug Sep Oct Nov Dec
2011: Jan Feb Mar Apr May Jun Jul Aug Sep Oct Nov Dec
2010: Jan Feb Mar Apr May Jun Jul Aug Sep Oct Nov Dec
2009: Jan Feb Mar Apr May Jun Jul Aug Sep Oct Nov Dec
2008: Jan Feb Mar Apr May Jun Jul Aug Sep Oct Nov Dec
2007: Jan Feb Mar Apr May Jun Jul Aug Sep Oct Nov Dec
2006: Jan Feb Mar Apr May Jun Jul Aug Sep Oct Nov Dec
2005: Jan Feb Mar Apr May Jun Jul Aug Sep Oct Nov Dec
2004: Jan Feb Mar Apr May Jun Jul Aug Sep Oct Nov Dec
Report for 2010 June
Monthly Climatological Summary for Jun 2010 Name: Willand City: Willand State: Devon, UK (9am GMT end of day) Elevation: 79 m Lat: N 50° 53' 03" Lon: W 003° 22' 25" Temperature (°C), Rain (mm), Wind Speed (km/h) Heat Cool Avg Mean Deg Deg Wind Dom Day Temp High Time Low Time Days Days Rain Speed High Time Dir ---------------------------------------------------------------------------------- 1 13.2 19.1 17:50 9.5 01:20 2.3 0.0 1.2 4.4 26.5 18:50 WNW 2 15.1 22.8 17:30 7.4 05:10 0.4 0.0 0.0 3.2 14.3 10:10 ENE 3 16.6 23.9 14:30 8.2 05:00 0.0 1.1 0.0 6.3 22.4 15:10 SE 4 18.3 27.3 15:20 10.9 02:50 0.0 2.8 0.0 4.8 22.4 17:00 S 5 17.6 25.7 15:30 12.9 04:40 0.0 2.1 0.0 7.3 22.4 18:40 W 6 15.3 22.3 14:30 9.5 05:20 0.2 0.0 0.0 8.7 32.6 16:10 W 7 13.5 15.9 09:50 12.5 23:30 2.0 0.0 16.5 9.4 26.5 13:30 SE 8 14.9 19.2 12:00 12.3 06:00 0.6 0.0 3.6 2.9 18.4 12:10 S 9 19.9 23.6 14:50 15.0 22:40 0.0 4.4 0.0 6.6 18.4 15:00 SE 10 15.0 17.2 23:00 13.1 06:00 0.5 0.0 0.0 14.2 40.7 21:10 N 11 15.7 24.2 16:50 8.3 04:20 0.0 0.2 0.0 5.2 22.4 10:00 NNW 12 15.9 23.0 16:10 9.6 04:10 0.0 0.4 0.0 4.7 18.4 12:00 N 13 15.2 22.8 14:30 11.1 22:20 0.3 0.0 1.2 9.7 32.6 20:20 WNW 14 18.2 21.1 16:20 14.9 21:20 0.0 2.7 0.0 13.3 30.6 12:40 N 15 13.2 20.4 16:10 7.2 03:20 2.3 0.0 0.0 7.7 30.6 17:40 N 16 15.9 23.3 16:00 6.7 05:10 0.0 0.4 0.0 9.8 26.5 12:40 N 17 17.7 25.7 16:20 8.6 05:00 0.0 2.2 0.0 5.5 22.4 13:00 N 18 17.6 27.2 14:40 10.5 06:30 0.0 2.1 0.0 6.9 22.4 01:40 NNE 19 13.5 22.2 16:10 4.6 04:50 2.0 0.0 0.0 5.1 22.4 17:10 N 20 16.5 24.3 16:50 9.2 04:30 0.0 1.0 0.0 4.5 20.4 19:30 NNW 21 17.6 27.1 14:30 7.9 05:10 0.0 2.1 0.0 3.6 20.4 16:10 S 22 17.7 28.4 15:50 8.5 05:10 0.0 2.2 0.0 3.6 18.4 12:30 SW 23 19.0 28.1 16:40 11.8 01:40 0.0 3.5 0.0 4.6 18.4 11:00 WSW 24 17.4 24.6 13:50 9.5 05:40 0.0 1.9 0.0 6.0 22.4 14:50 WNW 25 19.5 28.8 15:30 10.3 04:50 0.0 4.0 0.0 3.5 14.3 16:50 S 26 20.4 30.5 15:30 10.5 05:30 0.0 4.9 0.0 3.3 20.4 17:20 SSE 27 18.8 29.9 16:00 9.4 05:30 0.0 3.3 0.0 5.4 26.5 18:00 W 28 20.6 28.7 16:00 15.8 03:50 0.0 5.1 2.1 6.4 22.4 17:00 SSW 29 19.4 26.0 16:30 15.0 23:00 0.0 3.9 0.0 6.1 22.4 14:40 WSW 30 19.9 27.0 14:20 15.1 23:20 0.0 4.4 0.0 7.3 26.5 09:20 S ---------------------------------------------------------------------------------- 17.0 30.5 26 4.6 19 10.6 54.7 24.6 6.1 40.7 10 NW Max >= 30.0: 1 Max <= 0.0: 0 Min <= 0.0: 0 Min <= -18.0: 0 Max Rain: 16.5 on day 7 Days of Rain: 5 (>= 0.2 mm) 5 (>= 1.0 mm) 0 (>= 25.0 mm) Heat Base: 15.5 Cool Base: 15.5 Method: Integration