NOAA-Style Climate Reports
Select a Year or Month report
2024: Jan Feb Mar Apr May Jun Jul Aug Sep Oct Nov Dec
2023: Jan Feb Mar Apr May Jun Jul Aug Sep Oct Nov Dec
2022: Jan Feb Mar Apr May Jun Jul Aug Sep Oct Nov Dec
2021: Jan Feb Mar Apr May Jun Jul Aug Sep Oct Nov Dec
2020: Jan Feb Mar Apr May Jun Jul Aug Sep Oct Nov Dec
2019: Jan Feb Mar Apr May Jun Jul Aug Sep Oct Nov Dec
2018: Jan Feb Mar Apr May Jun Jul Aug Sep Oct Nov Dec
2017: Jan Feb Mar Apr May Jun Jul Aug Sep Oct Nov Dec
2016: Jan Feb Mar Apr May Jun Jul Aug Sep Oct Nov Dec
2015: Jan Feb Mar Apr May Jun Jul Aug Sep Oct Nov Dec
2014: Jan Feb Mar Apr May Jun Jul Aug Sep Oct Nov Dec
2013: Jan Feb Mar Apr May Jun Jul Aug Sep Oct Nov Dec
2012: Jan Feb Mar Apr May Jun Jul Aug Sep Oct Nov Dec
2011: Jan Feb Mar Apr May Jun Jul Aug Sep Oct Nov Dec
2010: Jan Feb Mar Apr May Jun Jul Aug Sep Oct Nov Dec
2009: Jan Feb Mar Apr May Jun Jul Aug Sep Oct Nov Dec
2008: Jan Feb Mar Apr May Jun Jul Aug Sep Oct Nov Dec
2007: Jan Feb Mar Apr May Jun Jul Aug Sep Oct Nov Dec
2006: Jan Feb Mar Apr May Jun Jul Aug Sep Oct Nov Dec
2005: Jan Feb Mar Apr May Jun Jul Aug Sep Oct Nov Dec
2004: Jan Feb Mar Apr May Jun Jul Aug Sep Oct Nov Dec
2024: Jan Feb Mar Apr May Jun Jul Aug Sep Oct Nov Dec
2023: Jan Feb Mar Apr May Jun Jul Aug Sep Oct Nov Dec
2022: Jan Feb Mar Apr May Jun Jul Aug Sep Oct Nov Dec
2021: Jan Feb Mar Apr May Jun Jul Aug Sep Oct Nov Dec
2020: Jan Feb Mar Apr May Jun Jul Aug Sep Oct Nov Dec
2019: Jan Feb Mar Apr May Jun Jul Aug Sep Oct Nov Dec
2018: Jan Feb Mar Apr May Jun Jul Aug Sep Oct Nov Dec
2017: Jan Feb Mar Apr May Jun Jul Aug Sep Oct Nov Dec
2016: Jan Feb Mar Apr May Jun Jul Aug Sep Oct Nov Dec
2015: Jan Feb Mar Apr May Jun Jul Aug Sep Oct Nov Dec
2014: Jan Feb Mar Apr May Jun Jul Aug Sep Oct Nov Dec
2013: Jan Feb Mar Apr May Jun Jul Aug Sep Oct Nov Dec
2012: Jan Feb Mar Apr May Jun Jul Aug Sep Oct Nov Dec
2011: Jan Feb Mar Apr May Jun Jul Aug Sep Oct Nov Dec
2010: Jan Feb Mar Apr May Jun Jul Aug Sep Oct Nov Dec
2009: Jan Feb Mar Apr May Jun Jul Aug Sep Oct Nov Dec
2008: Jan Feb Mar Apr May Jun Jul Aug Sep Oct Nov Dec
2007: Jan Feb Mar Apr May Jun Jul Aug Sep Oct Nov Dec
2006: Jan Feb Mar Apr May Jun Jul Aug Sep Oct Nov Dec
2005: Jan Feb Mar Apr May Jun Jul Aug Sep Oct Nov Dec
2004: Jan Feb Mar Apr May Jun Jul Aug Sep Oct Nov Dec
Report for 2010 September
Monthly Climatological Summary for Sep 2010 Name: Willand City: Willand State: Devon, UK (9am GMT end of day) Elevation: 79 m Lat: N 50° 53' 03" Lon: W 003° 22' 25" Temperature (°C), Rain (mm), Wind Speed (km/h) Heat Cool Avg Mean Deg Deg Wind Dom Day Temp High Time Low Time Days Days Rain Speed High Time Dir ---------------------------------------------------------------------------------- 1 14.1 23.2 15:10 7.4 04:30 1.4 0.0 0.0 4.3 18.4 14:30 NE 2 14.8 23.5 14:40 8.5 03:10 0.7 0.0 0.0 5.2 18.4 11:20 NE 3 14.7 23.3 14:40 8.7 03:50 0.8 0.0 0.0 4.5 20.4 13:40 ESE 4 15.9 22.5 15:10 11.7 01:50 0.0 0.4 3.3 5.5 22.4 12:50 ESE 5 18.1 21.4 14:50 16.5 10:00 0.0 2.6 0.0 12.6 28.5 02:40 ESE 6 13.7 19.5 10:00 9.3 07:00 1.8 0.0 10.8 5.7 30.6 10:20 SE 7 13.6 20.2 15:30 8.2 07:00 1.9 0.0 0.6 3.9 20.4 15:00 SSE 8 14.7 18.9 11:50 10.9 06:00 0.8 0.0 0.6 3.3 14.3 13:10 SW 9 16.6 21.6 13:30 13.5 00:00 0.0 1.1 0.0 6.4 22.4 17:10 WSW 10 18.3 21.7 15:50 16.5 07:40 0.0 2.8 0.0 11.0 30.6 13:30 SSW 11 15.0 23.4 14:00 8.6 06:40 0.5 0.0 0.0 6.5 24.4 17:00 W 12 15.4 20.8 15:30 9.5 01:30 0.1 0.0 0.0 8.3 26.5 15:30 WNW 13 16.5 17.6 17:10 15.4 00:10 0.0 1.0 0.0 12.6 34.7 13:30 WSW 14 13.5 18.3 11:40 7.3 06:20 2.0 0.0 2.7 10.3 30.6 11:30 WSW 15 14.8 17.5 13:00 12.3 03:00 0.7 0.0 0.0 13.3 34.7 16:00 W 16 6.6 14.2 09:50 4.0 05:40 8.9 0.0 0.0 1.0 8.1 01:10 SE 17 10.0 19.7 14:10 2.4 07:00 5.5 0.0 0.0 4.3 22.4 16:00 NW 18 11.9 18.5 13:30 6.6 05:50 3.6 0.0 0.0 5.2 18.4 14:00 SW 19 15.8 19.7 13:00 13.3 04:50 0.0 0.3 0.0 8.1 30.6 14:10 SW 20 14.4 23.4 14:10 8.4 04:30 1.1 0.0 0.0 3.9 26.5 13:50 WSW 21 14.6 21.9 14:30 8.9 04:50 0.9 0.0 0.0 3.2 18.4 13:00 SSE 22 16.4 21.7 13:20 13.9 02:00 0.0 0.9 14.1 6.2 22.4 15:30 S 23 13.7 20.3 14:30 9.8 06:20 1.8 0.0 0.3 5.3 22.4 17:30 WSW 24 9.5 14.2 10:00 3.6 07:00 6.0 0.0 0.0 6.3 22.4 10:30 NNW 25 8.3 15.9 13:30 0.8 07:10 7.2 0.0 0.0 4.7 24.4 13:00 NW 26 10.4 16.3 13:10 6.5 01:00 5.1 0.0 0.0 6.7 26.5 13:10 NW 27 12.4 14.6 14:00 7.7 07:30 3.1 0.0 0.0 1.9 10.2 10:00 NW 28 14.8 17.1 11:10 13.0 10:00 0.7 0.0 6.3 3.4 16.3 11:00 SSE 29 10.4 16.5 16:10 5.1 03:10 5.1 0.0 0.9 1.5 20.4 16:40 W 30 14.4 17.7 13:40 10.0 10:00 1.1 0.0 16.7 3.6 18.4 00:10 S ---------------------------------------------------------------------------------- 13.8 23.5 2 0.8 25 60.8 9.1 56.3 6.0 34.7 13 SW Max >= 30.0: 0 Max <= 0.0: 0 Min <= 0.0: 0 Min <= -18.0: 0 Max Rain: 16.7 on day 30 Days of Rain: 10 (>= 0.2 mm) 6 (>= 1.0 mm) 0 (>= 25.0 mm) Heat Base: 15.5 Cool Base: 15.5 Method: Integration