NOAA-Style Climate Reports
Select a Year or Month report
2024: Jan Feb Mar Apr May Jun Jul Aug Sep Oct Nov Dec
2023: Jan Feb Mar Apr May Jun Jul Aug Sep Oct Nov Dec
2022: Jan Feb Mar Apr May Jun Jul Aug Sep Oct Nov Dec
2021: Jan Feb Mar Apr May Jun Jul Aug Sep Oct Nov Dec
2020: Jan Feb Mar Apr May Jun Jul Aug Sep Oct Nov Dec
2019: Jan Feb Mar Apr May Jun Jul Aug Sep Oct Nov Dec
2018: Jan Feb Mar Apr May Jun Jul Aug Sep Oct Nov Dec
2017: Jan Feb Mar Apr May Jun Jul Aug Sep Oct Nov Dec
2016: Jan Feb Mar Apr May Jun Jul Aug Sep Oct Nov Dec
2015: Jan Feb Mar Apr May Jun Jul Aug Sep Oct Nov Dec
2014: Jan Feb Mar Apr May Jun Jul Aug Sep Oct Nov Dec
2013: Jan Feb Mar Apr May Jun Jul Aug Sep Oct Nov Dec
2012: Jan Feb Mar Apr May Jun Jul Aug Sep Oct Nov Dec
2011: Jan Feb Mar Apr May Jun Jul Aug Sep Oct Nov Dec
2010: Jan Feb Mar Apr May Jun Jul Aug Sep Oct Nov Dec
2009: Jan Feb Mar Apr May Jun Jul Aug Sep Oct Nov Dec
2008: Jan Feb Mar Apr May Jun Jul Aug Sep Oct Nov Dec
2007: Jan Feb Mar Apr May Jun Jul Aug Sep Oct Nov Dec
2006: Jan Feb Mar Apr May Jun Jul Aug Sep Oct Nov Dec
2005: Jan Feb Mar Apr May Jun Jul Aug Sep Oct Nov Dec
2004: Jan Feb Mar Apr May Jun Jul Aug Sep Oct Nov Dec
2024: Jan Feb Mar Apr May Jun Jul Aug Sep Oct Nov Dec
2023: Jan Feb Mar Apr May Jun Jul Aug Sep Oct Nov Dec
2022: Jan Feb Mar Apr May Jun Jul Aug Sep Oct Nov Dec
2021: Jan Feb Mar Apr May Jun Jul Aug Sep Oct Nov Dec
2020: Jan Feb Mar Apr May Jun Jul Aug Sep Oct Nov Dec
2019: Jan Feb Mar Apr May Jun Jul Aug Sep Oct Nov Dec
2018: Jan Feb Mar Apr May Jun Jul Aug Sep Oct Nov Dec
2017: Jan Feb Mar Apr May Jun Jul Aug Sep Oct Nov Dec
2016: Jan Feb Mar Apr May Jun Jul Aug Sep Oct Nov Dec
2015: Jan Feb Mar Apr May Jun Jul Aug Sep Oct Nov Dec
2014: Jan Feb Mar Apr May Jun Jul Aug Sep Oct Nov Dec
2013: Jan Feb Mar Apr May Jun Jul Aug Sep Oct Nov Dec
2012: Jan Feb Mar Apr May Jun Jul Aug Sep Oct Nov Dec
2011: Jan Feb Mar Apr May Jun Jul Aug Sep Oct Nov Dec
2010: Jan Feb Mar Apr May Jun Jul Aug Sep Oct Nov Dec
2009: Jan Feb Mar Apr May Jun Jul Aug Sep Oct Nov Dec
2008: Jan Feb Mar Apr May Jun Jul Aug Sep Oct Nov Dec
2007: Jan Feb Mar Apr May Jun Jul Aug Sep Oct Nov Dec
2006: Jan Feb Mar Apr May Jun Jul Aug Sep Oct Nov Dec
2005: Jan Feb Mar Apr May Jun Jul Aug Sep Oct Nov Dec
2004: Jan Feb Mar Apr May Jun Jul Aug Sep Oct Nov Dec
Report for 2011 May
Monthly Climatological Summary for May 2011 Name: Willand City: Willand State: Devon, UK (9am GMT end of day) Elevation: 79 m Lat: N 50° 53' 03" Lon: W 003° 22' 25" Temperature (°C), Rain (mm), Wind Speed (km/h) Heat Cool Avg Mean Deg Deg Wind Dom Day Temp High Time Low Time Days Days Rain Speed High Time Dir ---------------------------------------------------------------------------------- 1 13.3 20.8 15:30 8.6 04:50 2.2 0.0 8.4 12.1 30.6 16:40 NE 2 10.3 16.9 15:10 4.4 06:20 5.2 0.0 0.3 9.7 24.4 15:20 NE 3 9.4 17.3 14:20 2.9 03:10 6.1 0.0 0.0 7.7 30.6 16:40 ESE 4 11.1 17.4 14:10 5.1 03:10 4.4 0.0 0.0 6.4 30.6 17:20 SE 5 13.2 17.2 10:20 9.5 04:00 2.3 0.0 0.0 6.3 22.4 11:00 SSE 6 14.7 21.7 14:20 10.6 05:30 0.8 0.0 8.7 5.2 22.4 13:00 SE 7 14.3 19.0 14:20 11.5 06:00 1.2 0.0 6.9 11.0 26.5 15:20 SSE 8 13.4 18.8 16:10 10.1 04:30 2.1 0.0 0.0 9.9 30.6 12:40 SSE 9 13.4 18.7 14:10 9.6 05:30 2.1 0.0 2.1 8.0 30.6 13:00 S 10 13.9 19.8 12:50 10.5 01:50 1.6 0.0 0.0 5.1 26.5 10:00 WSW 11 12.4 19.7 15:00 6.4 01:50 3.1 0.0 0.0 6.4 28.5 16:50 W 12 10.5 17.2 16:10 3.3 05:30 5.0 0.0 0.0 6.6 28.5 11:30 WNW 13 10.6 16.7 14:00 3.4 04:50 4.9 0.0 0.0 5.9 24.4 08:50 W 14 11.5 16.9 16:20 5.6 05:10 4.0 0.0 0.3 10.4 32.6 18:40 WNW 15 13.2 16.3 13:10 10.7 05:20 2.3 0.0 0.0 12.0 26.5 11:10 WNW 16 13.1 17.9 15:40 10.7 01:40 2.4 0.0 0.0 11.7 30.6 10:30 W 17 14.0 16.3 12:50 11.9 05:00 1.5 0.0 0.0 9.7 26.5 10:10 WSW 18 10.9 17.4 12:10 2.7 05:40 4.6 0.0 0.0 6.0 26.5 13:30 W 19 12.7 20.9 15:40 5.9 05:50 2.8 0.0 0.0 4.4 18.4 15:30 W 20 11.8 20.9 16:30 3.4 04:50 3.7 0.0 0.0 5.6 26.5 17:50 W 21 13.6 19.2 14:10 8.1 05:20 1.9 0.0 1.8 10.9 40.7 09:30 SW 22 12.6 18.8 15:00 7.9 01:50 2.9 0.0 0.0 11.5 44.8 15:40 WSW 23 11.3 17.8 15:20 5.4 05:10 4.2 0.0 0.3 12.4 42.8 11:10 WSW 24 11.1 19.4 14:50 2.1 05:30 4.4 0.0 0.0 6.6 28.5 11:30 W 25 13.5 20.0 16:20 9.6 05:30 2.0 0.0 1.8 12.4 32.6 09:20 SSW 26 11.3 14.5 12:40 7.8 00:10 4.2 0.0 0.6 11.1 42.8 13:30 WNW 27 12.2 17.2 15:50 7.7 23:10 3.3 0.0 0.0 10.1 26.5 11:30 W 28 13.8 16.7 15:20 12.3 22:30 1.7 0.0 0.0 12.4 30.6 11:50 WSW 29 15.7 22.5 16:50 11.4 09:50 0.0 0.2 1.2 8.7 34.7 12:30 WSW 30 9.9 16.0 18:10 3.8 05:20 5.6 0.0 1.2 6.4 26.5 17:20 WNW 31 11.1 18.9 16:30 3.6 05:10 4.4 0.0 0.0 7.4 30.6 14:10 WNW ---------------------------------------------------------------------------------- 12.4 22.5 29 2.1 24 96.9 0.2 33.6 8.7 44.8 22 WSW Max >= 30.0: 0 Max <= 0.0: 0 Min <= 0.0: 0 Min <= -18.0: 0 Max Rain: 8.7 on day 6 Days of Rain: 12 (>= 0.2 mm) 8 (>= 1.0 mm) 0 (>= 25.0 mm) Heat Base: 15.5 Cool Base: 15.5 Method: Integration