NOAA-Style Climate Reports
Select a Year or Month report
2024: Jan Feb Mar Apr May Jun Jul Aug Sep Oct Nov Dec
2023: Jan Feb Mar Apr May Jun Jul Aug Sep Oct Nov Dec
2022: Jan Feb Mar Apr May Jun Jul Aug Sep Oct Nov Dec
2021: Jan Feb Mar Apr May Jun Jul Aug Sep Oct Nov Dec
2020: Jan Feb Mar Apr May Jun Jul Aug Sep Oct Nov Dec
2019: Jan Feb Mar Apr May Jun Jul Aug Sep Oct Nov Dec
2018: Jan Feb Mar Apr May Jun Jul Aug Sep Oct Nov Dec
2017: Jan Feb Mar Apr May Jun Jul Aug Sep Oct Nov Dec
2016: Jan Feb Mar Apr May Jun Jul Aug Sep Oct Nov Dec
2015: Jan Feb Mar Apr May Jun Jul Aug Sep Oct Nov Dec
2014: Jan Feb Mar Apr May Jun Jul Aug Sep Oct Nov Dec
2013: Jan Feb Mar Apr May Jun Jul Aug Sep Oct Nov Dec
2012: Jan Feb Mar Apr May Jun Jul Aug Sep Oct Nov Dec
2011: Jan Feb Mar Apr May Jun Jul Aug Sep Oct Nov Dec
2010: Jan Feb Mar Apr May Jun Jul Aug Sep Oct Nov Dec
2009: Jan Feb Mar Apr May Jun Jul Aug Sep Oct Nov Dec
2008: Jan Feb Mar Apr May Jun Jul Aug Sep Oct Nov Dec
2007: Jan Feb Mar Apr May Jun Jul Aug Sep Oct Nov Dec
2006: Jan Feb Mar Apr May Jun Jul Aug Sep Oct Nov Dec
2005: Jan Feb Mar Apr May Jun Jul Aug Sep Oct Nov Dec
2004: Jan Feb Mar Apr May Jun Jul Aug Sep Oct Nov Dec
2024: Jan Feb Mar Apr May Jun Jul Aug Sep Oct Nov Dec
2023: Jan Feb Mar Apr May Jun Jul Aug Sep Oct Nov Dec
2022: Jan Feb Mar Apr May Jun Jul Aug Sep Oct Nov Dec
2021: Jan Feb Mar Apr May Jun Jul Aug Sep Oct Nov Dec
2020: Jan Feb Mar Apr May Jun Jul Aug Sep Oct Nov Dec
2019: Jan Feb Mar Apr May Jun Jul Aug Sep Oct Nov Dec
2018: Jan Feb Mar Apr May Jun Jul Aug Sep Oct Nov Dec
2017: Jan Feb Mar Apr May Jun Jul Aug Sep Oct Nov Dec
2016: Jan Feb Mar Apr May Jun Jul Aug Sep Oct Nov Dec
2015: Jan Feb Mar Apr May Jun Jul Aug Sep Oct Nov Dec
2014: Jan Feb Mar Apr May Jun Jul Aug Sep Oct Nov Dec
2013: Jan Feb Mar Apr May Jun Jul Aug Sep Oct Nov Dec
2012: Jan Feb Mar Apr May Jun Jul Aug Sep Oct Nov Dec
2011: Jan Feb Mar Apr May Jun Jul Aug Sep Oct Nov Dec
2010: Jan Feb Mar Apr May Jun Jul Aug Sep Oct Nov Dec
2009: Jan Feb Mar Apr May Jun Jul Aug Sep Oct Nov Dec
2008: Jan Feb Mar Apr May Jun Jul Aug Sep Oct Nov Dec
2007: Jan Feb Mar Apr May Jun Jul Aug Sep Oct Nov Dec
2006: Jan Feb Mar Apr May Jun Jul Aug Sep Oct Nov Dec
2005: Jan Feb Mar Apr May Jun Jul Aug Sep Oct Nov Dec
2004: Jan Feb Mar Apr May Jun Jul Aug Sep Oct Nov Dec
Report for 2012 December
Monthly Climatological Summary for Dec 2012 Name: Willand City: Willand State: Devon, UK (9am GMT end of day) Elevation: 79 m Lat: N 50° 53' 03" Lon: W 003° 22' 25" Temperature (°C), Rain (mm), Wind Speed (km/h) Heat Cool Avg Mean Deg Deg Wind Dom Day Temp High Time Low Time Days Days Rain Speed High Time Dir ---------------------------------------------------------------------------------- 1 1.4 8.1 13:40 -2.6 09:00 14.1 0.0 0.6 3.1 30.1 13:40 WNW 2 6.3 10.7 04:50 -0.8 09:00 9.2 0.0 6.0 4.9 37.3 08:30 WSW 3 5.5 8.8 10:50 3.0 05:50 10.0 0.0 5.6 7.0 28.3 09:00 W 4 3.3 6.4 12:40 1.1 20:00 12.2 0.0 5.4 5.0 44.2 13:10 WNW 5 0.6 5.0 14:10 -2.8 03:40 14.9 0.0 0.0 3.9 24.9 09:50 NW 6 3.5 6.2 22:20 -1.4 09:00 12.0 0.0 8.0 10.3 38.9 00:20 W 7 5.3 8.0 12:20 -0.3 07:50 10.2 0.0 0.2 12.4 46.1 12:10 NW 8 4.5 7.9 14:20 0.1 20:50 11.0 0.0 0.2 3.7 21.2 06:10 W 9 4.9 8.4 13:30 -0.4 08:20 10.6 0.0 0.2 7.7 32.0 09:10 WNW 10 0.2 5.8 14:20 -3.3 07:00 15.3 0.0 0.0 2.8 17.7 12:00 NNW 11 -0.7 2.5 14:20 -2.6 09:00 16.2 0.0 0.4 3.3 14.3 00:40 N 12 0.4 4.4 14:10 -1.7 06:00 15.1 0.0 0.0 5.5 21.2 14:20 ENE 13 3.8 8.5 08:50 0.3 09:00 11.7 0.0 7.2 10.0 55.0 08:50 E 14 7.7 10.8 10:00 6.3 19:50 7.8 0.0 10.2 10.6 38.9 09:20 SW 15 5.8 10.0 11:30 2.4 08:10 9.7 0.0 5.2 5.1 35.4 12:40 SW 16 6.1 9.5 14:10 2.8 09:00 9.4 0.0 1.8 5.4 28.3 02:20 SSW 17 6.6 8.6 13:20 2.6 07:40 8.9 0.0 3.2 8.0 30.1 13:20 W 18 6.0 8.4 03:40 2.1 21:40 9.5 0.0 3.4 6.2 42.6 05:10 SE 19 10.2 11.7 01:40 8.0 09:00 5.3 0.0 13.8 10.2 44.2 04:10 SE 20 8.2 11.1 11:20 5.5 06:10 7.3 0.0 2.8 6.7 33.7 12:00 WSW 21 8.7 11.4 08:20 6.7 09:00 6.8 0.0 16.4 7.4 46.1 02:40 SSE 22 12.4 13.8 14:00 10.4 08:40 3.1 0.0 6.6 12.4 35.4 02:30 SW 23 8.8 10.8 11:10 7.5 03:10 6.7 0.0 6.2 5.2 26.5 09:50 WSW 24 8.0 11.3 09:20 6.5 00:40 7.5 0.0 7.0 5.1 38.9 03:30 SW 25 6.8 9.2 14:20 4.9 02:20 8.7 0.0 5.2 9.5 42.6 13:10 WSW 26 8.0 10.9 15:00 5.4 03:30 7.5 0.0 4.8 13.8 49.5 08:20 WSW 27 7.6 10.4 07:20 4.8 20:30 7.9 0.0 2.6 11.0 46.1 13:00 W 28 11.1 12.0 13:40 10.2 05:10 4.4 0.0 4.8 17.3 55.0 23:40 SSW 29 6.0 10.0 09:00 3.5 00:00 9.5 0.0 8.2 12.8 45.9 20:40 WSW 30 9.7 10.9 01:10 5.2 09:00 5.8 0.0 1.0 16.7 45.9 03:10 SW 31 7.4 10.5 09:00 2.7 08:30 8.1 0.0 8.6 8.5 33.7 11:00 WSW ---------------------------------------------------------------------------------- 5.9 13.8 22 -3.3 10 296.4 0.0 145.6 8.1 55.0 13 WSW Max >= 30.0: 0 Max <= 0.0: 0 Min <= 0.0: 9 Min <= -18.0: 0 Max Rain: 16.4 on day 21 Days of Rain: 28 (>= 0.2 mm) 23 (>= 1.0 mm) 0 (>= 25.0 mm) Heat Base: 15.5 Cool Base: 15.5 Method: Integration