NOAA-Style Climate Reports
Select a Year or Month report
2024: Jan Feb Mar Apr May Jun Jul Aug Sep Oct Nov Dec
2023: Jan Feb Mar Apr May Jun Jul Aug Sep Oct Nov Dec
2022: Jan Feb Mar Apr May Jun Jul Aug Sep Oct Nov Dec
2021: Jan Feb Mar Apr May Jun Jul Aug Sep Oct Nov Dec
2020: Jan Feb Mar Apr May Jun Jul Aug Sep Oct Nov Dec
2019: Jan Feb Mar Apr May Jun Jul Aug Sep Oct Nov Dec
2018: Jan Feb Mar Apr May Jun Jul Aug Sep Oct Nov Dec
2017: Jan Feb Mar Apr May Jun Jul Aug Sep Oct Nov Dec
2016: Jan Feb Mar Apr May Jun Jul Aug Sep Oct Nov Dec
2015: Jan Feb Mar Apr May Jun Jul Aug Sep Oct Nov Dec
2014: Jan Feb Mar Apr May Jun Jul Aug Sep Oct Nov Dec
2013: Jan Feb Mar Apr May Jun Jul Aug Sep Oct Nov Dec
2012: Jan Feb Mar Apr May Jun Jul Aug Sep Oct Nov Dec
2011: Jan Feb Mar Apr May Jun Jul Aug Sep Oct Nov Dec
2010: Jan Feb Mar Apr May Jun Jul Aug Sep Oct Nov Dec
2009: Jan Feb Mar Apr May Jun Jul Aug Sep Oct Nov Dec
2008: Jan Feb Mar Apr May Jun Jul Aug Sep Oct Nov Dec
2007: Jan Feb Mar Apr May Jun Jul Aug Sep Oct Nov Dec
2006: Jan Feb Mar Apr May Jun Jul Aug Sep Oct Nov Dec
2005: Jan Feb Mar Apr May Jun Jul Aug Sep Oct Nov Dec
2004: Jan Feb Mar Apr May Jun Jul Aug Sep Oct Nov Dec
2024: Jan Feb Mar Apr May Jun Jul Aug Sep Oct Nov Dec
2023: Jan Feb Mar Apr May Jun Jul Aug Sep Oct Nov Dec
2022: Jan Feb Mar Apr May Jun Jul Aug Sep Oct Nov Dec
2021: Jan Feb Mar Apr May Jun Jul Aug Sep Oct Nov Dec
2020: Jan Feb Mar Apr May Jun Jul Aug Sep Oct Nov Dec
2019: Jan Feb Mar Apr May Jun Jul Aug Sep Oct Nov Dec
2018: Jan Feb Mar Apr May Jun Jul Aug Sep Oct Nov Dec
2017: Jan Feb Mar Apr May Jun Jul Aug Sep Oct Nov Dec
2016: Jan Feb Mar Apr May Jun Jul Aug Sep Oct Nov Dec
2015: Jan Feb Mar Apr May Jun Jul Aug Sep Oct Nov Dec
2014: Jan Feb Mar Apr May Jun Jul Aug Sep Oct Nov Dec
2013: Jan Feb Mar Apr May Jun Jul Aug Sep Oct Nov Dec
2012: Jan Feb Mar Apr May Jun Jul Aug Sep Oct Nov Dec
2011: Jan Feb Mar Apr May Jun Jul Aug Sep Oct Nov Dec
2010: Jan Feb Mar Apr May Jun Jul Aug Sep Oct Nov Dec
2009: Jan Feb Mar Apr May Jun Jul Aug Sep Oct Nov Dec
2008: Jan Feb Mar Apr May Jun Jul Aug Sep Oct Nov Dec
2007: Jan Feb Mar Apr May Jun Jul Aug Sep Oct Nov Dec
2006: Jan Feb Mar Apr May Jun Jul Aug Sep Oct Nov Dec
2005: Jan Feb Mar Apr May Jun Jul Aug Sep Oct Nov Dec
2004: Jan Feb Mar Apr May Jun Jul Aug Sep Oct Nov Dec
Report for 2013 February
Monthly Climatological Summary for Feb 2013 Name: Willand City: Willand State: Devon, UK (9am GMT end of day) Elevation: 79 m Lat: N 50° 53' 03" Lon: W 003° 22' 25" Temperature (°C), Rain (mm), Wind Speed (km/h) Heat Cool Avg Mean Deg Deg Wind Dom Day Temp High Time Low Time Days Days Rain Speed High Time Dir ---------------------------------------------------------------------------------- 1 5.4 7.4 12:30 2.3 08:30 10.1 0.0 0.0 12.1 33.7 13:20 NW 2 2.2 6.6 14:00 -1.9 01:10 13.3 0.0 0.0 5.1 24.9 11:30 NW 3 8.9 10.0 02:50 3.7 09:00 6.6 0.0 0.2 11.7 55.0 06:00 W 4 6.1 9.5 14:00 1.8 05:20 9.4 0.0 4.2 17.6 45.9 13:20 W 5 5.1 6.9 21:20 1.0 12:30 10.4 0.0 3.4 20.8 51.6 19:30 WNW 6 2.7 7.0 14:00 -1.0 00:40 12.8 0.0 0.0 9.4 56.7 13:00 NW 7 3.4 6.4 12:40 1.7 09:00 12.1 0.0 2.6 5.7 24.9 12:20 NW 8 5.1 6.9 13:00 3.8 06:00 10.4 0.0 0.8 6.0 30.1 15:10 NW 9 6.3 8.0 08:50 4.3 09:00 9.2 0.0 10.8 4.5 24.9 06:30 S 10 4.3 8.9 12:20 0.2 08:00 11.2 0.0 4.2 6.8 45.9 14:20 W 11 2.0 3.7 10:40 1.1 05:50 13.5 0.0 0.0 6.2 21.3 12:50 NNE 12 2.1 3.8 08:50 1.3 09:00 13.4 0.0 0.2 3.1 15.8 10:30 ENE 13 6.8 9.6 03:40 3.8 09:00 8.7 0.0 10.4 11.1 31.6 17:50 S 14 5.4 10.0 14:30 0.7 07:00 10.1 0.0 1.0 7.2 35.2 14:50 WNW 15 4.4 9.6 15:20 -0.2 06:10 11.1 0.0 0.2 1.3 14.3 15:40 WNW 16 4.3 9.9 15:00 0.4 07:40 11.2 0.0 0.2 2.5 19.4 15:30 SE 17 5.3 8.8 13:10 3.2 09:00 10.2 0.0 0.0 12.5 40.7 13:40 ESE 18 3.9 9.4 13:00 -0.2 07:30 11.6 0.0 0.4 7.1 33.7 10:30 E 19 2.4 8.9 14:10 -1.3 03:30 13.1 0.0 0.0 4.2 19.4 07:00 NNE 20 1.7 4.7 16:00 -0.6 00:10 13.8 0.0 0.4 8.8 26.5 05:20 ENE 21 0.1 2.8 13:00 -1.7 21:10 15.4 0.0 0.0 11.4 38.7 12:00 ENE 22 0.3 1.6 11:20 -0.3 09:00 15.2 0.0 0.0 10.9 30.1 16:20 NNE 23 0.5 2.5 12:10 -1.4 00:00 15.0 0.0 0.0 3.9 21.3 11:00 NNE 24 1.2 2.2 08:40 -1.9 04:00 14.3 0.0 0.0 6.3 26.5 19:50 N 25 3.5 5.6 13:30 2.3 09:00 12.0 0.0 0.0 13.9 38.7 01:00 NNE 26 3.5 4.5 15:50 1.9 08:30 12.0 0.0 0.0 9.7 30.1 09:30 NE 27 1.5 3.0 17:10 -1.5 06:10 14.0 0.0 0.0 7.4 26.5 13:30 NNE 28 3.9 6.5 15:10 1.2 01:50 11.6 0.0 0.0 10.6 30.1 15:10 NNE ---------------------------------------------------------------------------------- 3.7 10.0 3 -1.9 2 331.7 0.0 39.0 8.5 56.7 6 NNW Max >= 30.0: 0 Max <= 0.0: 0 Min <= 0.0: 11 Min <= -18.0: 0 Max Rain: 10.8 on day 9 Days of Rain: 14 (>= 0.2 mm) 7 (>= 1.0 mm) 0 (>= 25.0 mm) Heat Base: 15.5 Cool Base: 15.5 Method: Integration