NOAA-Style Climate Reports
Select a Year or Month report
2024: Jan Feb Mar Apr May Jun Jul Aug Sep Oct Nov Dec
2023: Jan Feb Mar Apr May Jun Jul Aug Sep Oct Nov Dec
2022: Jan Feb Mar Apr May Jun Jul Aug Sep Oct Nov Dec
2021: Jan Feb Mar Apr May Jun Jul Aug Sep Oct Nov Dec
2020: Jan Feb Mar Apr May Jun Jul Aug Sep Oct Nov Dec
2019: Jan Feb Mar Apr May Jun Jul Aug Sep Oct Nov Dec
2018: Jan Feb Mar Apr May Jun Jul Aug Sep Oct Nov Dec
2017: Jan Feb Mar Apr May Jun Jul Aug Sep Oct Nov Dec
2016: Jan Feb Mar Apr May Jun Jul Aug Sep Oct Nov Dec
2015: Jan Feb Mar Apr May Jun Jul Aug Sep Oct Nov Dec
2014: Jan Feb Mar Apr May Jun Jul Aug Sep Oct Nov Dec
2013: Jan Feb Mar Apr May Jun Jul Aug Sep Oct Nov Dec
2012: Jan Feb Mar Apr May Jun Jul Aug Sep Oct Nov Dec
2011: Jan Feb Mar Apr May Jun Jul Aug Sep Oct Nov Dec
2010: Jan Feb Mar Apr May Jun Jul Aug Sep Oct Nov Dec
2009: Jan Feb Mar Apr May Jun Jul Aug Sep Oct Nov Dec
2008: Jan Feb Mar Apr May Jun Jul Aug Sep Oct Nov Dec
2007: Jan Feb Mar Apr May Jun Jul Aug Sep Oct Nov Dec
2006: Jan Feb Mar Apr May Jun Jul Aug Sep Oct Nov Dec
2005: Jan Feb Mar Apr May Jun Jul Aug Sep Oct Nov Dec
2004: Jan Feb Mar Apr May Jun Jul Aug Sep Oct Nov Dec
2024: Jan Feb Mar Apr May Jun Jul Aug Sep Oct Nov Dec
2023: Jan Feb Mar Apr May Jun Jul Aug Sep Oct Nov Dec
2022: Jan Feb Mar Apr May Jun Jul Aug Sep Oct Nov Dec
2021: Jan Feb Mar Apr May Jun Jul Aug Sep Oct Nov Dec
2020: Jan Feb Mar Apr May Jun Jul Aug Sep Oct Nov Dec
2019: Jan Feb Mar Apr May Jun Jul Aug Sep Oct Nov Dec
2018: Jan Feb Mar Apr May Jun Jul Aug Sep Oct Nov Dec
2017: Jan Feb Mar Apr May Jun Jul Aug Sep Oct Nov Dec
2016: Jan Feb Mar Apr May Jun Jul Aug Sep Oct Nov Dec
2015: Jan Feb Mar Apr May Jun Jul Aug Sep Oct Nov Dec
2014: Jan Feb Mar Apr May Jun Jul Aug Sep Oct Nov Dec
2013: Jan Feb Mar Apr May Jun Jul Aug Sep Oct Nov Dec
2012: Jan Feb Mar Apr May Jun Jul Aug Sep Oct Nov Dec
2011: Jan Feb Mar Apr May Jun Jul Aug Sep Oct Nov Dec
2010: Jan Feb Mar Apr May Jun Jul Aug Sep Oct Nov Dec
2009: Jan Feb Mar Apr May Jun Jul Aug Sep Oct Nov Dec
2008: Jan Feb Mar Apr May Jun Jul Aug Sep Oct Nov Dec
2007: Jan Feb Mar Apr May Jun Jul Aug Sep Oct Nov Dec
2006: Jan Feb Mar Apr May Jun Jul Aug Sep Oct Nov Dec
2005: Jan Feb Mar Apr May Jun Jul Aug Sep Oct Nov Dec
2004: Jan Feb Mar Apr May Jun Jul Aug Sep Oct Nov Dec
Report for 2013 March
Monthly Climatological Summary for Mar 2013 Name: Willand City: Willand State: Devon, UK (9am GMT end of day) Elevation: 79 m Lat: N 50° 53' 03" Lon: W 003° 22' 25" Temperature (°C), Rain (mm), Wind Speed (km/h) Heat Cool Avg Mean Deg Deg Wind Dom Day Temp High Time Low Time Days Days Rain Speed High Time Dir ---------------------------------------------------------------------------------- 1 4.3 6.4 14:10 2.1 07:20 11.2 0.0 0.2 7.6 23.0 15:10 NE 2 0.0 4.5 14:10 -3.7 01:40 15.5 0.0 0.0 3.9 21.3 10:20 NE 3 3.3 5.2 15:20 -0.3 09:00 12.2 0.0 0.0 6.9 26.5 16:20 ENE 4 4.6 9.4 13:30 1.3 06:10 10.9 0.0 0.0 5.0 23.0 10:00 E 5 8.3 14.3 14:00 2.7 09:00 7.2 0.0 0.4 5.3 23.0 15:10 NE 6 10.0 12.6 13:50 6.9 09:00 5.5 0.0 0.8 5.9 19.4 06:50 ENE 7 9.5 10.1 10:00 8.9 23:40 6.0 0.0 6.6 4.8 24.9 10:40 SE 8 9.4 12.9 15:10 6.8 03:00 6.1 0.0 2.0 3.2 23.0 11:50 SSE 9 7.5 12.7 14:10 2.4 06:30 8.0 0.0 0.8 9.7 44.4 08:20 NE 10 0.9 3.3 11:50 -0.9 04:30 14.6 0.0 3.4 17.9 51.6 06:50 NE 11 -1.4 1.2 11:20 -3.2 00:30 16.9 0.0 0.2 24.4 60.1 11:40 NNE 12 0.9 3.8 13:20 -3.2 03:30 14.6 0.0 0.0 9.7 51.6 09:00 N 13 1.4 8.4 14:10 -4.4 06:40 14.1 0.0 0.6 5.0 30.1 16:40 NW 14 3.7 7.4 13:30 0.4 23:20 11.8 0.0 0.0 4.7 23.0 17:20 WSW 15 6.6 10.1 11:20 3.8 05:40 8.9 0.0 23.8 11.2 42.3 13:10 SSW 16 3.9 9.0 13:10 0.8 00:20 11.6 0.0 6.8 5.3 33.7 14:30 SSW 17 2.7 8.3 15:30 -1.3 06:30 12.8 0.0 0.2 4.0 26.5 14:10 WNW 18 3.4 10.9 14:10 -1.7 03:30 12.1 0.0 0.0 2.0 17.7 16:30 NNW 19 4.8 9.9 13:50 2.3 22:30 10.7 0.0 0.0 3.7 26.5 14:30 SE 20 4.9 7.8 12:30 3.7 21:10 10.6 0.0 2.6 5.9 30.1 06:00 E 21 6.4 7.4 03:10 4.3 09:00 9.1 0.0 13.2 20.4 51.6 15:20 ESE 22 5.5 7.3 10:50 3.7 08:40 10.0 0.0 13.2 8.8 44.4 10:10 ENE 23 1.7 3.7 09:00 0.1 08:00 13.8 0.0 0.2 13.6 33.7 02:10 NE 24 0.1 1.1 12:30 -0.7 21:40 15.4 0.0 0.0 15.0 37.3 09:40 NE 25 0.1 1.9 12:40 -1.8 05:20 15.4 0.0 0.0 14.4 40.7 10:00 NE 26 0.7 2.5 13:50 -0.4 03:30 14.8 0.0 0.0 11.1 35.2 12:30 NE 27 0.9 5.2 13:00 -3.6 06:10 14.6 0.0 0.0 8.1 30.1 10:40 NNE 28 2.1 6.5 12:40 -1.1 06:00 13.4 0.0 0.0 11.3 28.5 01:30 NE 29 2.1 6.9 13:10 -1.1 05:30 13.4 0.0 0.0 11.7 37.3 15:40 ENE 30 2.7 7.3 14:00 -1.3 07:20 12.8 0.0 0.0 6.5 28.5 10:20 NE 31 3.3 8.0 13:40 0.2 05:30 12.2 0.0 0.0 13.5 37.3 00:30 E ---------------------------------------------------------------------------------- 3.7 14.3 5 -4.4 13 366.2 0.0 75.0 9.0 60.1 11 NE Max >= 30.0: 0 Max <= 0.0: 0 Min <= 0.0: 15 Min <= -18.0: 0 Max Rain: 23.8 on day 15 Days of Rain: 16 (>= 0.2 mm) 8 (>= 1.0 mm) 0 (>= 25.0 mm) Heat Base: 15.5 Cool Base: 15.5 Method: Integration