NOAA-Style Climate Reports
Select a Year or Month report
2024: Jan Feb Mar Apr May Jun Jul Aug Sep Oct Nov Dec
2023: Jan Feb Mar Apr May Jun Jul Aug Sep Oct Nov Dec
2022: Jan Feb Mar Apr May Jun Jul Aug Sep Oct Nov Dec
2021: Jan Feb Mar Apr May Jun Jul Aug Sep Oct Nov Dec
2020: Jan Feb Mar Apr May Jun Jul Aug Sep Oct Nov Dec
2019: Jan Feb Mar Apr May Jun Jul Aug Sep Oct Nov Dec
2018: Jan Feb Mar Apr May Jun Jul Aug Sep Oct Nov Dec
2017: Jan Feb Mar Apr May Jun Jul Aug Sep Oct Nov Dec
2016: Jan Feb Mar Apr May Jun Jul Aug Sep Oct Nov Dec
2015: Jan Feb Mar Apr May Jun Jul Aug Sep Oct Nov Dec
2014: Jan Feb Mar Apr May Jun Jul Aug Sep Oct Nov Dec
2013: Jan Feb Mar Apr May Jun Jul Aug Sep Oct Nov Dec
2012: Jan Feb Mar Apr May Jun Jul Aug Sep Oct Nov Dec
2011: Jan Feb Mar Apr May Jun Jul Aug Sep Oct Nov Dec
2010: Jan Feb Mar Apr May Jun Jul Aug Sep Oct Nov Dec
2009: Jan Feb Mar Apr May Jun Jul Aug Sep Oct Nov Dec
2008: Jan Feb Mar Apr May Jun Jul Aug Sep Oct Nov Dec
2007: Jan Feb Mar Apr May Jun Jul Aug Sep Oct Nov Dec
2006: Jan Feb Mar Apr May Jun Jul Aug Sep Oct Nov Dec
2005: Jan Feb Mar Apr May Jun Jul Aug Sep Oct Nov Dec
2004: Jan Feb Mar Apr May Jun Jul Aug Sep Oct Nov Dec
2024: Jan Feb Mar Apr May Jun Jul Aug Sep Oct Nov Dec
2023: Jan Feb Mar Apr May Jun Jul Aug Sep Oct Nov Dec
2022: Jan Feb Mar Apr May Jun Jul Aug Sep Oct Nov Dec
2021: Jan Feb Mar Apr May Jun Jul Aug Sep Oct Nov Dec
2020: Jan Feb Mar Apr May Jun Jul Aug Sep Oct Nov Dec
2019: Jan Feb Mar Apr May Jun Jul Aug Sep Oct Nov Dec
2018: Jan Feb Mar Apr May Jun Jul Aug Sep Oct Nov Dec
2017: Jan Feb Mar Apr May Jun Jul Aug Sep Oct Nov Dec
2016: Jan Feb Mar Apr May Jun Jul Aug Sep Oct Nov Dec
2015: Jan Feb Mar Apr May Jun Jul Aug Sep Oct Nov Dec
2014: Jan Feb Mar Apr May Jun Jul Aug Sep Oct Nov Dec
2013: Jan Feb Mar Apr May Jun Jul Aug Sep Oct Nov Dec
2012: Jan Feb Mar Apr May Jun Jul Aug Sep Oct Nov Dec
2011: Jan Feb Mar Apr May Jun Jul Aug Sep Oct Nov Dec
2010: Jan Feb Mar Apr May Jun Jul Aug Sep Oct Nov Dec
2009: Jan Feb Mar Apr May Jun Jul Aug Sep Oct Nov Dec
2008: Jan Feb Mar Apr May Jun Jul Aug Sep Oct Nov Dec
2007: Jan Feb Mar Apr May Jun Jul Aug Sep Oct Nov Dec
2006: Jan Feb Mar Apr May Jun Jul Aug Sep Oct Nov Dec
2005: Jan Feb Mar Apr May Jun Jul Aug Sep Oct Nov Dec
2004: Jan Feb Mar Apr May Jun Jul Aug Sep Oct Nov Dec
Report for 2013 July
Monthly Climatological Summary for Jul 2013 Name: Willand City: Willand State: Devon, UK (9am GMT end of day) Elevation: 79 m Lat: N 50° 53' 03" Lon: W 003° 22' 25" Temperature (°C), Rain (mm), Wind Speed (km/h) Heat Cool Avg Mean Deg Deg Wind Dom Day Temp High Time Low Time Days Days Rain Speed High Time Dir ---------------------------------------------------------------------------------- 1 14.0 19.5 14:40 9.6 04:50 1.5 0.0 0.0 6.0 33.7 16:00 W 2 14.4 16.0 12:00 13.2 05:30 1.1 0.0 0.8 8.1 26.5 17:50 SW 3 15.7 19.2 18:10 14.2 23:40 0.0 0.2 0.0 8.3 26.5 16:00 W 4 16.1 22.4 16:20 9.2 05:40 0.0 0.6 0.0 7.4 31.6 14:00 W 5 17.6 25.2 17:00 9.4 06:00 0.0 2.1 0.0 2.6 15.8 15:40 S 6 18.7 27.9 17:20 10.4 04:50 0.0 3.2 0.0 3.6 21.3 17:50 NW 7 22.5 29.0 15:00 14.9 05:20 0.0 7.0 0.0 6.1 21.3 12:10 NNE 8 22.4 29.2 16:10 15.8 04:30 0.0 6.9 0.0 8.3 28.5 14:10 NE 9 20.5 28.4 16:00 11.1 05:50 0.0 5.0 0.0 5.3 24.9 16:20 NNE 10 20.5 28.1 15:10 12.1 05:20 0.0 5.0 0.0 8.8 30.1 16:40 NE 11 17.0 25.5 18:00 9.0 04:40 0.0 1.5 0.0 4.8 24.9 14:50 NE 12 19.7 28.7 16:20 11.0 04:50 0.0 4.2 0.0 2.9 17.7 14:40 ENE 13 23.7 32.8 15:20 13.5 05:10 0.0 8.2 0.0 2.4 19.4 17:20 NNE 14 22.6 31.1 14:40 13.9 04:40 0.0 7.1 0.0 4.7 24.9 17:20 W 15 20.1 30.5 16:40 11.2 05:00 0.0 4.6 0.0 3.1 19.4 18:50 WSW 16 19.9 30.3 17:10 10.7 05:50 0.0 4.4 0.0 2.7 21.3 19:20 WNW 17 23.0 31.6 15:50 14.8 03:20 0.0 7.5 0.0 2.7 14.3 17:20 ENE 18 23.7 31.9 14:20 14.5 04:40 0.0 8.2 0.0 3.8 26.5 09:10 NE 19 23.1 30.9 16:40 15.8 05:20 0.0 7.6 0.0 6.6 26.5 09:40 NE 20 21.6 28.0 14:30 16.3 06:30 0.0 6.1 0.0 9.0 28.5 10:10 NE 21 22.6 30.6 17:10 16.5 05:40 0.0 7.1 0.0 4.4 23.0 23:20 E 22 22.2 29.7 15:20 16.7 03:10 0.0 6.7 0.0 4.5 24.9 15:40 SSE 23 19.9 25.8 16:10 15.2 00:30 0.0 4.4 0.0 4.6 31.6 17:00 SSE 24 19.7 24.6 16:50 16.2 02:30 0.0 4.2 9.2 6.9 26.5 14:10 SE 25 18.7 25.1 15:40 11.8 06:20 0.0 3.2 0.2 0.0 0.0 00:00 E 26 18.5 25.4 17:10 12.2 03:30 0.0 3.0 0.0 1.7 21.3 17:40 SE 27 16.1 20.7 12:30 12.5 04:00 0.0 0.6 5.4 1.8 23.0 09:40 S 28 16.7 21.3 13:40 14.1 02:30 0.0 1.2 6.6 7.6 37.3 13:40 SSE 29 17.0 22.0 13:40 13.1 02:20 0.0 1.5 4.4 6.9 33.7 16:20 SW 30 18.0 20.9 17:10 15.6 01:30 0.0 2.5 1.6 4.5 21.3 18:20 WSW 31 18.5 21.2 10:30 16.2 06:20 0.0 3.0 0.0 4.9 28.5 14:20 S ---------------------------------------------------------------------------------- 19.5 32.8 13 9.0 11 2.6 126.8 28.2 5.0 37.3 28 E Max >= 30.0: 8 Max <= 0.0: 0 Min <= 0.0: 0 Min <= -18.0: 0 Max Rain: 9.2 on day 24 Days of Rain: 7 (>= 0.2 mm) 5 (>= 1.0 mm) 0 (>= 25.0 mm) Heat Base: 15.5 Cool Base: 15.5 Method: Integration