NOAA-Style Climate Reports
Select a Year or Month report
2024: Jan Feb Mar Apr May Jun Jul Aug Sep Oct Nov Dec
2023: Jan Feb Mar Apr May Jun Jul Aug Sep Oct Nov Dec
2022: Jan Feb Mar Apr May Jun Jul Aug Sep Oct Nov Dec
2021: Jan Feb Mar Apr May Jun Jul Aug Sep Oct Nov Dec
2020: Jan Feb Mar Apr May Jun Jul Aug Sep Oct Nov Dec
2019: Jan Feb Mar Apr May Jun Jul Aug Sep Oct Nov Dec
2018: Jan Feb Mar Apr May Jun Jul Aug Sep Oct Nov Dec
2017: Jan Feb Mar Apr May Jun Jul Aug Sep Oct Nov Dec
2016: Jan Feb Mar Apr May Jun Jul Aug Sep Oct Nov Dec
2015: Jan Feb Mar Apr May Jun Jul Aug Sep Oct Nov Dec
2014: Jan Feb Mar Apr May Jun Jul Aug Sep Oct Nov Dec
2013: Jan Feb Mar Apr May Jun Jul Aug Sep Oct Nov Dec
2012: Jan Feb Mar Apr May Jun Jul Aug Sep Oct Nov Dec
2011: Jan Feb Mar Apr May Jun Jul Aug Sep Oct Nov Dec
2010: Jan Feb Mar Apr May Jun Jul Aug Sep Oct Nov Dec
2009: Jan Feb Mar Apr May Jun Jul Aug Sep Oct Nov Dec
2008: Jan Feb Mar Apr May Jun Jul Aug Sep Oct Nov Dec
2007: Jan Feb Mar Apr May Jun Jul Aug Sep Oct Nov Dec
2006: Jan Feb Mar Apr May Jun Jul Aug Sep Oct Nov Dec
2005: Jan Feb Mar Apr May Jun Jul Aug Sep Oct Nov Dec
2004: Jan Feb Mar Apr May Jun Jul Aug Sep Oct Nov Dec
2024: Jan Feb Mar Apr May Jun Jul Aug Sep Oct Nov Dec
2023: Jan Feb Mar Apr May Jun Jul Aug Sep Oct Nov Dec
2022: Jan Feb Mar Apr May Jun Jul Aug Sep Oct Nov Dec
2021: Jan Feb Mar Apr May Jun Jul Aug Sep Oct Nov Dec
2020: Jan Feb Mar Apr May Jun Jul Aug Sep Oct Nov Dec
2019: Jan Feb Mar Apr May Jun Jul Aug Sep Oct Nov Dec
2018: Jan Feb Mar Apr May Jun Jul Aug Sep Oct Nov Dec
2017: Jan Feb Mar Apr May Jun Jul Aug Sep Oct Nov Dec
2016: Jan Feb Mar Apr May Jun Jul Aug Sep Oct Nov Dec
2015: Jan Feb Mar Apr May Jun Jul Aug Sep Oct Nov Dec
2014: Jan Feb Mar Apr May Jun Jul Aug Sep Oct Nov Dec
2013: Jan Feb Mar Apr May Jun Jul Aug Sep Oct Nov Dec
2012: Jan Feb Mar Apr May Jun Jul Aug Sep Oct Nov Dec
2011: Jan Feb Mar Apr May Jun Jul Aug Sep Oct Nov Dec
2010: Jan Feb Mar Apr May Jun Jul Aug Sep Oct Nov Dec
2009: Jan Feb Mar Apr May Jun Jul Aug Sep Oct Nov Dec
2008: Jan Feb Mar Apr May Jun Jul Aug Sep Oct Nov Dec
2007: Jan Feb Mar Apr May Jun Jul Aug Sep Oct Nov Dec
2006: Jan Feb Mar Apr May Jun Jul Aug Sep Oct Nov Dec
2005: Jan Feb Mar Apr May Jun Jul Aug Sep Oct Nov Dec
2004: Jan Feb Mar Apr May Jun Jul Aug Sep Oct Nov Dec
Report for 2013 August
Monthly Climatological Summary for Aug 2013 Name: Willand City: Willand State: Devon, UK (9am GMT end of day) Elevation: 79 m Lat: N 50° 53' 03" Lon: W 003° 22' 25" Temperature (°C), Rain (mm), Wind Speed (km/h) Heat Cool Avg Mean Deg Deg Wind Dom Day Temp High Time Low Time Days Days Rain Speed High Time Dir ---------------------------------------------------------------------------------- 1 21.6 28.6 14:50 17.4 23:40 0.0 6.1 0.0 6.3 21.3 17:00 S 2 17.8 25.0 14:10 12.6 02:30 0.0 2.3 2.8 6.2 30.1 16:30 S 3 17.1 22.2 11:50 13.7 01:10 0.0 1.6 4.2 6.7 26.5 10:00 SW 4 16.8 18.7 16:00 15.7 01:30 0.0 1.3 7.2 9.0 31.6 04:10 SSE 5 14.8 19.8 13:50 9.4 05:40 0.7 0.0 7.8 5.0 30.1 19:00 SW 6 16.4 22.9 12:50 10.8 03:30 0.0 0.9 0.0 3.4 24.9 14:50 SE 7 17.3 24.5 17:10 10.4 06:20 0.0 1.8 0.0 3.2 19.4 12:20 NNE 8 19.3 25.5 15:30 15.2 06:40 0.0 3.8 1.2 7.4 33.7 15:30 SW 9 14.8 21.3 14:50 9.4 05:50 0.7 0.0 0.0 6.3 31.6 15:50 WNW 10 17.5 21.2 15:50 15.2 06:10 0.0 2.0 0.6 4.7 23.0 18:00 W 11 15.7 21.2 16:20 11.6 23:50 0.0 0.2 0.0 5.4 24.9 11:30 W 12 14.2 19.8 13:40 8.3 06:10 1.3 0.0 0.0 7.7 38.7 15:00 WNW 13 14.3 19.9 13:50 9.2 06:20 1.2 0.0 0.2 4.5 26.5 12:10 W 14 17.8 22.4 16:50 15.5 10:10 0.0 2.3 3.4 4.0 23.0 16:50 SSW 15 19.1 23.2 13:20 16.9 05:10 0.0 3.6 1.8 7.5 33.7 15:00 SW 16 16.3 23.4 15:30 10.6 02:30 0.0 0.8 0.2 5.4 23.0 15:50 W 17 16.4 18.4 09:40 14.8 06:30 0.0 0.9 4.4 7.8 26.5 15:10 SW 18 15.6 21.7 15:10 10.4 03:10 0.0 0.1 2.6 5.9 31.6 15:00 W 19 14.3 20.3 17:00 8.0 06:30 1.2 0.0 0.0 5.0 24.9 15:00 WNW 20 16.5 23.3 14:40 10.7 06:20 0.0 1.0 0.0 2.6 15.8 12:30 SSE 21 18.7 25.4 15:00 14.2 03:20 0.0 3.2 0.0 2.8 15.8 15:30 S 22 18.6 26.7 14:30 11.7 03:00 0.0 3.1 0.0 4.0 24.9 15:30 SE 23 18.1 24.8 14:40 14.2 02:00 0.0 2.6 5.6 4.2 35.2 08:50 WNW 24 14.6 20.1 14:30 10.0 06:40 0.9 0.0 0.2 8.1 37.3 15:00 WNW 25 17.4 20.4 17:00 14.8 23:20 0.0 1.9 0.0 4.0 26.5 14:30 NNW 26 18.0 25.5 15:10 11.2 06:40 0.0 2.5 0.0 0.0 0.0 00:00 E 27 17.9 25.4 14:10 11.8 02:20 0.0 2.4 0.0 0.0 0.0 00:00 E 28 16.8 24.6 14:10 9.9 04:20 0.0 1.3 0.0 0.4 12.2 17:00 SSW 29 17.5 21.7 13:40 13.8 00:30 0.0 2.0 0.0 5.1 23.0 12:50 W 30 17.1 23.0 13:00 11.2 06:50 0.0 1.6 0.4 7.0 26.5 14:00 W 31 12.1 19.1 16:30 4.8 06:50 3.4 0.0 0.0 5.6 30.1 14:10 NW ---------------------------------------------------------------------------------- 16.8 28.6 1 4.8 31 9.4 49.3 42.6 5.0 38.7 12 WSW Max >= 30.0: 0 Max <= 0.0: 0 Min <= 0.0: 0 Min <= -18.0: 0 Max Rain: 7.8 on day 5 Days of Rain: 15 (>= 0.2 mm) 10 (>= 1.0 mm) 0 (>= 25.0 mm) Heat Base: 15.5 Cool Base: 15.5 Method: Integration