NOAA-Style Climate Reports
Select a Year or Month report
2024: Jan Feb Mar Apr May Jun Jul Aug Sep Oct Nov Dec
2023: Jan Feb Mar Apr May Jun Jul Aug Sep Oct Nov Dec
2022: Jan Feb Mar Apr May Jun Jul Aug Sep Oct Nov Dec
2021: Jan Feb Mar Apr May Jun Jul Aug Sep Oct Nov Dec
2020: Jan Feb Mar Apr May Jun Jul Aug Sep Oct Nov Dec
2019: Jan Feb Mar Apr May Jun Jul Aug Sep Oct Nov Dec
2018: Jan Feb Mar Apr May Jun Jul Aug Sep Oct Nov Dec
2017: Jan Feb Mar Apr May Jun Jul Aug Sep Oct Nov Dec
2016: Jan Feb Mar Apr May Jun Jul Aug Sep Oct Nov Dec
2015: Jan Feb Mar Apr May Jun Jul Aug Sep Oct Nov Dec
2014: Jan Feb Mar Apr May Jun Jul Aug Sep Oct Nov Dec
2013: Jan Feb Mar Apr May Jun Jul Aug Sep Oct Nov Dec
2012: Jan Feb Mar Apr May Jun Jul Aug Sep Oct Nov Dec
2011: Jan Feb Mar Apr May Jun Jul Aug Sep Oct Nov Dec
2010: Jan Feb Mar Apr May Jun Jul Aug Sep Oct Nov Dec
2009: Jan Feb Mar Apr May Jun Jul Aug Sep Oct Nov Dec
2008: Jan Feb Mar Apr May Jun Jul Aug Sep Oct Nov Dec
2007: Jan Feb Mar Apr May Jun Jul Aug Sep Oct Nov Dec
2006: Jan Feb Mar Apr May Jun Jul Aug Sep Oct Nov Dec
2005: Jan Feb Mar Apr May Jun Jul Aug Sep Oct Nov Dec
2004: Jan Feb Mar Apr May Jun Jul Aug Sep Oct Nov Dec
2024: Jan Feb Mar Apr May Jun Jul Aug Sep Oct Nov Dec
2023: Jan Feb Mar Apr May Jun Jul Aug Sep Oct Nov Dec
2022: Jan Feb Mar Apr May Jun Jul Aug Sep Oct Nov Dec
2021: Jan Feb Mar Apr May Jun Jul Aug Sep Oct Nov Dec
2020: Jan Feb Mar Apr May Jun Jul Aug Sep Oct Nov Dec
2019: Jan Feb Mar Apr May Jun Jul Aug Sep Oct Nov Dec
2018: Jan Feb Mar Apr May Jun Jul Aug Sep Oct Nov Dec
2017: Jan Feb Mar Apr May Jun Jul Aug Sep Oct Nov Dec
2016: Jan Feb Mar Apr May Jun Jul Aug Sep Oct Nov Dec
2015: Jan Feb Mar Apr May Jun Jul Aug Sep Oct Nov Dec
2014: Jan Feb Mar Apr May Jun Jul Aug Sep Oct Nov Dec
2013: Jan Feb Mar Apr May Jun Jul Aug Sep Oct Nov Dec
2012: Jan Feb Mar Apr May Jun Jul Aug Sep Oct Nov Dec
2011: Jan Feb Mar Apr May Jun Jul Aug Sep Oct Nov Dec
2010: Jan Feb Mar Apr May Jun Jul Aug Sep Oct Nov Dec
2009: Jan Feb Mar Apr May Jun Jul Aug Sep Oct Nov Dec
2008: Jan Feb Mar Apr May Jun Jul Aug Sep Oct Nov Dec
2007: Jan Feb Mar Apr May Jun Jul Aug Sep Oct Nov Dec
2006: Jan Feb Mar Apr May Jun Jul Aug Sep Oct Nov Dec
2005: Jan Feb Mar Apr May Jun Jul Aug Sep Oct Nov Dec
2004: Jan Feb Mar Apr May Jun Jul Aug Sep Oct Nov Dec
Report for 2014 June
Monthly Climatological Summary for Jun 2014 Name: Willand City: Willand State: Devon, UK (9am GMT end of day) Elevation: 79 m Lat: N 50° 53' 03" Lon: W 003° 22' 25" Temperature (°C), Rain (mm), Wind Speed (km/h) Heat Cool Avg Mean Deg Deg Wind Dom Day Temp High Time Low Time Days Days Rain Speed High Time Dir ---------------------------------------------------------------------------------- 1 14.6 19.7 14:44 11.0 00:19 1.7 0.8 0.2 4.9 24.8 10:54 WSW 2 13.8 18.6 13:05 11.4 05:31 1.9 0.3 4.6 5.1 28.3 17:44 SSW 3 13.1 17.7 17:58 9.6 07:22 2.6 0.2 17.0 6.0 28.3 07:19 W 4 10.6 16.0 09:40 8.4 03:44 4.9 0.0 4.0 10.8 54.9 15:09 W 5 13.3 17.9 12:10 8.8 02:41 2.5 0.3 0.0 6.3 37.2 09:57 SSE 6 17.8 22.9 15:52 13.6 05:52 0.5 2.8 7.6 9.4 46.0 12:14 ESE 7 16.1 21.7 17:30 11.4 04:03 1.1 1.7 0.6 6.7 33.7 08:36 S 8 15.6 20.2 13:17 12.5 03:09 0.9 1.0 5.4 5.2 37.2 10:21 S 9 16.7 22.5 12:10 11.5 00:33 1.0 2.2 0.2 7.0 26.5 13:03 SSW 10 14.2 18.9 14:48 8.9 04:27 2.0 0.8 1.2 7.5 42.5 15:52 SSW 11 15.3 22.1 16:57 8.2 05:11 2.0 1.8 0.0 4.0 19.5 10:10 NW 12 17.8 25.6 16:55 9.4 04:56 1.5 3.8 0.0 3.5 19.5 17:20 N 13 18.2 26.2 14:00 10.4 05:29 1.2 3.9 0.0 5.4 30.1 17:49 NW 14 19.8 25.5 15:48 15.3 05:17 0.0 4.3 0.0 5.6 24.8 10:38 NNE 15 18.8 24.0 14:14 14.3 05:27 0.1 3.4 0.0 6.3 31.9 13:04 NE 16 16.1 22.1 14:54 10.6 01:13 1.3 1.9 0.0 7.1 28.3 16:12 NNE 17 17.6 22.5 16:31 11.9 03:23 0.6 2.6 0.0 8.5 35.4 12:58 NNE 18 18.5 25.0 16:40 11.9 05:11 0.6 3.7 0.0 4.8 26.5 10:42 NNE 19 19.9 26.4 16:49 12.5 05:21 0.3 4.6 0.0 5.6 28.3 17:43 N 20 16.9 23.4 14:56 9.1 05:09 1.7 3.1 0.0 4.4 26.5 12:26 S 21 18.6 25.9 15:21 11.5 05:19 0.7 3.8 0.0 4.4 23.0 18:19 NNE 22 18.7 26.5 13:14 11.3 04:09 1.0 4.2 0.0 3.2 16.0 10:10 ESE 23 19.4 26.5 12:03 11.5 04:35 0.8 4.6 0.0 4.2 21.2 13:34 SE 24 19.7 26.1 16:51 13.9 05:22 0.2 4.4 0.0 6.8 24.8 07:22 NNE 25 16.9 22.9 13:12 11.8 05:59 0.8 2.2 0.0 5.9 31.9 09:06 ESE 26 14.4 21.3 10:35 11.8 04:09 1.5 0.4 20.8 3.7 33.7 12:19 SE 27 14.3 20.5 15:00 10.6 00:38 1.8 0.6 4.4 6.3 33.7 16:37 SSW 28 15.1 20.0 13:47 12.2 02:50 1.3 0.9 3.2 4.2 31.9 11:39 ENE 29 14.7 21.6 15:52 9.3 04:18 1.9 1.2 0.6 2.9 17.7 10:45 N 30 16.2 21.5 15:13 10.9 02:52 1.4 2.1 0.0 6.7 28.3 17:20 ESE ---------------------------------------------------------------------------------- 16.4 26.5 22 8.2 11 39.8 67.6 69.8 5.8 54.9 4 ESE Max >= 30.0: 0 Max <= 0.0: 0 Min <= 0.0: 0 Min <= -18.0: 0 Max Rain: 20.8 on day 26 Days of Rain: 13 (>= 0.2 mm) 9 (>= 1.0 mm) 0 (>= 25.0 mm) Heat Base: 15.5 Cool Base: 15.5 Method: Integration