NOAA-Style Climate Reports
Select a Year or Month report
2024: Jan Feb Mar Apr May Jun Jul Aug Sep Oct Nov Dec
2023: Jan Feb Mar Apr May Jun Jul Aug Sep Oct Nov Dec
2022: Jan Feb Mar Apr May Jun Jul Aug Sep Oct Nov Dec
2021: Jan Feb Mar Apr May Jun Jul Aug Sep Oct Nov Dec
2020: Jan Feb Mar Apr May Jun Jul Aug Sep Oct Nov Dec
2019: Jan Feb Mar Apr May Jun Jul Aug Sep Oct Nov Dec
2018: Jan Feb Mar Apr May Jun Jul Aug Sep Oct Nov Dec
2017: Jan Feb Mar Apr May Jun Jul Aug Sep Oct Nov Dec
2016: Jan Feb Mar Apr May Jun Jul Aug Sep Oct Nov Dec
2015: Jan Feb Mar Apr May Jun Jul Aug Sep Oct Nov Dec
2014: Jan Feb Mar Apr May Jun Jul Aug Sep Oct Nov Dec
2013: Jan Feb Mar Apr May Jun Jul Aug Sep Oct Nov Dec
2012: Jan Feb Mar Apr May Jun Jul Aug Sep Oct Nov Dec
2011: Jan Feb Mar Apr May Jun Jul Aug Sep Oct Nov Dec
2010: Jan Feb Mar Apr May Jun Jul Aug Sep Oct Nov Dec
2009: Jan Feb Mar Apr May Jun Jul Aug Sep Oct Nov Dec
2008: Jan Feb Mar Apr May Jun Jul Aug Sep Oct Nov Dec
2007: Jan Feb Mar Apr May Jun Jul Aug Sep Oct Nov Dec
2006: Jan Feb Mar Apr May Jun Jul Aug Sep Oct Nov Dec
2005: Jan Feb Mar Apr May Jun Jul Aug Sep Oct Nov Dec
2004: Jan Feb Mar Apr May Jun Jul Aug Sep Oct Nov Dec
2024: Jan Feb Mar Apr May Jun Jul Aug Sep Oct Nov Dec
2023: Jan Feb Mar Apr May Jun Jul Aug Sep Oct Nov Dec
2022: Jan Feb Mar Apr May Jun Jul Aug Sep Oct Nov Dec
2021: Jan Feb Mar Apr May Jun Jul Aug Sep Oct Nov Dec
2020: Jan Feb Mar Apr May Jun Jul Aug Sep Oct Nov Dec
2019: Jan Feb Mar Apr May Jun Jul Aug Sep Oct Nov Dec
2018: Jan Feb Mar Apr May Jun Jul Aug Sep Oct Nov Dec
2017: Jan Feb Mar Apr May Jun Jul Aug Sep Oct Nov Dec
2016: Jan Feb Mar Apr May Jun Jul Aug Sep Oct Nov Dec
2015: Jan Feb Mar Apr May Jun Jul Aug Sep Oct Nov Dec
2014: Jan Feb Mar Apr May Jun Jul Aug Sep Oct Nov Dec
2013: Jan Feb Mar Apr May Jun Jul Aug Sep Oct Nov Dec
2012: Jan Feb Mar Apr May Jun Jul Aug Sep Oct Nov Dec
2011: Jan Feb Mar Apr May Jun Jul Aug Sep Oct Nov Dec
2010: Jan Feb Mar Apr May Jun Jul Aug Sep Oct Nov Dec
2009: Jan Feb Mar Apr May Jun Jul Aug Sep Oct Nov Dec
2008: Jan Feb Mar Apr May Jun Jul Aug Sep Oct Nov Dec
2007: Jan Feb Mar Apr May Jun Jul Aug Sep Oct Nov Dec
2006: Jan Feb Mar Apr May Jun Jul Aug Sep Oct Nov Dec
2005: Jan Feb Mar Apr May Jun Jul Aug Sep Oct Nov Dec
2004: Jan Feb Mar Apr May Jun Jul Aug Sep Oct Nov Dec
Report for 2014 August
Monthly Climatological Summary for Aug 2014 Name: Willand City: Willand State: Devon, UK (9am GMT end of day) Elevation: 79 m Lat: N 50° 53' 03" Lon: W 003° 22' 25" Temperature (°C), Rain (mm), Wind Speed (km/h) Heat Cool Avg Mean Deg Deg Wind Dom Day Temp High Time Low Time Days Days Rain Speed High Time Dir ---------------------------------------------------------------------------------- 1 16.7 21.8 12:15 14.9 00:27 0.1 1.3 16.6 6.5 30.6 13:21 SSE 2 15.0 21.8 12:21 9.0 04:52 2.0 1.6 5.2 6.8 37.0 16:13 WSW 3 15.8 22.6 13:19 8.9 05:59 1.9 2.2 0.6 6.1 29.0 13:25 WSW 4 16.4 22.0 11:13 11.9 00:57 0.7 1.6 8.2 5.3 27.4 09:43 SSE 5 17.8 23.0 15:50 14.6 05:57 0.0 2.4 25.8 7.0 32.2 11:02 S 6 17.7 23.8 16:16 11.3 04:55 0.9 3.1 0.0 6.1 25.7 11:40 W 7 16.4 23.7 16:31 9.2 05:54 2.0 2.9 0.0 4.2 22.5 14:38 NW 8 16.7 23.3 11:55 11.6 02:39 1.0 2.2 0.2 4.5 22.5 19:03 SW 9 16.4 20.7 16:24 13.7 01:19 0.5 1.4 7.4 8.4 46.7 09:56 S 10 14.9 19.7 16:15 10.2 05:12 1.6 1.0 3.2 15.0 56.3 12:09 W 11 14.2 19.5 14:18 9.6 04:51 2.0 0.8 3.8 12.5 46.7 16:38 WSW 12 14.3 20.1 15:37 9.8 05:00 2.0 0.8 0.8 9.1 35.4 14:11 WSW 13 15.2 19.3 17:10 11.7 23:48 1.2 0.9 1.0 8.6 38.6 16:58 W 14 12.9 17.8 11:10 9.0 03:29 2.8 0.2 16.8 5.7 41.8 13:28 W 15 14.1 20.2 15:16 8.1 06:13 2.6 1.1 0.0 5.3 25.7 13:59 WNW 16 15.1 19.4 13:12 12.8 04:50 1.1 0.7 0.6 11.4 35.4 17:23 WSW 17 13.2 18.7 14:52 7.3 04:40 2.9 0.6 1.2 9.6 41.8 16:35 W 18 12.7 18.9 16:18 8.2 02:01 3.3 0.6 0.0 7.6 37.0 15:21 WNW 19 11.1 17.6 15:42 4.0 05:59 4.6 0.2 0.8 7.0 32.2 12:22 WNW 20 11.5 18.2 14:08 5.6 05:09 4.4 0.4 0.0 5.9 30.6 13:38 W 21 13.7 18.8 15:42 11.1 06:42 2.1 0.3 0.4 7.8 35.4 11:10 WSW 22 12.4 18.2 13:57 7.4 00:40 3.4 0.4 0.0 7.1 32.2 15:04 WNW 23 11.0 18.2 13:59 4.3 04:56 4.9 0.4 0.0 6.7 32.2 13:55 WNW 24 14.8 17.9 14:59 12.7 10:00 1.0 0.3 6.8 7.7 27.4 02:01 SSE 25 16.0 19.7 16:35 14.1 06:42 0.3 0.8 35.8 5.3 29.0 14:05 SSE 26 15.7 21.4 15:14 12.6 06:39 0.7 1.0 0.2 9.3 33.8 09:57 NE 27 15.7 18.2 14:59 13.0 06:25 0.4 0.6 4.6 10.1 37.0 13:19 SE 28 15.6 21.6 15:41 11.8 00:18 1.3 1.4 0.6 8.6 40.2 09:37 SW 29 16.1 19.2 15:51 13.2 07:44 0.4 0.9 0.8 14.4 41.8 11:00 WSW 30 13.5 17.9 11:12 8.9 05:50 2.4 0.4 0.0 6.6 33.8 14:45 W 31 15.5 20.2 14:44 11.7 23:59 1.2 1.2 0.2 6.2 25.7 12:35 W ---------------------------------------------------------------------------------- 14.8 23.8 6 4.0 19 55.7 33.7 141.6 7.8 56.3 10 WSW Max >= 30.0: 0 Max <= 0.0: 0 Min <= 0.0: 0 Min <= -18.0: 0 Max Rain: 35.8 on day 25 Days of Rain: 23 (>= 0.2 mm) 13 (>= 1.0 mm) 2 (>= 25.0 mm) Heat Base: 15.5 Cool Base: 15.5 Method: Integration