NOAA-Style Climate Reports
Select a Year or Month report
2024: Jan Feb Mar Apr May Jun Jul Aug Sep Oct Nov Dec
2023: Jan Feb Mar Apr May Jun Jul Aug Sep Oct Nov Dec
2022: Jan Feb Mar Apr May Jun Jul Aug Sep Oct Nov Dec
2021: Jan Feb Mar Apr May Jun Jul Aug Sep Oct Nov Dec
2020: Jan Feb Mar Apr May Jun Jul Aug Sep Oct Nov Dec
2019: Jan Feb Mar Apr May Jun Jul Aug Sep Oct Nov Dec
2018: Jan Feb Mar Apr May Jun Jul Aug Sep Oct Nov Dec
2017: Jan Feb Mar Apr May Jun Jul Aug Sep Oct Nov Dec
2016: Jan Feb Mar Apr May Jun Jul Aug Sep Oct Nov Dec
2015: Jan Feb Mar Apr May Jun Jul Aug Sep Oct Nov Dec
2014: Jan Feb Mar Apr May Jun Jul Aug Sep Oct Nov Dec
2013: Jan Feb Mar Apr May Jun Jul Aug Sep Oct Nov Dec
2012: Jan Feb Mar Apr May Jun Jul Aug Sep Oct Nov Dec
2011: Jan Feb Mar Apr May Jun Jul Aug Sep Oct Nov Dec
2010: Jan Feb Mar Apr May Jun Jul Aug Sep Oct Nov Dec
2009: Jan Feb Mar Apr May Jun Jul Aug Sep Oct Nov Dec
2008: Jan Feb Mar Apr May Jun Jul Aug Sep Oct Nov Dec
2007: Jan Feb Mar Apr May Jun Jul Aug Sep Oct Nov Dec
2006: Jan Feb Mar Apr May Jun Jul Aug Sep Oct Nov Dec
2005: Jan Feb Mar Apr May Jun Jul Aug Sep Oct Nov Dec
2004: Jan Feb Mar Apr May Jun Jul Aug Sep Oct Nov Dec
2024: Jan Feb Mar Apr May Jun Jul Aug Sep Oct Nov Dec
2023: Jan Feb Mar Apr May Jun Jul Aug Sep Oct Nov Dec
2022: Jan Feb Mar Apr May Jun Jul Aug Sep Oct Nov Dec
2021: Jan Feb Mar Apr May Jun Jul Aug Sep Oct Nov Dec
2020: Jan Feb Mar Apr May Jun Jul Aug Sep Oct Nov Dec
2019: Jan Feb Mar Apr May Jun Jul Aug Sep Oct Nov Dec
2018: Jan Feb Mar Apr May Jun Jul Aug Sep Oct Nov Dec
2017: Jan Feb Mar Apr May Jun Jul Aug Sep Oct Nov Dec
2016: Jan Feb Mar Apr May Jun Jul Aug Sep Oct Nov Dec
2015: Jan Feb Mar Apr May Jun Jul Aug Sep Oct Nov Dec
2014: Jan Feb Mar Apr May Jun Jul Aug Sep Oct Nov Dec
2013: Jan Feb Mar Apr May Jun Jul Aug Sep Oct Nov Dec
2012: Jan Feb Mar Apr May Jun Jul Aug Sep Oct Nov Dec
2011: Jan Feb Mar Apr May Jun Jul Aug Sep Oct Nov Dec
2010: Jan Feb Mar Apr May Jun Jul Aug Sep Oct Nov Dec
2009: Jan Feb Mar Apr May Jun Jul Aug Sep Oct Nov Dec
2008: Jan Feb Mar Apr May Jun Jul Aug Sep Oct Nov Dec
2007: Jan Feb Mar Apr May Jun Jul Aug Sep Oct Nov Dec
2006: Jan Feb Mar Apr May Jun Jul Aug Sep Oct Nov Dec
2005: Jan Feb Mar Apr May Jun Jul Aug Sep Oct Nov Dec
2004: Jan Feb Mar Apr May Jun Jul Aug Sep Oct Nov Dec
Report for 2017 January
Monthly Climatological Summary for Jan 2017 Name: Willand City: Willand State: Devon, UK (9am GMT end of day) Elevation: 79 m Lat: N 50 53 02 Lon: W 003 22 23 Temperature (°C), Rain (mm), Wind Speed (km/h) Heat Cool Avg Mean Deg Deg Wind Dom Day Temp High Time Low Time Days Days Rain Speed High Time Dir ---------------------------------------------------------------------------------- 01 3.5 8.6 11:40 1.2 05:10 12.0 0.0 7.2 14.6 49.0 14:10 NNE 02 -0.7 4.9 14:10 -5.2 07:30 16.2 0.0 0.0 3.5 27.0 09:30 NNE 03 3.8 6.0 13:50 -4.2 09:00 11.7 0.0 0.0 5.1 37.2 21:30 WNW 04 4.2 7.9 15:00 -1.4 07:00 11.3 0.0 0.0 1.9 15.2 08:50 NW 05 2.9 7.3 13:35 -0.5 09:00 12.5 0.0 0.0 1.9 18.6 14:29 E 06 7.7 10.0 08:19 4.6 09:00 7.8 0.0 2.6 1.9 16.9 13:53 SSW 07 10.1 11.7 12:03 8.6 07:38 5.4 0.0 0.2 1.5 22.0 15:18 W 08 8.2 11.2 13:08 6.1 07:39 7.3 0.0 0.0 1.2 16.9 04:17 WSW 09 6.3 10.1 14:19 3.6 23:21 9.2 0.0 4.4 7.9 52.4 14:36 W 10 9.5 11.3 02:04 6.5 09:00 6.0 0.0 0.0 11.8 54.1 07:09 WNW 11 7.0 10.0 12:22 4.8 04:31 8.4 0.0 0.0 12.0 65.9 12:11 WNW 12 3.2 6.1 10:47 1.1 00:40 12.3 0.0 11.0 12.7 54.1 15:46 WNW 13 2.6 5.6 13:07 -0.4 00:55 12.9 0.0 0.0 12.3 59.1 11:59 NW 14 6.5 8.6 14:09 1.8 09:00 9.0 0.0 0.0 11.8 50.7 11:27 WNW 15 9.6 10.0 14:54 7.5 09:01 5.9 0.0 0.0 10.4 42.2 12:36 WNW 16 8.6 10.9 14:28 6.1 07:29 6.9 0.0 0.8 5.1 27.0 14:40 NW 17 5.5 6.7 12:59 3.1 06:51 10.0 0.0 1.4 0.1 13.5 11:53 SE 18 2.1 6.8 13:24 -1.9 05:41 13.4 0.0 0.0 2.6 16.9 08:55 NNE 19 1.9 6.5 14:00 -1.8 07:20 13.5 0.0 0.0 6.3 25.3 13:17 NNE 20 0.9 4.4 14:25 -2.3 07:28 14.6 0.0 0.0 8.4 23.7 12:17 NNE 21 0.7 4.1 08:59 -1.8 09:00 14.8 0.0 0.0 2.7 18.6 12:10 NNE 22 2.5 9.5 12:32 -1.8 03:45 13.0 0.0 0.0 3.0 25.3 12:10 SSE 23 2.4 8.6 14:15 -1.2 08:00 13.1 0.0 0.2 0.4 10.1 13:49 S 24 1.2 6.0 14:42 -2.9 07:56 14.3 0.0 0.0 0.0 0.0 09:00 N 25 4.3 9.2 13:00 -2.4 09:00 11.1 0.0 0.2 11.7 42.2 02:57 SE 26 3.3 5.4 00:53 1.5 09:00 12.2 0.0 0.0 12.2 37.2 09:27 ESE 27 6.6 7.8 22:06 3.3 07:39 8.9 0.0 17.4 8.3 33.8 21:42 SSE 28 4.4 8.4 12:46 2.4 19:34 11.1 0.0 0.6 3.9 35.5 12:45 SW 29 9.0 10.5 19:03 4.2 09:00 6.5 0.0 12.2 6.4 37.2 15:28 SSW 30 10.6 11.1 03:20 8.9 09:00 4.9 0.0 6.2 7.0 33.8 02:56 SSE 31 10.1 11.3 12:17 8.1 07:15 5.5 0.0 9.0 5.9 37.2 12:51 SSE ---------------------------------------------------------------------------------- 5.1 11.7 7 -5.2 2 321.7 0.0 73.4 6.3 65.9 11 WNW Max >= 30.0 0 Max <= 0.0 0 Min <= 0.0 13 Min <= -18.0 0 Max Rain: 17.4 on day 27 Days of Rain: 14 (>= 0.2 mm) 9 (>= 1.0 mm) 0 (>= 25.0 mm) Heat Base: 15.5 Cool Base: 15.5 Method: Integration