NOAA-Style Climate Reports
Select a Year or Month report
2024: Jan Feb Mar Apr May Jun Jul Aug Sep Oct Nov Dec
2023: Jan Feb Mar Apr May Jun Jul Aug Sep Oct Nov Dec
2022: Jan Feb Mar Apr May Jun Jul Aug Sep Oct Nov Dec
2021: Jan Feb Mar Apr May Jun Jul Aug Sep Oct Nov Dec
2020: Jan Feb Mar Apr May Jun Jul Aug Sep Oct Nov Dec
2019: Jan Feb Mar Apr May Jun Jul Aug Sep Oct Nov Dec
2018: Jan Feb Mar Apr May Jun Jul Aug Sep Oct Nov Dec
2017: Jan Feb Mar Apr May Jun Jul Aug Sep Oct Nov Dec
2016: Jan Feb Mar Apr May Jun Jul Aug Sep Oct Nov Dec
2015: Jan Feb Mar Apr May Jun Jul Aug Sep Oct Nov Dec
2014: Jan Feb Mar Apr May Jun Jul Aug Sep Oct Nov Dec
2013: Jan Feb Mar Apr May Jun Jul Aug Sep Oct Nov Dec
2012: Jan Feb Mar Apr May Jun Jul Aug Sep Oct Nov Dec
2011: Jan Feb Mar Apr May Jun Jul Aug Sep Oct Nov Dec
2010: Jan Feb Mar Apr May Jun Jul Aug Sep Oct Nov Dec
2009: Jan Feb Mar Apr May Jun Jul Aug Sep Oct Nov Dec
2008: Jan Feb Mar Apr May Jun Jul Aug Sep Oct Nov Dec
2007: Jan Feb Mar Apr May Jun Jul Aug Sep Oct Nov Dec
2006: Jan Feb Mar Apr May Jun Jul Aug Sep Oct Nov Dec
2005: Jan Feb Mar Apr May Jun Jul Aug Sep Oct Nov Dec
2004: Jan Feb Mar Apr May Jun Jul Aug Sep Oct Nov Dec
2024: Jan Feb Mar Apr May Jun Jul Aug Sep Oct Nov Dec
2023: Jan Feb Mar Apr May Jun Jul Aug Sep Oct Nov Dec
2022: Jan Feb Mar Apr May Jun Jul Aug Sep Oct Nov Dec
2021: Jan Feb Mar Apr May Jun Jul Aug Sep Oct Nov Dec
2020: Jan Feb Mar Apr May Jun Jul Aug Sep Oct Nov Dec
2019: Jan Feb Mar Apr May Jun Jul Aug Sep Oct Nov Dec
2018: Jan Feb Mar Apr May Jun Jul Aug Sep Oct Nov Dec
2017: Jan Feb Mar Apr May Jun Jul Aug Sep Oct Nov Dec
2016: Jan Feb Mar Apr May Jun Jul Aug Sep Oct Nov Dec
2015: Jan Feb Mar Apr May Jun Jul Aug Sep Oct Nov Dec
2014: Jan Feb Mar Apr May Jun Jul Aug Sep Oct Nov Dec
2013: Jan Feb Mar Apr May Jun Jul Aug Sep Oct Nov Dec
2012: Jan Feb Mar Apr May Jun Jul Aug Sep Oct Nov Dec
2011: Jan Feb Mar Apr May Jun Jul Aug Sep Oct Nov Dec
2010: Jan Feb Mar Apr May Jun Jul Aug Sep Oct Nov Dec
2009: Jan Feb Mar Apr May Jun Jul Aug Sep Oct Nov Dec
2008: Jan Feb Mar Apr May Jun Jul Aug Sep Oct Nov Dec
2007: Jan Feb Mar Apr May Jun Jul Aug Sep Oct Nov Dec
2006: Jan Feb Mar Apr May Jun Jul Aug Sep Oct Nov Dec
2005: Jan Feb Mar Apr May Jun Jul Aug Sep Oct Nov Dec
2004: Jan Feb Mar Apr May Jun Jul Aug Sep Oct Nov Dec
Report for 2017 February
Monthly Climatological Summary for Feb 2017 Name: Willand City: Willand State: Devon, UK (9am GMT end of day) Elevation: 79 m Lat: N 50 53 02 Lon: W 003 22 23 Temperature (°C), Rain (mm), Wind Speed (km/h) Heat Cool Avg Mean Deg Deg Wind Dom Day Temp High Time Low Time Days Days Rain Speed High Time Dir ---------------------------------------------------------------------------------- 01 10.0 10.8 13:16 8.8 09:00 5.6 0.0 13.0 16.6 71.0 08:23 SSE 02 8.9 11.7 12:27 4.8 05:26 6.6 0.0 1.4 16.3 67.6 09:42 SSE 03 4.0 8.4 14:26 0.0 08:02 11.5 0.0 14.8 10.5 62.5 12:56 SSE 04 3.1 9.5 14:17 -0.2 23:47 12.4 0.0 4.2 3.9 33.8 16:22 SSE 05 2.1 7.4 14:45 -2.0 06:47 13.4 0.0 0.0 4.1 32.1 16:34 NNW 06 5.6 7.8 21:35 -0.6 09:00 9.9 0.0 6.6 7.6 47.3 14:41 SSE 07 4.5 10.0 12:09 1.1 05:56 11.0 0.0 0.0 5.2 32.1 12:42 WNW 08 3.5 9.8 14:16 -1.5 07:49 12.0 0.0 0.0 4.3 22.0 15:56 NNE 09 2.1 4.7 14:00 -0.6 09:00 13.4 0.0 0.2 14.4 37.2 04:52 NE 10 1.4 4.2 13:36 -1.2 22:43 14.2 0.0 0.0 9.5 32.1 09:02 N 11 2.1 2.9 02:25 0.9 20:40 13.4 0.0 0.4 11.9 35.5 06:36 NNE 12 4.0 6.1 02:21 2.6 09:00 11.5 0.0 0.0 16.8 43.9 04:15 NE 13 7.8 12.6 14:06 4.4 02:44 7.7 0.0 0.0 9.9 40.6 12:57 NE 14 8.7 9.7 05:33 6.7 09:00 6.8 0.0 1.4 6.2 25.3 09:34 SE 15 7.3 12.1 14:42 3.4 02:58 8.2 0.0 3.0 2.7 22.0 15:18 SSW 16 7.5 12.8 14:22 3.3 07:49 8.0 0.0 0.0 2.6 25.3 14:41 WSW 17 7.9 11.8 12:22 4.2 09:00 7.6 0.0 0.0 5.0 20.3 14:56 SSE 18 7.8 13.4 14:13 4.4 00:33 7.7 0.0 0.0 4.4 23.7 07:02 S 19 10.6 12.6 15:19 8.8 09:00 4.9 0.0 0.2 6.7 30.4 08:32 W 20 10.8 13.6 13:54 9.8 00:03 4.7 0.0 1.0 12.1 40.6 22:34 W 21 10.6 11.4 13:01 9.9 02:51 4.9 0.0 2.2 17.6 47.3 17:03 WSW 22 10.6 12.1 13:32 8.6 07:27 4.9 0.0 2.2 18.6 67.6 06:38 WSW 23 5.7 9.7 10:40 0.3 07:16 9.9 0.0 0.0 18.1 76.0 11:17 WNW 24 7.9 10.6 13:58 4.3 09:00 7.5 0.0 0.0 8.2 38.9 08:39 WSW 25 9.5 10.8 11:38 7.9 07:07 6.0 0.0 2.4 11.5 43.9 12:59 SW 26 8.5 11.1 12:49 6.2 07:10 7.0 0.0 1.4 11.7 55.8 13:03 SSW 27 3.3 7.1 12:12 -0.2 07:17 12.2 0.0 5.8 9.0 62.5 13:46 WSW 28 6.3 9.0 14:42 2.8 09:00 9.2 0.0 0.6 16.4 67.6 12:48 W ---------------------------------------------------------------------------------- 6.5 13.6 20 -2.0 5 252.1 0.0 60.8 10.1 76.0 23 SW Max >= 30.0 0 Max <= 0.0 0 Min <= 0.0 8 Min <= -18.0 0 Max Rain: 14.8 on day 3 Days of Rain: 17 (>= 0.2 mm) 13 (>= 1.0 mm) 0 (>= 25.0 mm) Heat Base: 15.5 Cool Base: 15.5 Method: Integration