NOAA-Style Climate Reports


Report for 2019 December
                   Monthly Climatological Summary for Dec 2019

Name: Willand   City: Willand   State: Devon, UK     (9am GMT end of day)
Elevation: 79 m  Lat: N 50 53 02   Lon: W 003 22 23

                  Temperature (°C), Rain (mm), Wind Speed (km/h)

                                      Heat  Cool        Avg
    Mean                              Deg   Deg         Wind                 Dom
Day Temp  High   Time   Low    Time   Days  Days  Rain  Speed High   Time    Dir
----------------------------------------------------------------------------------
01   2.1   6.4   13:34  -2.8   07:28  13.0   0.0   0.0   5.9  30.4   11:33     N
02   2.6   6.7   14:10  -1.6   09:00  12.7   0.0   0.0   1.1  10.1   10:50   WNW
03   2.4   9.1   13:55  -1.9   04:44  13.1   0.0   0.0   2.5  18.6   14:40     W
04   1.9   7.9   13:47  -1.8   22:46  13.5   0.0   0.0   2.0  11.8   09:36   NNW
05   9.3  11.7   08:57   2.3   09:00   6.2   0.0   1.2   9.0  43.9   07:57    SW
06   9.3  12.2   12:01   5.3   08:33   6.2   0.0   0.6  10.8  49.0   13:41   WSW
07   9.8  12.1   02:36   5.5   09:00   5.6   0.0   4.2  12.4  52.4   03:00    SW
08   8.0   9.7   12:29   5.4   17:15   7.5   0.0  14.0  24.3  76.0   22:24     W
09   5.3   9.6   08:59  -0.6   00:06  10.2   0.0   3.6   9.4  54.1   12:02     W
10   7.3  12.3   15:26   2.5   07:08   8.2   0.0   5.4  12.7  64.2   17:05    SW
11   4.0   8.6   08:57   1.1   23:47  11.5   0.0   7.8   6.4  40.6   15:20   SSW
12   7.8   9.5   12:12   5.4   06:23   7.8   0.0  13.2  19.2  69.3   03:19     W
13   6.9   9.4   22:11   5.3   05:55   8.5   0.0  13.2  17.2  65.9   01:29     W
14   6.4   8.2   11:35   4.2   05:07   9.1   0.0   8.8  14.3  67.6   09:18   WSW
15   5.1   9.2   13:41   2.1   08:33  10.4   0.0   3.8   7.9  54.1   18:00   SSW
16   4.6   7.9   13:59   2.3   09:00  10.9   0.0   0.0   2.3  11.8   05:02   NNW
17   2.4   7.2   08:59  -1.3   05:11  12.9   0.0   0.2   1.3  35.5   08:56   SSW
18  10.2  11.4   23:22   7.1   09:00   5.3   0.0  26.4  18.9  59.1   11:05   SSE
19   9.1  11.5   10:31   6.5   08:58   6.4   0.0  31.6  11.4  55.8   13:32   SSE
20   5.6   7.6   11:49   3.0   19:03   9.9   0.0   1.2   4.7  32.1   12:35   SSW
21   7.4   9.2   12:27   5.9   09:00   8.1   0.0   8.4   9.6  47.3   04:27   WSW
22   7.8   9.1   12:25   6.5   09:00   7.7   0.0   8.4  13.1  52.4   20:53   WSW
23   8.6  10.3   08:58   6.3   18:23   6.8   0.0   1.4  10.2  45.6   08:53    SW
24   6.9  11.8   12:59  -0.1   08:38   8.6   0.0   1.6  10.9  50.7   13:59     W
25   6.2   9.4   07:12   0.1   09:00   9.3   0.0   2.8   9.6  52.4   08:24    SE
26  10.2  11.7   21:11   8.9   09:00   5.3   0.0  26.4  11.2  65.9   09:26     W
27   9.4  11.7   13:52   5.4   03:37   6.1   0.0   0.0   2.8  13.5   11:35     S
28   9.1  10.3   12:44   7.9   04:15   6.4   0.0   0.0   8.5  33.8   08:36   SSE
29   7.8   9.9   13:25   6.2   06:45   7.7   0.0   0.0   6.5  27.0   09:01     S
30   7.2  10.2   14:14   4.9   00:13   8.3   0.0   0.0   3.7  20.3   08:44     E
31   6.5   7.7   17:59   5.8   10:30   9.0   0.0   0.0   6.9  25.3   14:36    NE
----------------------------------------------------------------------------------
     6.7  12.3    10    -2.8     1   272.2   0.0 184.2   9.2  76.0     8      SW

Max >=  30.0  0
Max <=   0.0  0
Min <=   0.0  7
Min <= -18.0  0
Max Rain: 31.6 on day 19
Days of Rain: 21 (>= 0.2 mm)  19 (>= 1.0 mm)  3 (>= 25.0 mm)
Heat Base: 15.5  Cool Base: 15.5  Method: Integration