NOAA-Style Climate Reports


Report for 2020 January
                   Monthly Climatological Summary for Jan 2020

Name: Willand   City: Willand   State: Devon, UK     (9am GMT end of day)
Elevation: 79 m  Lat: N 50 53 02   Lon: W 003 22 23

                  Temperature (°C), Rain (mm), Wind Speed (km/h)

                                      Heat  Cool        Avg
    Mean                              Deg   Deg         Wind                 Dom
Day Temp  High   Time   Low    Time   Days  Days  Rain  Speed High   Time    Dir
----------------------------------------------------------------------------------
01   7.5   8.6   20:46   6.2   09:00   7.9   0.0   2.2   2.7  25.3   08:26   SSE
02   9.8  11.2   23:07   7.2   08:56   5.6   0.0   2.8  11.0  38.9   23:55    SW
03   5.0   8.4   13:37   1.4   23:25  10.4   0.0   0.0   7.4  42.2   14:39   WNW
04   6.6   8.8   12:29   4.4   00:04   8.9   0.0   1.2   5.4  25.3   11:40   WSW
05   7.6   8.4   13:16   7.0   09:00   7.8   0.0   0.0   7.1  40.6   04:04     S
06   7.5   9.8   15:23   4.6   01:10   7.9   0.0   4.4   7.5  43.9   12:34   SSW
07  11.4  13.1   20:56   8.7   09:00   4.1   0.0   0.4   9.2  35.5   21:15    SW
08  10.0  11.9   00:13   6.9   08:04   5.5   0.0   2.8   8.1  50.7   23:28     S
09   6.5   9.5   11:24   3.9   08:45   9.0   0.0  12.2   7.2  50.7   00:05   WNW
10   7.1   9.3   14:02   3.9   18:35   8.4   0.0   0.0   6.8  32.1   00:48   SSW
11  10.2  11.2   04:18   8.9   08:59   5.3   0.0   0.4  16.0  50.7   12:22   SSW
12   6.3  10.1   13:13   2.8   04:24   9.1   0.0   1.4   7.4  38.9   14:20    SW
13   7.8  10.4   17:35   5.2   05:08   7.7   0.0   5.8  14.5  59.1   14:04   SSW
14   9.3  13.2   14:06   5.9   08:53   6.2   0.0  10.6  12.4  62.5   16:00   SSW
15   7.2   9.8   13:40   4.7   23:03   8.3   0.0   0.0   9.8  47.3   14:34   SSW
16   8.9  11.6   15:59   5.1   08:45   6.6   0.0  13.2  13.1  62.5   13:22     S
17   2.5   6.4   13:34  -1.7   08:04  13.0   0.0   2.8   5.3  42.2   15:49   WSW
18   0.5   5.8   14:22  -2.4   08:23  15.0   0.0   0.0   2.6  20.3   15:24     N
19   0.4   7.2   14:32  -3.3   08:34  15.1   0.0   0.2   2.7  15.2   12:50     N
20   0.5   8.5   14:34  -3.1   09:00  14.9   0.0   0.0   2.2  11.8   15:02    NW
21   1.2   6.3   14:30  -1.9   00:44  14.3   0.0   0.2   2.6  16.9   13:30     N
22   6.3   7.3   14:35   2.1   09:00   9.2   0.0   0.0   6.6  27.0   11:50    NE
23   5.3   6.0   13:59   4.9   04:06  10.2   0.0   0.0   3.9  18.6   11:23   ENE
24   5.7   6.6   14:20   5.2   23:12   9.8   0.0   0.0   2.0  10.1   08:54   ENE
25   7.1   8.1   22:42   5.7   02:26   8.4   0.0   0.6   5.1  23.7   08:01   SSE
26   6.2   9.8   14:18   3.2   00:39   9.2   0.0   7.2   6.0  37.2   02:52   SSW
27   4.1   6.4   14:55   1.1   07:37  11.4   0.0   6.4   8.2  52.4   21:48    SW
28   3.5   5.3   13:42   1.7   07:11  11.9   0.0   1.6  10.0  47.3   11:20   WSW
29   7.7  10.4   13:25   2.6   09:00   7.8   0.0   0.6   6.4  32.1   14:12     S
30   9.6  12.4   13:12   6.4   04:53   5.9   0.0   0.8   8.5  40.6   20:59    SW
31  10.6  12.2   12:49   8.3   09:00   4.8   0.0   0.2   9.2  33.8   13:37    SW
----------------------------------------------------------------------------------
     6.4  13.2    14    -3.3    19   279.6   0.0  78.0   7.3  62.5    14      SW

Max >=  30.0  0
Max <=   0.0  0
Min <=   0.0  5
Min <= -18.0  0
Max Rain: 13.2 on day 16
Days of Rain: 22 (>= 0.2 mm)  14 (>= 1.0 mm)  0 (>= 25.0 mm)
Heat Base: 15.5  Cool Base: 15.5  Method: Integration