NOAA-Style Climate Reports


Report for 2020 February
                   Monthly Climatological Summary for Feb 2020

Name: Willand   City: Willand   State: Devon, UK     (9am GMT end of day)
Elevation: 79 m  Lat: N 50 53 02   Lon: W 003 22 23

                  Temperature (°C), Rain (mm), Wind Speed (km/h)

                                      Heat  Cool        Avg
    Mean                              Deg   Deg         Wind                 Dom
Day Temp  High   Time   Low    Time   Days  Days  Rain  Speed High   Time    Dir
----------------------------------------------------------------------------------
01   9.0  11.7   05:10   5.0   21:16   6.5   0.0   9.6  13.5  62.5   14:22   WSW
02  10.8  12.4   12:32   9.1   07:00   4.6   0.0   0.2  15.8  45.6   10:48   WSW
03   6.8   9.7   11:34   4.6   21:54   8.7   0.0   4.0  14.1  49.0   04:18     W
04   5.8   8.9   13:46   1.2   08:06   9.7   0.0   0.2   9.1  55.8   14:34   WNW
05   5.0  10.6   14:32   1.6   21:31  10.5   0.0   0.0   2.7  16.9   06:21     E
06   5.7   8.6   13:04   3.1   23:58   9.8   0.0   0.0   7.2  25.3   10:42   ESE
07   7.8  10.3   22:29   3.8   08:09   7.7   0.0   3.8   9.8  43.9   23:21     S
08   9.8  13.1   08:51   4.4   09:00   5.7   0.0   0.0  18.7  74.4   07:32   SSW
09   9.5  13.5   14:10   5.2   05:16   6.0   0.0  10.0  28.9  72.7   09:35   WSW
10   5.6   9.4   12:58   2.2   07:27   9.9   0.0   3.6  22.9  84.5   13:26   WSW
11   4.1   7.6   13:19   1.7   02:59  11.4   0.0   4.6  13.7  65.9   20:46   WSW
12   6.5   9.3   14:08   3.0   09:00   9.0   0.0  24.0  11.5  64.2   02:04   SSW
13   6.9   9.6   12:41   2.9   07:32   8.6   0.0   5.6  10.0  59.1   12:48     W
14  10.5  11.2   06:20   7.3   09:00   5.0   0.0  10.8  12.1  57.5   06:35   SSW
15  11.7  13.1   20:08   9.1   06:39   3.8   0.0  18.8  22.7  82.8   02:14   SSW
16   6.2   9.1   09:01   3.8   21:32   9.2   0.0   9.4  18.8  74.4   20:46    SW
17   5.4   9.6   13:58   3.2   00:18  10.1   0.0   5.8  13.4  57.5   16:26   WSW
18   5.7   9.4   11:40   2.7   06:13   9.8   0.0   6.0  12.9  71.0   19:56   WSW
19   8.7  10.3   14:06   4.7   09:00   6.8   0.0   1.0  10.6  47.3   08:29   SSW
20   4.8  10.9   10:21   1.3   01:58  10.6   0.0   1.6  11.6  59.1   11:48   WSW
21   9.8  11.2   15:00   7.0   09:00   5.7   0.0   0.6  18.4  52.4   08:54    SW
22  10.8  13.0   03:57   8.8   18:06   4.6   0.0   1.0  19.7  65.9   06:03   WSW
23   9.9  13.2   10:09   7.1   22:53   5.6   0.0   2.8  13.0  57.5   10:27   WSW
24   7.9  11.5   12:59   4.3   08:30   7.5   0.0   8.0  15.7  60.8   14:10   WSW
25   4.0   8.4   12:03   1.8   01:18  11.5   0.0   8.6  19.4  64.2   16:07     W
26   4.7   7.7   13:39   2.6   07:50  10.8   0.0  11.2  10.9  45.6   09:00   WNW
----------------------------------------------------------------------------------
     7.4  13.5     9     1.2     4   209.1   0.0 151.2  14.5  84.5    10     WSW

Max >=  30.0  0
Max <=   0.0  0
Min <=   0.0  0
Min <= -18.0  0
Max Rain: 24.0 on day 12
Days of Rain: 23 (>= 0.2 mm)  20 (>= 1.0 mm)  0 (>= 25.0 mm)
Heat Base: 15.5  Cool Base: 15.5  Method: Integration