NOAA-Style Climate Reports


Report for 2020 March
                   Monthly Climatological Summary for Mar 2020

Name: Willand   City: Willand   State: Devon, UK     (9am GMT end of day)
Elevation: 79 m  Lat: N 50 53 02   Lon: W 003 22 23

                  Temperature (°C), Rain (mm), Wind Speed (km/h)

                                      Heat  Cool        Avg
    Mean                              Deg   Deg         Wind                 Dom
Day Temp  High   Time   Low    Time   Days  Days  Rain  Speed High   Time    Dir
----------------------------------------------------------------------------------
01   4.8   8.0   12:23   2.0   07:03  10.7   0.0   6.4   8.1  40.6   11:05   WSW
02   3.7   8.8   13:20   0.2   05:34  11.8   0.0   0.2   9.3  45.6   12:28     W
03   5.4   9.9   12:42   2.3   09:00  10.1   0.0   2.0   7.2  37.2   12:44     W
04   6.2   9.6   14:54   3.2   08:59   9.3   0.0  11.2  13.4  40.6   04:47    NE
05   2.8   5.8   13:44  -1.1   02:43  12.7   0.0   3.2   7.5  40.6   10:44   NNW
06   5.3   8.6   13:42   2.1   23:16  10.2   0.0   0.2   6.1  37.2   14:55     W
07  10.1  13.2   12:49   6.6   07:25   5.4   0.0   2.6  14.2  59.1   23:45    SW
08   7.3  11.1   13:23   5.3   04:00   8.1   0.0   4.2  13.5  52.4   14:52   WSW
09  10.2  11.9   08:55   7.8   09:00   5.3   0.0  11.0  14.2  43.9   07:55   WSW
10  10.7  14.2   13:47   8.5   05:40   4.8   0.0   0.6  13.5  54.1   12:06   WSW
11   9.0  14.7   13:26   3.6   05:09   6.5   0.0   1.8  16.8  62.5   21:21   WSW
12   6.8   9.4   10:27   3.8   11:31   8.7   0.0   2.4  17.9  67.6   13:18   WSW
13   8.1  11.6   12:14   5.7   04:03   7.4   0.0   5.4   8.1  37.2   23:03     S
14   9.7  11.2   15:00   7.2   08:57   5.8   0.0   6.8  12.8  45.6   00:16   SSW
15   4.7   9.2   16:51  -0.6   06:11  10.8   0.0   6.0   4.4  25.3   16:53   WNW
16   7.3  12.6   14:19   3.3   22:44   8.1   0.0   0.0   5.6  23.7   14:55    SW
17  11.0  13.3   13:08   9.3   09:00   4.5   0.0   0.0   9.5  32.1   15:40   SSW
18   9.6  13.7   11:50   5.4   06:37   5.9   0.0   1.2   9.1  28.7   12:01    NW
19   5.4   6.6   16:04   4.2   03:50  10.1   0.0   0.0  16.2  40.6   23:31   NNE
20   6.7  10.0   13:06   2.9   05:29   8.8   0.0   0.0  18.3  57.5   13:11    NE
21   6.5  12.5   14:52   1.4   06:27   9.0   0.0   0.0  13.4  57.5   12:12   ENE
22   6.5  12.5   14:23   1.6   06:18   9.0   0.0   0.0  11.1  37.2   10:22    NE
23   6.0  13.2   13:41   0.5   06:20   9.5   0.0   0.0   6.0  28.7   12:59    SE
24   6.6  15.3   14:26  -1.2   05:34   8.9   0.0   0.0   5.1  30.4   14:29   SSE
25   6.3  16.4   13:34  -1.1   05:28   9.3   0.0   0.0   4.8  25.3   13:57   SSE
26   7.2  14.5   14:16   1.2   06:27   8.3   0.0   0.0   9.2  30.4   12:36   NNE
27   7.5  12.2   14:10   3.3   05:35   8.0   0.0   0.0  14.7  45.6   08:52   NNE
28   6.9  12.4   12:59   2.2   06:49   8.5   0.0   0.0  23.8  64.2   21:10   NNE
29   4.9   9.5   15:05   1.1   05:16  10.2   0.0   0.0  16.9  59.1   10:00   NNE
30   7.1  10.3   12:54   4.2   06:54   8.4   0.0   0.0  14.7  42.2   09:36   NNE
31   5.1  10.8   16:13  -1.6   06:56  10.3   0.0   0.0   9.6  37.2   10:51    NE
----------------------------------------------------------------------------------
     6.9  16.4    25    -1.6    31   264.4   0.0  65.2  11.4  67.6    12      NW

Max >=  30.0  0
Max <=   0.0  0
Min <=   0.0  5
Min <= -18.0  0
Max Rain: 11.2 on day 4
Days of Rain: 16 (>= 0.2 mm)  13 (>= 1.0 mm)  0 (>= 25.0 mm)
Heat Base: 15.5  Cool Base: 15.5  Method: Integration