NOAA-Style Climate Reports


Report for 2020 April
                   Monthly Climatological Summary for Apr 2020

Name: Willand   City: Willand   State: Devon, UK     (9am GMT end of day)
Elevation: 79 m  Lat: N 50 53 02   Lon: W 003 22 23

                  Temperature (°C), Rain (mm), Wind Speed (km/h)

                                      Heat  Cool        Avg
    Mean                              Deg   Deg         Wind                 Dom
Day Temp  High   Time   Low    Time   Days  Days  Rain  Speed High   Time    Dir
----------------------------------------------------------------------------------
01   7.7  11.0   11:13   5.8   03:38   7.8   0.0   0.0   7.4  25.3   16:35    NW
02   9.5  12.2   11:55   7.5   00:27   6.0   0.0   0.0  10.7  38.9   13:28     W
03   8.7  13.7   16:20   2.8   03:49   6.8   0.0   0.0   4.3  22.0   16:22   WNW
04  11.5  16.1   14:33   8.6   06:15   3.9   0.0   0.0  13.3  38.9   09:23    SE
05  13.0  17.3   15:43   7.6   07:21   2.8   0.2   3.0  12.6  49.0   11:05   SSE
06   8.6  16.4   15:33   1.3   06:46   6.9   0.1   0.0   6.7  32.1   16:26     W
07  12.7  18.7   14:48   8.9   00:14   3.1   0.4   0.0   5.2  30.4   15:34   ESE
08  13.7  22.8   15:25   6.4   05:22   3.4   1.7   0.0   3.5  18.6   13:17   NNE
09  15.1  24.5   15:11   7.7   06:02   3.0   2.6   0.0   5.0  22.0   14:07   ESE
10  14.3  23.3   16:17   5.6   06:15   3.6   2.4   0.0   4.5  22.0   13:47   SSE
11  14.8  26.7   14:51   5.2   06:41   3.7   3.0   0.0   2.8  22.0   14:52     S
12  14.2  22.8   14:08   7.7   05:50   3.0   1.7   0.0  11.8  57.5   04:19    NE
13   7.1  14.3   15:13   0.1   06:06   8.4   0.0   0.0  13.2  49.0   10:44    NE
14   7.1  15.1   15:10   1.1   05:44   8.4   0.0   0.0   5.0  22.0   16:25     E
15  10.2  18.5   15:44   2.5   05:02   5.7   0.4   0.0   6.6  30.4   16:14   ENE
16  13.9  21.5   15:14   8.9   09:59   3.0   1.3   4.4   7.0  32.1   14:11     E
17   9.4  11.7   16:44   7.1   06:41   6.1   0.0   2.6  10.5  33.8   11:35    NE
18  10.3  12.2   09:35   8.2   10:00   5.2   0.0   0.0   6.0  25.3   09:17    NE
19  11.7  18.6   15:30   5.7   06:22   4.3   0.5   0.0  12.0  40.6   09:14   NNE
20  12.8  19.0   16:04   8.1   05:25   3.3   0.6   0.0  17.4  45.6   13:28    NE
21  13.6  20.3   15:36   6.8   06:14   3.0   1.1   0.0  12.4  40.6   12:17   NNE
22  14.7  22.8   15:12   7.7   06:05   2.7   1.9   0.0   7.5  27.0   12:49   NNE
23  14.3  24.2   16:22   6.0   05:57   3.4   2.2   0.0   5.1  23.7   11:18   ENE
24  14.4  22.6   14:25   7.1   07:15   2.7   1.6   0.0   3.0  20.3   15:21   SSE
25  11.2  19.7   14:49   5.2   05:16   4.8   0.5   0.0   4.3  25.3   12:25   SSE
26  12.6  19.8   13:04   6.4   00:31   3.9   1.0   0.0   3.7  23.7   12:22   SSE
27  12.7  16.8   16:16   9.1   09:04   2.9   0.1   4.6   4.5  18.6   18:58   NNE
28   8.3  10.7   14:05   4.9   01:29   7.2   0.0   5.4   4.2  38.9   09:34    NE
29   9.2  15.3   15:30   4.4   03:34   6.2   0.0   7.6  11.1  45.6   10:34   SSW
30   9.4  12.7   17:08   7.2   04:51   6.1   0.0   5.2   9.6  43.9   14:26   WSW
----------------------------------------------------------------------------------
    11.6  26.7    11     0.1    13   141.3  23.3  32.8   7.7  57.5    12     ENE

Max >=  30.0  0
Max <=   0.0  0
Min <=   0.0  0
Min <= -18.0  0
Max Rain: 7.6 on day 29
Days of Rain: 7 (>= 0.2 mm)  7 (>= 1.0 mm)  0 (>= 25.0 mm)
Heat Base: 15.5  Cool Base: 15.5  Method: Integration