NOAA-Style Climate Reports


Report for 2020 June
                   Monthly Climatological Summary for Jun 2020

Name: Willand   City: Willand   State: Devon, UK     (9am GMT end of day)
Elevation: 79 m  Lat: N 50° 53' 02"   Lon: W 003° 22' 23"

                  Temperature (°C), Rain (mm), Wind Speed (km/h)

                                      Heat  Cool        Avg
    Mean                              Deg   Deg         Wind                 Dom
Day Temp  High   Time   Low    Time   Days  Days  Rain  Speed High   Time    Dir
----------------------------------------------------------------------------------
01  19.6  27.1   16:26  11.4   04:00   0.9   5.0   0.0   7.1  32.1   13:07   NNE
02  20.3  28.3   14:50  14.1   05:28   0.3   5.0   0.0   5.1  23.7   13:51   NNW
03  12.7  15.9   14:36   8.6   05:26   2.8   0.0   4.2   9.3  38.9   20:13     N
04  12.8  15.9   13:46  10.9   06:07   2.7   0.0   0.2  10.6  38.9   09:24   WNW
05  11.0  17.3   15:08   5.4   03:33   4.6   0.1   0.8  12.1  45.6   11:44   WNW
06  10.5  15.4   09:48   7.6   05:41   5.0   0.0   0.4   9.6  50.7   10:21     W
07  13.9  19.0   15:16   9.3   01:40   2.3   0.7   0.0   7.3  30.4   18:14    NW
08  13.6  21.7   13:28   5.6   05:21   3.0   1.2   0.0   4.7  23.7   15:11   WNW
09  14.2  19.6   12:49  10.8   05:44   2.2   0.9   0.2   6.6  27.0   16:13     W
10  12.6  16.7   12:56  10.1   01:11   3.0   0.1  20.2   8.4  35.5   07:36   ESE
11  13.7  17.6   14:43  11.8   00:14   1.9   0.1  13.6  15.0  42.2   14:57   NNE
12  13.8  19.7   12:41   9.7   01:22   2.3   0.6  12.6   9.9  45.6   12:21    NE
13  13.9  20.4   13:29   9.5   05:19   2.1   0.5  10.8   6.0  35.5   10:39   ESE
14  15.7  21.6   15:54  10.8   04:44   1.7   1.9   0.0   5.3  27.0   13:37   SSE
15  17.0  23.0   15:33  11.4   04:14   1.1   2.7   0.0   3.5  20.3   13:04   SSE
16  16.8  23.2   15:21  11.7   01:49   1.3   2.6   0.0   4.0  23.7   15:45   SSE
17  15.5  20.9   16:34  12.7   05:37   1.0   1.0   4.2   2.9  22.0   17:58     W
18  13.8  16.4   14:09  11.8   04:09   1.8   0.1  40.0   7.2  32.1   07:40    SW
19  14.9  19.1   16:41  12.0   00:25   1.2   0.6   2.0   7.0  28.7   10:09    SW
20  15.8  20.4   16:29  13.2   05:53   0.8   1.1   4.0  10.8  37.2   11:56   SSE
21  14.2  19.4   16:56   7.8   04:48   2.5   1.2   0.2   8.4  43.9   15:39   WSW
22  17.3  22.3   14:30  11.9   03:57   1.0   2.8   0.0   7.1  40.6   18:39     S
23  19.4  25.7   16:57  11.7   05:07   0.8   4.6   0.0   4.9  28.7   13:14   SSE
24  22.6  31.0   15:02  13.9   05:26   0.2   7.3   0.0   4.9  27.0   14:22   ESE
25  23.0  31.2   14:00  15.3   05:18   0.0   7.5   0.4   4.3  30.4   14:40   SSE
26  17.7  23.9   13:30  13.9   04:42   0.4   2.6   7.8   9.4  37.2   01:11     S
27  14.5  18.7   11:27  11.1   05:26   1.7   0.7   1.2  13.1  47.3   17:27   WSW
28  14.3  19.0   15:07  11.3   02:37   1.8   0.5   0.6  15.0  47.3   15:34   WSW
29  14.4  18.4   15:55  11.1   02:23   1.5   0.5   1.4  11.6  52.4   12:50   WSW
30  16.1  20.6   17:58  13.4   05:21   0.5   1.1   0.6   6.4  27.0   16:32    SW
----------------------------------------------------------------------------------
    15.5  31.2    25     5.4     5    52.4  53.0 125.4   7.9  52.4    29     WSW

Max >=  30.0  2
Max <=   0.0  0
Min <=   0.0  0
Min <= -18.0  0
Max Rain: 40.0 on day 18
Days of Rain: 20 (>= 0.2 mm)  12 (>= 1.0 mm)  1 (>= 25.0 mm)
Heat Base: 15.5  Cool Base: 15.5  Method: Integration