NOAA-Style Climate Reports
Select a Year or Month report
2024: Jan Feb Mar Apr May Jun Jul Aug Sep Oct Nov Dec
2023: Jan Feb Mar Apr May Jun Jul Aug Sep Oct Nov Dec
2022: Jan Feb Mar Apr May Jun Jul Aug Sep Oct Nov Dec
2021: Jan Feb Mar Apr May Jun Jul Aug Sep Oct Nov Dec
2020: Jan Feb Mar Apr May Jun Jul Aug Sep Oct Nov Dec
2019: Jan Feb Mar Apr May Jun Jul Aug Sep Oct Nov Dec
2018: Jan Feb Mar Apr May Jun Jul Aug Sep Oct Nov Dec
2017: Jan Feb Mar Apr May Jun Jul Aug Sep Oct Nov Dec
2016: Jan Feb Mar Apr May Jun Jul Aug Sep Oct Nov Dec
2015: Jan Feb Mar Apr May Jun Jul Aug Sep Oct Nov Dec
2014: Jan Feb Mar Apr May Jun Jul Aug Sep Oct Nov Dec
2013: Jan Feb Mar Apr May Jun Jul Aug Sep Oct Nov Dec
2012: Jan Feb Mar Apr May Jun Jul Aug Sep Oct Nov Dec
2011: Jan Feb Mar Apr May Jun Jul Aug Sep Oct Nov Dec
2010: Jan Feb Mar Apr May Jun Jul Aug Sep Oct Nov Dec
2009: Jan Feb Mar Apr May Jun Jul Aug Sep Oct Nov Dec
2008: Jan Feb Mar Apr May Jun Jul Aug Sep Oct Nov Dec
2007: Jan Feb Mar Apr May Jun Jul Aug Sep Oct Nov Dec
2006: Jan Feb Mar Apr May Jun Jul Aug Sep Oct Nov Dec
2005: Jan Feb Mar Apr May Jun Jul Aug Sep Oct Nov Dec
2004: Jan Feb Mar Apr May Jun Jul Aug Sep Oct Nov Dec
2024: Jan Feb Mar Apr May Jun Jul Aug Sep Oct Nov Dec
2023: Jan Feb Mar Apr May Jun Jul Aug Sep Oct Nov Dec
2022: Jan Feb Mar Apr May Jun Jul Aug Sep Oct Nov Dec
2021: Jan Feb Mar Apr May Jun Jul Aug Sep Oct Nov Dec
2020: Jan Feb Mar Apr May Jun Jul Aug Sep Oct Nov Dec
2019: Jan Feb Mar Apr May Jun Jul Aug Sep Oct Nov Dec
2018: Jan Feb Mar Apr May Jun Jul Aug Sep Oct Nov Dec
2017: Jan Feb Mar Apr May Jun Jul Aug Sep Oct Nov Dec
2016: Jan Feb Mar Apr May Jun Jul Aug Sep Oct Nov Dec
2015: Jan Feb Mar Apr May Jun Jul Aug Sep Oct Nov Dec
2014: Jan Feb Mar Apr May Jun Jul Aug Sep Oct Nov Dec
2013: Jan Feb Mar Apr May Jun Jul Aug Sep Oct Nov Dec
2012: Jan Feb Mar Apr May Jun Jul Aug Sep Oct Nov Dec
2011: Jan Feb Mar Apr May Jun Jul Aug Sep Oct Nov Dec
2010: Jan Feb Mar Apr May Jun Jul Aug Sep Oct Nov Dec
2009: Jan Feb Mar Apr May Jun Jul Aug Sep Oct Nov Dec
2008: Jan Feb Mar Apr May Jun Jul Aug Sep Oct Nov Dec
2007: Jan Feb Mar Apr May Jun Jul Aug Sep Oct Nov Dec
2006: Jan Feb Mar Apr May Jun Jul Aug Sep Oct Nov Dec
2005: Jan Feb Mar Apr May Jun Jul Aug Sep Oct Nov Dec
2004: Jan Feb Mar Apr May Jun Jul Aug Sep Oct Nov Dec
Report for 2020 August
Monthly Climatological Summary for Aug 2020 Name: Willand City: Willand State: Devon, UK (9am GMT end of day) Elevation: 79 m Lat: N 50° 53' 02" Lon: W 003° 22' 23" Temperature (°C), Rain (mm), Wind Speed (km/h) Heat Cool Avg Mean Deg Deg Wind Dom Day Temp High Time Low Time Days Days Rain Speed High Time Dir ---------------------------------------------------------------------------------- 01 15.9 20.8 16:00 11.8 05:38 1.1 0.0 0.0 7.4 32.1 16:13 W 02 14.2 21.2 14:21 8.1 05:55 2.5 0.0 2.6 4.9 28.7 17:34 W 03 14.1 20.9 16:16 7.4 03:25 3.0 0.0 0.0 6.5 32.1 12:56 WNW 04 17.7 20.6 14:15 16.1 10:00 0.0 0.0 0.0 7.2 30.4 14:09 SSW 05 18.3 20.9 11:09 16.6 05:03 0.0 0.0 1.0 6.4 37.2 13:53 S 06 17.5 23.4 17:24 12.6 06:54 0.5 0.0 1.8 4.4 25.3 12:49 SSE 07 20.8 28.6 17:17 13.1 06:12 0.2 1.7 0.8 2.9 23.7 09:21 NW 08 21.8 30.2 16:39 15.7 05:58 0.0 2.0 0.0 6.3 27.0 13:12 N 09 20.8 25.9 16:41 17.1 02:14 0.0 0.8 0.0 6.4 27.0 08:02 N 10 20.0 26.7 17:15 15.0 04:31 0.0 0.6 0.0 4.0 32.1 14:36 N 11 24.5 33.3 17:21 17.8 06:12 0.0 3.7 0.0 3.7 18.6 18:11 NE 12 24.6 33.7 16:26 18.5 05:37 0.0 3.7 0.0 4.3 25.3 10:48 SE 13 21.5 28.2 14:13 18.6 06:19 0.0 1.1 1.2 4.6 27.0 14:45 NNE 14 19.3 24.2 15:15 17.8 06:30 0.0 0.1 0.0 3.8 20.3 16:20 NNE 15 17.7 19.3 09:17 16.9 22:02 0.0 0.0 6.8 4.7 20.3 15:07 NE 16 16.5 20.6 12:57 12.8 00:37 0.8 0.0 0.0 2.4 18.6 10:26 SSE 17 16.6 21.8 11:49 12.9 06:31 0.6 0.0 7.8 3.3 20.3 13:10 SSW 18 19.0 24.0 15:05 15.7 23:39 0.0 0.1 17.2 7.4 43.9 10:00 SSE 19 16.9 19.9 13:39 11.6 06:11 0.6 0.0 11.6 10.4 50.7 22:42 SSE 20 17.9 21.4 12:30 15.6 07:03 0.0 0.0 2.4 15.8 60.8 01:04 S 21 17.1 21.8 12:59 13.7 06:30 0.3 0.0 0.0 14.1 50.7 10:17 SW 22 16.8 21.3 14:19 14.6 00:57 0.3 0.0 0.0 14.4 49.0 13:31 WSW 23 15.5 19.2 14:11 13.2 01:47 0.7 0.0 3.8 7.7 37.2 14:31 WSW 24 17.7 22.8 14:39 14.9 03:11 0.0 0.0 17.6 9.9 57.5 06:02 S 25 16.7 21.1 14:59 14.7 06:26 0.1 0.0 0.2 21.6 65.9 15:13 WSW 26 14.8 20.2 13:09 10.4 06:54 1.9 0.0 1.4 6.6 32.1 15:47 W 27 14.2 18.9 16:51 12.2 05:06 1.6 0.0 25.6 5.2 27.0 11:32 SSW 28 13.5 19.9 14:13 9.1 06:08 2.6 0.0 3.2 9.1 33.8 16:18 NNW 29 13.7 18.1 13:46 10.3 07:00 2.2 0.0 0.0 8.4 35.5 15:51 NNW 30 12.9 19.3 15:37 8.1 02:54 3.3 0.0 0.0 4.3 30.4 10:27 N 31 13.7 20.7 14:19 7.1 06:26 3.1 0.0 0.0 3.6 23.7 16:07 SE ---------------------------------------------------------------------------------- 17.5 33.7 12 7.1 31 25.4 13.8 105.0 7.1 65.9 25 SW Max >= 30.0 3 Max <= 0.0 0 Min <= 0.0 0 Min <= -18.0 0 Max Rain: 25.6 on day 27 Days of Rain: 16 (>= 0.2 mm) 14 (>= 1.0 mm) 1 (>= 25.0 mm) Heat Base: 15.5 Cool Base: 22.0 Method: Integration