NOAA-Style Climate Reports


Report for 2020 October
                   Monthly Climatological Summary for Oct 2020

Name: Willand   City: Willand   State: Devon, UK     (9am GMT end of day)
Elevation: 79 m  Lat: N 50° 53' 02"   Lon: W 003° 22' 23"

                  Temperature (°C), Rain (mm), Wind Speed (km/h)

                                      Heat  Cool        Avg
    Mean                              Deg   Deg         Wind                 Dom
Day Temp  High   Time   Low    Time   Days  Days  Rain  Speed High   Time    Dir
----------------------------------------------------------------------------------
01  10.6  15.3   13:48   9.0   23:18   4.9   0.0  18.6   8.8  59.1   09:41   NNE
02  11.9  13.4   15:31  10.3   10:00   3.6   0.0  18.0  16.9  57.5   11:03     N
03  10.4  12.0   11:22   9.1   08:49   5.1   0.0  13.6  12.3  35.5   17:26   WNW
04   8.8  11.5   18:55   5.6   05:16   6.7   0.0   7.2   9.2  52.4   15:50     W
05  12.0  13.8   14:06  10.7   10:00   3.5   0.0   3.2  11.2  37.2   12:02   WSW
06  11.6  15.2   13:01   8.1   07:21   3.9   0.0   0.6  12.0  54.1   14:29     W
07  14.3  15.8   15:02  11.7   10:00   1.2   0.0   5.0   8.3  33.8   06:24    SW
08   9.2  14.9   10:03   2.8   07:32   6.3   0.0   0.0   5.3  35.5   10:29     W
09   7.0  13.6   14:11   1.6   07:20   8.5   0.0   2.2   5.2  32.1   15:58     W
10  10.2  13.8   15:14   7.4   21:34   5.3   0.0   0.0   8.0  40.6   15:42   WNW
11   8.9  14.8   14:43   4.4   03:13   6.6   0.0   0.2   4.2  30.4   12:05    NW
12   9.5  12.5   15:54   6.5   06:33   5.9   0.0   6.4   6.4  37.2   22:44   WNW
13   9.6  12.1   14:35   7.9   07:55   5.9   0.0   1.0   9.6  33.8   04:35     N
14  10.0  15.4   14:36   4.9   06:03   5.5   0.0   0.0  10.4  37.2   14:08   NNE
15   8.1  14.0   14:21   3.8   04:25   7.4   0.0   0.0   6.5  33.8   13:15   NNE
16   9.8  12.6   13:21   7.8   04:22   5.6   0.0   0.0   5.9  22.0   07:37    NE
17  10.5  14.1   14:09   8.7   07:33   5.0   0.0   0.0   4.9  23.7   12:50    NE
18   8.7  13.0   16:58   5.3   04:38   6.8   0.0   0.0   1.3  27.0   09:35   ENE
19  13.5  14.6   12:27  12.5   18:02   2.0   0.0   4.0  12.1  45.6   09:08   SSE
20  14.5  16.7   13:52  13.6   08:32   1.1   0.0  24.4   6.8  42.2   10:55   SSE
21  12.7  15.7   15:22  10.6   02:39   2.8   0.0   2.2   5.7  35.5   19:53    SW
----------------------------------------------------------------------------------
    10.6  16.7    20     1.6     9   103.6   0.0 106.6   8.1  59.1     1      NW

Max >=  30.0  0
Max <=   0.0  0
Min <=   0.0  0
Min <= -18.0  0
Max Rain: 24.4 on day 20
Days of Rain: 14 (>= 0.2 mm)  12 (>= 1.0 mm)  0 (>= 25.0 mm)
Heat Base: 15.5  Cool Base: 22.0  Method: Integration