NOAA-Style Climate Reports


Report for 2021 May
                   Monthly Climatological Summary for May 2021

Name: Willand   City: Willand   State: Devon, UK     (9am GMT end of day)
Elevation: 79 m  Lat: N 50° 53' 02"   Lon: W 003° 22' 23"

                  Temperature (°C), Rain (mm), Wind Speed (km/h)

                                      Heat  Cool        Avg
    Mean                              Deg   Deg         Wind                 Dom
Day Temp  High   Time   Low    Time   Days  Days  Rain  Speed High   Time    Dir
----------------------------------------------------------------------------------
01   5.7  14.4   14:51  -0.7   05:58   9.9   0.0   2.6   3.7  28.7   12:12   NNW
02   8.4  15.6   15:51   2.4   03:06   7.1   0.0   0.0   4.6  42.2   09:52   SSW
03   9.5  12.0   13:48   7.7   05:34   6.0   0.0   4.0  21.8  64.2   03:19   WSW
04   7.4  12.1   13:15   1.7   05:43   8.1   0.0   0.6  13.8  47.3   12:13     W
05   6.1  11.7   15:07   0.7   03:56   9.4   0.0   0.0   8.5  38.9   11:57     W
06   6.4  13.6   15:21  -0.9   05:31   9.0   0.0   0.0   6.0  32.1   17:45    NW
07  11.1  16.2   13:48   7.4   01:20   4.2   0.0  14.6  11.4  40.6   04:05   SSE
08  12.6  14.9   14:18   9.8   06:00   2.9   0.0  10.0  13.9  50.7   16:17   SSW
09  12.0  17.6   13:03   9.1   04:47   3.6   0.0   3.0   9.6  45.6   09:01     S
10  10.4  16.7   14:14   5.2   03:01   5.2   0.0   1.6   9.4  49.0   12:18   SSW
----------------------------------------------------------------------------------
     9.0  17.6     9    -0.9     6    65.4   0.0  36.4  10.3  64.2     3      SW

Max >=  30.0  0
Max <=   0.0  0
Min <=   0.0  2
Min <= -18.0  0
Max Rain: 14.6 on day 7
Days of Rain: 7 (>= 0.2 mm)  6 (>= 1.0 mm)  0 (>= 25.0 mm)
Heat Base: 15.5  Cool Base: 22.0  Method: Integration