NOAA-Style Climate Reports


Report for 2021 July
                   Monthly Climatological Summary for Jul 2021

Name: Willand   City: Willand   State: Devon, UK     (9am GMT end of day)
Elevation: 79 m  Lat: N 50° 53' 02"   Lon: W 003° 22' 23"

                  Temperature (°C), Rain (mm), Wind Speed (km/h)

                                      Heat  Cool        Avg
    Mean                              Deg   Deg         Wind                 Dom
Day Temp  High   Time   Low    Time   Days  Days  Rain  Speed High   Time    Dir
----------------------------------------------------------------------------------
01  16.8  21.8   14:13  11.5   04:18   1.0   0.0   0.0   7.7  30.0   17:05     W
02  17.3  23.6   13:01  13.9   01:30   0.5   0.1   1.6   4.1  29.0   09:13   SSE
03  17.3  22.0   17:33  14.4   05:04   0.1   0.0   5.0   6.5  32.0   16:26     S
04  15.4  20.7   17:29  10.4   04:18   1.2   0.0   6.8   7.0  35.0   15:55    SW
05  14.0  19.2   12:40  11.0   05:53   2.1   0.0  10.2   8.4  37.0   09:19   SSE
06  15.6  19.9   15:15  13.4   22:13   0.7   0.0   1.4   9.5  41.0   11:30    SW
07  15.8  20.3   13:09  12.8   01:47   0.8   0.0   5.4   4.1  32.0   13:30   SSW
08  16.5  23.1   13:05  11.0   03:43   1.1   0.0   0.2   3.9  22.0   13:35   WSW
09  15.2  18.9   11:30  12.4   05:41   1.2   0.0   4.4   4.8  20.0   12:13   SSE
10  16.2  22.3   18:36  13.0   03:48   0.8   0.0   1.2   4.6  22.0   09:15   SSE
11  14.5  16.9   11:55  13.7   21:13   1.1   0.0  24.6   5.7  29.0   12:20    SE
12  17.3  23.2   15:19  13.7   05:31   0.4   0.0   0.0   6.0  27.0   19:18   NNW
13  18.5  24.2   16:41  12.1   04:43   0.6   0.3   0.0   7.4  30.0   19:58   WNW
14  17.9  23.9   09:59  11.1   05:31   0.9   0.1   0.0   6.7  30.0   12:15    NW
15  20.1  26.6   14:50  12.5   05:29   0.5   1.3   0.0   4.6  25.0   10:48     N
16  22.8  28.2   17:25  16.7   05:53   0.0   2.3   0.0   5.2  24.0   13:26   NNE
17  22.2  29.5   15:50  14.0   05:47   0.2   2.8   0.0   4.5  24.0   13:22    NE
18  23.1  31.3   16:52  14.1   05:41   0.1   3.5   0.0   3.6  20.0   14:11   SSE
19  23.0  31.2   16:34  13.5   04:52   0.2   3.5   0.0   3.7  22.0   14:12   SSE
20  23.8  32.8   16:21  14.9   05:34   0.0   3.8   0.0   3.4  17.0   13:48   SSW
21  24.0  33.5   15:46  14.9   05:42   0.0   4.0   0.0   2.8  19.0   17:24   NNE
22  22.2  30.5   13:25  14.9   04:57   0.0   2.6   0.0   5.3  29.0   14:42    SE
23  20.2  27.6   15:11  14.5   05:56   0.2   1.4   8.0  14.0  49.0   22:21    NE
----------------------------------------------------------------------------------
    18.7  33.5    21    10.4     4    13.7  25.7  68.8   5.8  49.0    23     SSW

Max >=  30.0  5
Max <=   0.0  0
Min <=   0.0  0
Min <= -18.0  0
Max Rain: 24.6 on day 11
Days of Rain: 11 (>= 0.2 mm)  10 (>= 1.0 mm)  0 (>= 25.0 mm)
Heat Base: 15.5  Cool Base: 22.0  Method: Integration